{"id":19870,"date":"2021-03-06T16:52:52","date_gmt":"2021-03-06T15:52:52","guid":{"rendered":"http:\/\/soeurs-de-la-presentation-de-marie.org\/pom\/?page_id=19870"},"modified":"2021-03-06T17:28:09","modified_gmt":"2021-03-06T16:28:09","slug":"la-mision","status":"publish","type":"page","link":"https:\/\/soeurs-de-la-presentation-de-marie.org\/pom\/la-mision\/","title":{"rendered":"La Misi\u00f3n"},"content":{"rendered":"<div class=\"wpb-content-wrapper\"><p>[vc_row row_space=&#8221;remove_padding_bottom&#8221;][vc_column][vc_custom_heading text=&#8221;&#8220; Me gustar\u00eda tener mil vidas&#8230;&#8220;<br \/>\n&#8211; Maria Rivier -&#8221; font_container=&#8221;tag:h2|font_size:36|text_align:right|color:%230066bf|line_height:1.8&#8243; google_fonts=&#8221;font_family:Amarante%3Aregular|font_style:400%20regular%3A400%3Anormal&#8221;][\/vc_column][\/vc_row][vc_row row_space=&#8221;remove_padding_top&#8221;][vc_column width=&#8221;1\/4&#8243;][vc_column_text]&nbsp;<\/p>\n<p><img loading=\"lazy\" decoding=\"async\" class=\"wp-image-19403 aligncenter\" src=\"https:\/\/soeurs-de-la-presentation-de-marie.org\/pom\/wp-content\/uploads\/2021\/02\/Marie-Rivier-08.jpg\" alt=\"\" width=\"759\" height=\"1127\">[\/vc_column_text][\/vc_column][vc_column width=&#8221;3\/4&#8243;][vc_column_text]&nbsp;<\/p>\n<p><span style=\"color: #003366;\">&nbsp;<\/span><\/p>\n<p><span style=\"color: #003366;\">Desde el momento en que Mar\u00eda Rivier so\u00f1\u00f3 con su &#8220;escuela y su convento&#8221;, fue consciente de que quer\u00eda vivir esta misi\u00f3n en comunidad con compa\u00f1eras. Su visi\u00f3n de la misi\u00f3n no era estar sola, sino con las dem\u00e1s. A menudo dec\u00eda a sus futuras compa\u00f1eras: <em>&#8220;Junt\u00e9monos, y ense\u00f1aremos a los ni\u00f1os peque\u00f1os&#8221;. <\/em>Sus compa\u00f1eras descubrieron su vocaci\u00f3n a trav\u00e9s de estas palabras de la joven fundadora. (Mourret, p. 101)<\/span><\/p>\n<p><span style=\"color: #003366;\">Mientras que las escuelas cat\u00f3licas eran cerradas durante la Revoluci\u00f3n Francesa, esta peque\u00f1a mujer de Dios fund\u00f3 escuelas y educ\u00f3 en la fe a los ni\u00f1os de su regi\u00f3n de Francia. Mientras se compromet\u00eda en las escuelas con los ni\u00f1os, tambi\u00e9n hac\u00eda el catecismo en la parroquia y se ocupaba de los pobres, de los hu\u00e9rfanos y de los enfermos. \u00a1Tambi\u00e9n daba clases de religi\u00f3n a las madres de su tiempo! Mar\u00eda Rivier daba ya a las mujeres y a las madres las orientaciones para encontrar su leg\u00edtimo lugar en la sociedad y en la Iglesia. Hab\u00eda entendido que la evangelizaci\u00f3n desempe\u00f1a un papel esencial en el desarrollo de la humanidad.<\/span>[\/vc_column_text][\/vc_column][\/vc_row][vc_row row_space=&#8221;remove_padding_top&#8221;][vc_column width=&#8221;2\/3&#8243;][vc_column_text]<span style=\"color: #003366;\">Los primeros apostolados de Mar\u00eda Rivier y de sus compa\u00f1eras se han desarrollado y extendido, y hoy se encuentran en diferentes partes de la Congregaci\u00f3n, hoy en d\u00eda presente en 19 pa\u00edses. Su misi\u00f3n de dar a conocer y hacer amar a Jesucristo ha adquirido muchos rostros en los 225 a\u00f1os de existencia. &nbsp;<em>Mientras exista un rinc\u00f3n de tierra donde Jesucristo no sea conocido y amado, las hijas de la Mujer Ap\u00f3stol no podr\u00e1n descansar.<\/em><\/span><\/p>\n<p><span style=\"color: #003366;\">Su fuego apost\u00f3lico se extendi\u00f3, mucho m\u00e1s all\u00e1 de su imaginaci\u00f3n, en la Francia del siglo XVIII. A su muerte en 1838, esta peque\u00f1a mujer de Dios discapacitada, Mar\u00eda Rivier, hab\u00eda fundado 141 escuelas en la regi\u00f3n monta\u00f1osa del Ard\u00e8che. Su ejemplar compromiso misionero al servicio del Evangelio se gan\u00f3 el coraz\u00f3n del Papa P\u00edo IX, que en 1853 la proclamaba Mujer Ap\u00f3stol.<\/span><\/p>\n<p><span style=\"color: #003366;\">Hoy, la misi\u00f3n de la Mujer Ap\u00f3stol encuentra su pleno desarrollo en la creatividad y el ingenio de sus hijas. Con fidelidad creativa, las Hermanas de la Presentaci\u00f3n de Mar\u00eda siguen dando a conocer y haciendo amar a Jesucristo, adapt\u00e1ndose constantemente a las necesidades actuales, permaneciendo fieles a su herencia cat\u00f3lica de la fe cristiana.<\/span>[\/vc_column_text][vc_empty_space height=&#8221;90px&#8221;][vc_custom_heading text=&#8221;LA PRESENCIA DE PM EN EL MUNDO&#8221; font_container=&#8221;tag:h2|font_size:40|text_align:center|color:%230066bf&#8221; google_fonts=&#8221;font_family:Amarante%3Aregular|font_style:400%20regular%3A400%3Anormal&#8221;][\/vc_column][vc_column width=&#8221;1\/3&#8243;][vc_column_text]<img loading=\"lazy\" decoding=\"async\" class=\"aligncenter wp-image-19415 size-full\" src=\"https:\/\/soeurs-de-la-presentation-de-marie.org\/pom\/wp-content\/uploads\/2021\/02\/Marie-Rivier-07-1.jpg\" alt=\"\" width=\"800\" height=\"1270\">[\/vc_column_text][\/vc_column][\/vc_row][vc_row row_space=&#8221;remove_padding_top&#8221;][vc_column][vc_row_inner][vc_column_inner width=&#8221;1\/2&#8243;][vc_custom_heading text=&#8221;EUROPA&#8221; font_container=&#8221;tag:h2|font_size:36|text_align:left|color:%230066bf&#8221; google_fonts=&#8221;font_family:Almendra%3Aregular%2Citalic%2C700%2C700italic|font_style:400%20regular%3A400%3Anormal&#8221;][vc_column_text]<\/p>\n<h3><span style=\"color: #003366;\">Provincia de FRANCIA<\/span><\/h3>\n<h3><span style=\"color: #003366;\">Provincia de ESPA\u00d1A<\/span><\/h3>\n<h3><span style=\"color: #003366;\">Provincia de PORTUGAL<\/span><\/h3>\n<h3><span style=\"color: #003366;\">Casa General, ITALIA<\/span><\/h3>\n<h3><span style=\"color: #003366;\">INGLATERRA<\/span><\/h3>\n<h3><span style=\"color: #003366;\">SUIZA<\/span><\/h3>\n<h3><span style=\"color: #003366;\">IRLANDA<\/span><\/h3>\n<p>&nbsp;[\/vc_column_text][vc_custom_heading text=&#8221;ASIA&#8221; font_container=&#8221;tag:h2|font_size:36|text_align:left|color:%230066bf&#8221; google_fonts=&#8221;font_family:Almendra%3Aregular%2Citalic%2C700%2C700italic|font_style:400%20regular%3A400%3Anormal&#8221;][vc_column_text css_animation=&#8221;none&#8221;]<\/p>\n<h3><span style=\"color: #003366;\">Provincia de FILIPINAS<\/span><\/h3>\n<h3><span style=\"color: #003366;\">Misi\u00f3n de JAP\u00d3N<\/span><\/h3>\n<h3><span style=\"color: #003366;\">VIET NAM<\/span><\/h3>\n<p>[\/vc_column_text][\/vc_column_inner][vc_column_inner width=&#8221;1\/2&#8243;][vc_custom_heading text=&#8221;LAS AM\u00c9RICAS&#8221; font_container=&#8221;tag:h2|font_size:36|text_align:left|color:%230066bf&#8221; google_fonts=&#8221;font_family:Almendra%3Aregular%2Citalic%2C700%2C700italic|font_style:400%20regular%3A400%3Anormal&#8221;][vc_column_text]<\/p>\n<h3><span style=\"color: #003366;\">Provincia de QUEBEC, CANADA<\/span><\/h3>\n<h3><span style=\"color: #003366;\">Provincia de PRINCE ALBERT, CANADA<\/span><\/h3>\n<h3><span style=\"color: #003366;\">Provincia de ESTADOS UNIDOS<\/span><\/h3>\n<h3><span style=\"color: #003366;\">Regi\u00f3n de PERU<\/span><\/h3>\n<h3><span style=\"color: #003366;\">Misi\u00f3n de BRASIL<\/span><\/h3>\n<p>[\/vc_column_text][vc_empty_space height=&#8221;100px&#8221;][vc_custom_heading text=&#8221;AFRICA&#8221; font_container=&#8221;tag:h2|font_size:36|text_align:left|color:%230066bf&#8221; google_fonts=&#8221;font_family:Almendra%3Aregular%2Citalic%2C700%2C700italic|font_style:400%20regular%3A400%3Anormal&#8221;][vc_column_text]<\/p>\n<h3><span style=\"color: #003366;\">Provincia de SENEGAL-BURKINA FASO<\/span><\/h3>\n<h3><span style=\"color: #003366;\">Provincia de MOZAMBIQUE<\/span><\/h3>\n<h3><span style=\"color: #003366;\">Regi\u00f3n de GAMBIA-GHANA<\/span><\/h3>\n<h3><span style=\"color: #003366;\">Misi\u00f3n de CAMERUN<\/span><\/h3>\n<p>&nbsp;<\/p>\n<p>&nbsp;[\/vc_column_text][\/vc_column_inner][\/vc_row_inner][\/vc_column][\/vc_row]<\/p>\n<\/div>","protected":false},"excerpt":{"rendered":"<p>[vc_row row_space=&#8221;remove_padding_bottom&#8221;][vc_column][vc_custom_heading text=&#8221;&#8220; Me gustar\u00eda tener mil vidas&#8230;&#8220; &#8211; Maria Rivier -&#8221; font_container=&#8221;tag:h2|font_size:36|text_align:right|color:%230066bf|line_height:1.8&#8243; google_fonts=&#8221;font_family:Amarante%3Aregular|font_style:400%20regular%3A400%3Anormal&#8221;][\/vc_column][\/vc_row][vc_row row_space=&#8221;remove_padding_top&#8221;][vc_column width=&#8221;1\/4&#8243;][vc_column_text]&nbsp; [\/vc_column_text][\/vc_column][vc_column width=&#8221;3\/4&#8243;][vc_column_text]&nbsp; &nbsp; Desde el momento en que Mar\u00eda Rivier so\u00f1\u00f3 con su &#8220;escuela y su convento&#8221;, fue consciente de que quer\u00eda vivir esta misi\u00f3n en comunidad con compa\u00f1eras. Su visi\u00f3n de la misi\u00f3n no era estar sola, sino [&hellip;]<\/p>\n","protected":false},"author":6,"featured_media":0,"parent":0,"menu_order":0,"comment_status":"closed","ping_status":"closed","template":"","meta":{"ngg_post_thumbnail":0,"footnotes":""},"lang":"es","translations":{"es":19870},"pll_sync_post":[],"_links":{"self":[{"href":"https:\/\/soeurs-de-la-presentation-de-marie.org\/pom\/wp-json\/wp\/v2\/pages\/19870"}],"collection":[{"href":"https:\/\/soeurs-de-la-presentation-de-marie.org\/pom\/wp-json\/wp\/v2\/pages"}],"about":[{"href":"https:\/\/soeurs-de-la-presentation-de-marie.org\/pom\/wp-json\/wp\/v2\/types\/page"}],"author":[{"embeddable":true,"href":"https:\/\/soeurs-de-la-presentation-de-marie.org\/pom\/wp-json\/wp\/v2\/users\/6"}],"replies":[{"embeddable":true,"href":"https:\/\/soeurs-de-la-presentation-de-marie.org\/pom\/wp-json\/wp\/v2\/comments?post=19870"}],"version-history":[{"count":12,"href":"https:\/\/soeurs-de-la-presentation-de-marie.org\/pom\/wp-json\/wp\/v2\/pages\/19870\/revisions"}],"predecessor-version":[{"id":19880,"href":"https:\/\/soeurs-de-la-presentation-de-marie.org\/pom\/wp-json\/wp\/v2\/pages\/19870\/revisions\/19880"}],"wp:attachment":[{"href":"https:\/\/soeurs-de-la-presentation-de-marie.org\/pom\/wp-json\/wp\/v2\/media?parent=19870"}],"curies":[{"name":"wp","href":"https:\/\/api.w.org\/{rel}","templated":true}]}}

La Misión

<div class="wpb-content-wrapper"><p>[vc_row row_space=&#8221;remove_padding_bottom&#8221;][vc_column][vc_custom_heading text=&#8221;&#8220; Me gustaría tener mil vidas&#8230;&#8220;<br />
&#8211; Maria Rivier -&#8221; font_container=&#8221;tag:h2|font_size:36|text_align:right|color:%230066bf|line_height:1.8&#8243; google_fonts=&#8221;font_family:Amarante%3Aregular|font_style:400%20regular%3A400%3Anormal&#8221;][/vc_column][/vc_row][vc_row row_space=&#8221;remove_padding_top&#8221;][vc_column width=&#8221;1/4&#8243;][vc_column_text]&nbsp;</p>
<p><img loading="lazy" decoding="async" class="wp-image-19403 aligncenter" src="https://soeurs-de-la-presentation-de-marie.org/pom/wp-content/uploads/2021/02/Marie-Rivier-08.jpg" alt="" width="759" height="1127">[/vc_column_text][/vc_column][vc_column width=&#8221;3/4&#8243;][vc_column_text]&nbsp;</p>
<p><span style="color: #003366;">&nbsp;</span></p>
<p><span style="color: #003366;">Desde el momento en que María Rivier soñó con su &#8220;escuela y su convento&#8221;, fue consciente de que quería vivir esta misión en comunidad con compañeras. Su visión de la misión no era estar sola, sino con las demás. A menudo decía a sus futuras compañeras: <em>&#8220;Juntémonos, y enseñaremos a los niños pequeños&#8221;. </em>Sus compañeras descubrieron su vocación a través de estas palabras de la joven fundadora. (Mourret, p. 101)</span></p>
<p><span style="color: #003366;">Mientras que las escuelas católicas eran cerradas durante la Revolución Francesa, esta pequeña mujer de Dios fundó escuelas y educó en la fe a los niños de su región de Francia. Mientras se comprometía en las escuelas con los niños, también hacía el catecismo en la parroquia y se ocupaba de los pobres, de los huérfanos y de los enfermos. ¡También daba clases de religión a las madres de su tiempo! María Rivier daba ya a las mujeres y a las madres las orientaciones para encontrar su legítimo lugar en la sociedad y en la Iglesia. Había entendido que la evangelización desempeña un papel esencial en el desarrollo de la humanidad.</span>[/vc_column_text][/vc_column][/vc_row][vc_row row_space=&#8221;remove_padding_top&#8221;][vc_column width=&#8221;2/3&#8243;][vc_column_text]<span style="color: #003366;">Los primeros apostolados de María Rivier y de sus compañeras se han desarrollado y extendido, y hoy se encuentran en diferentes partes de la Congregación, hoy en día presente en 19 países. Su misión de dar a conocer y hacer amar a Jesucristo ha adquirido muchos rostros en los 225 años de existencia. &nbsp;<em>Mientras exista un rincón de tierra donde Jesucristo no sea conocido y amado, las hijas de la Mujer Apóstol no podrán descansar.</em></span></p>
<p><span style="color: #003366;">Su fuego apostólico se extendió, mucho más allá de su imaginación, en la Francia del siglo XVIII. A su muerte en 1838, esta pequeña mujer de Dios discapacitada, María Rivier, había fundado 141 escuelas en la región montañosa del Ardèche. Su ejemplar compromiso misionero al servicio del Evangelio se ganó el corazón del Papa Pío IX, que en 1853 la proclamaba Mujer Apóstol.</span></p>
<p><span style="color: #003366;">Hoy, la misión de la Mujer Apóstol encuentra su pleno desarrollo en la creatividad y el ingenio de sus hijas. Con fidelidad creativa, las Hermanas de la Presentación de María siguen dando a conocer y haciendo amar a Jesucristo, adaptándose constantemente a las necesidades actuales, permaneciendo fieles a su herencia católica de la fe cristiana.</span>[/vc_column_text][vc_empty_space height=&#8221;90px&#8221;][vc_custom_heading text=&#8221;LA PRESENCIA DE PM EN EL MUNDO&#8221; font_container=&#8221;tag:h2|font_size:40|text_align:center|color:%230066bf&#8221; google_fonts=&#8221;font_family:Amarante%3Aregular|font_style:400%20regular%3A400%3Anormal&#8221;][/vc_column][vc_column width=&#8221;1/3&#8243;][vc_column_text]<img loading="lazy" decoding="async" class="aligncenter wp-image-19415 size-full" src="https://soeurs-de-la-presentation-de-marie.org/pom/wp-content/uploads/2021/02/Marie-Rivier-07-1.jpg" alt="" width="800" height="1270">[/vc_column_text][/vc_column][/vc_row][vc_row row_space=&#8221;remove_padding_top&#8221;][vc_column][vc_row_inner][vc_column_inner width=&#8221;1/2&#8243;][vc_custom_heading text=&#8221;EUROPA&#8221; font_container=&#8221;tag:h2|font_size:36|text_align:left|color:%230066bf&#8221; google_fonts=&#8221;font_family:Almendra%3Aregular%2Citalic%2C700%2C700italic|font_style:400%20regular%3A400%3Anormal&#8221;][vc_column_text]</p>
<h3><span style="color: #003366;">Provincia de FRANCIA</span></h3>
<h3><span style="color: #003366;">Provincia de ESPAÑA</span></h3>
<h3><span style="color: #003366;">Provincia de PORTUGAL</span></h3>
<h3><span style="color: #003366;">Casa General, ITALIA</span></h3>
<h3><span style="color: #003366;">INGLATERRA</span></h3>
<h3><span style="color: #003366;">SUIZA</span></h3>
<h3><span style="color: #003366;">IRLANDA</span></h3>
<p>&nbsp;[/vc_column_text][vc_custom_heading text=&#8221;ASIA&#8221; font_container=&#8221;tag:h2|font_size:36|text_align:left|color:%230066bf&#8221; google_fonts=&#8221;font_family:Almendra%3Aregular%2Citalic%2C700%2C700italic|font_style:400%20regular%3A400%3Anormal&#8221;][vc_column_text css_animation=&#8221;none&#8221;]</p>
<h3><span style="color: #003366;">Provincia de FILIPINAS</span></h3>
<h3><span style="color: #003366;">Misión de JAPÓN</span></h3>
<h3><span style="color: #003366;">VIET NAM</span></h3>
<p>[/vc_column_text][/vc_column_inner][vc_column_inner width=&#8221;1/2&#8243;][vc_custom_heading text=&#8221;LAS AMÉRICAS&#8221; font_container=&#8221;tag:h2|font_size:36|text_align:left|color:%230066bf&#8221; google_fonts=&#8221;font_family:Almendra%3Aregular%2Citalic%2C700%2C700italic|font_style:400%20regular%3A400%3Anormal&#8221;][vc_column_text]</p>
<h3><span style="color: #003366;">Provincia de QUEBEC, CANADA</span></h3>
<h3><span style="color: #003366;">Provincia de PRINCE ALBERT, CANADA</span></h3>
<h3><span style="color: #003366;">Provincia de ESTADOS UNIDOS</span></h3>
<h3><span style="color: #003366;">Región de PERU</span></h3>
<h3><span style="color: #003366;">Misión de BRASIL</span></h3>
<p>[/vc_column_text][vc_empty_space height=&#8221;100px&#8221;][vc_custom_heading text=&#8221;AFRICA&#8221; font_container=&#8221;tag:h2|font_size:36|text_align:left|color:%230066bf&#8221; google_fonts=&#8221;font_family:Almendra%3Aregular%2Citalic%2C700%2C700italic|font_style:400%20regular%3A400%3Anormal&#8221;][vc_column_text]</p>
<h3><span style="color: #003366;">Provincia de SENEGAL-BURKINA FASO</span></h3>
<h3><span style="color: #003366;">Provincia de MOZAMBIQUE</span></h3>
<h3><span style="color: #003366;">Región de GAMBIA-GHANA</span></h3>
<h3><span style="color: #003366;">Misión de CAMERUN</span></h3>
<p>&nbsp;</p>
<p>&nbsp;[/vc_column_text][/vc_column_inner][/vc_row_inner][/vc_column][/vc_row]</p>
</div>

<p>[vc_row row_space=&#8221;remove_padding_bottom&#8221;][vc_column][vc_custom_heading text=&#8221;&#8220; Me gustaría tener mil vidas&#8230;&#8220; &#8211; Maria Rivier -&#8221; font_container=&#8221;tag:h2|font_size:36|text_align:right|color:%230066bf|line_height:1.8&#8243; google_fonts=&#8221;font_family:Amarante%3Aregular|font_style:400%20regular%3A400%3Anormal&#8221;][/vc_column][/vc_row][vc_row row_space=&#8221;remove_padding_top&#8221;][vc_column width=&#8221;1/4&#8243;][vc_column_text]&nbsp; [/vc_column_text][/vc_column][vc_column width=&#8221;3/4&#8243;][vc_column_text]&nbsp; &nbsp; Desde el momento en que María Rivier soñó con su &#8220;escuela y su convento&#8221;, fue consciente de que quería vivir esta misión en comunidad con compañeras. Su visión de la misión no era estar sola, sino [&hellip;]</p>
