{"id":20535,"date":"2021-04-15T15:58:45","date_gmt":"2021-04-15T13:58:45","guid":{"rendered":"http:\/\/soeurs-de-la-presentation-de-marie.org\/pom\/?page_id=20535"},"modified":"2021-04-15T16:01:57","modified_gmt":"2021-04-15T14:01:57","slug":"a-sua-espiritualidade","status":"publish","type":"page","link":"https:\/\/soeurs-de-la-presentation-de-marie.org\/pom\/a-sua-espiritualidade\/","title":{"rendered":"Sua espiritualidade"},"content":{"rendered":"<div class=\"wpb-content-wrapper\"><p>[vc_row][vc_column][vc_custom_heading text=&#8221;\u201cJ\u00e1 n\u00e3o sou eu que vivo, mas \u00e9 Cristo que vive em mim.\u201d<br \/>\nGl 2, 20&#8243; font_container=&#8221;tag:h2|font_size:30|text_align:right|color:%230166bf&#8221; google_fonts=&#8221;font_family:Amarante%3Aregular|font_style:400%20regular%3A400%3Anormal&#8221;][vc_column_text]<span style=\"color: #003366;\">A Escola Francesa de espiritualidade do Cardeal Pierre B\u00e9rulle, teve uma profunda influ\u00eancia no desenvolvimento espiritual da nossa Congrega\u00e7\u00e3o. Enquanto Fundadora, Maria Rivier foi formada de maneira intensiva pelo seu diretor espiritual M. Pontanier, um padre sulpiciano. Para melhor compreendermos os pensamentos, os ensinamentos, os escritos, as devo\u00e7\u00f5es e as atividades apost\u00f3licas de Maria Rivier, \u00e9 importante estarmos familiarizados com as principais caracter\u00edsticas da Escola Francesa de Espiritualidade:<\/span><\/p>\n<ul>\n<li><span style=\"color: #003366;\">O sentido da presen\u00e7a de Deus, da oferenda de si mesmo e da adora\u00e7\u00e3o;<\/span><\/li>\n<li><span style=\"color: #003366;\">Uma rela\u00e7\u00e3o com Jesus, o Verbo Encarnado, vivida principalmente em comunh\u00e3o com os seus mist\u00e9rios;<\/span><\/li>\n<li><span style=\"color: #003366;\">Uma grande devo\u00e7\u00e3o ao Esp\u00edrito Santo, o Esp\u00edrito de Cristo ressuscitado;<\/span><\/li>\n<li><span style=\"color: #003366;\">O amor e a devo\u00e7\u00e3o a Maria, M\u00e3e de Deus;<\/span><\/li>\n<li><span style=\"color: #003366;\">Um sentido m\u00edstico da Igreja como Corpo de Cristo, que d\u00e1 continuidade e cumprimento \u00e0 vida de Jesus, \u00e0 sua ora\u00e7\u00e3o e \u00e0 sua miss\u00e3o;<\/span><\/li>\n<li><span style=\"color: #003366;\">Um compromisso apost\u00f3lico e mission\u00e1rio extremamente forte.<\/span><\/li>\n<\/ul>\n<p><span style=\"color: #003366;\">Estes aspetos da Escola Francesa de espiritualidade encarnaram na vida de Maria Rivier. Podemos v\u00ea-los na sua uni\u00e3o aos mist\u00e9rios de Jesus Cristo, o seu amor \u00e0 Virgem Maria, \u00e0 Cruz, ao Evangelho, \u00e0 Igreja, \u00e0s bem-aventuran\u00e7as, aos pobres, \u00e0s crian\u00e7as e aos jovens.<\/span>[\/vc_column_text][vc_hoverbox image=&#8221;19235&#8243; hover_title=&#8221;O nosso estilo de vida&#8221; hover_align=&#8221;left&#8221; hover_title_font_container=&#8221;font_size:26|color:%231364c1|line_height:1&#8243; hover_title_google_fonts=&#8221;font_family:Amarante%3Aregular|font_style:400%20regular%3A400%3Anormal&#8221; hover_background_color=&#8221;sky&#8221; use_custom_fonts_hover_title=&#8221;true&#8221;]<\/p>\n<p style=\"text-align: left;\">&nbsp;<\/p>\n<p><span style=\"color: #333399;\">O nosso estilo de vida, enquanto Irm\u00e3s da Apresenta\u00e7\u00e3o de Maria encontra o seu sentido e a sua alegria, na nossa profunda ades\u00e3o \u00e0 pessoa de Jesus Cristo e na nossa rela\u00e7\u00e3o com a Virgem Maria. Os escritos da nossa fundadora Maria Rivier, convidam-nos continuamente a <em>Seguir Jesus Cristo e agir segundo o seu esp\u00edrito<\/em>, (C 2) e a sermos <em>as filhas de Maria, <\/em>chamadas a viver como ela em estado de adora\u00e7\u00e3o e de oferenda diante de Deus, caminhando na sua presen\u00e7a no amor .<\/span>[\/vc_hoverbox][\/vc_column][\/vc_row]<\/p>\n<\/div>","protected":false},"excerpt":{"rendered":"<p>[vc_row][vc_column][vc_custom_heading text=&#8221;\u201cJ\u00e1 n\u00e3o sou eu que vivo, mas \u00e9 Cristo que vive em mim.\u201d Gl 2, 20&#8243; font_container=&#8221;tag:h2|font_size:30|text_align:right|color:%230166bf&#8221; google_fonts=&#8221;font_family:Amarante%3Aregular|font_style:400%20regular%3A400%3Anormal&#8221;][vc_column_text]A Escola Francesa de espiritualidade do Cardeal Pierre B\u00e9rulle, teve uma profunda influ\u00eancia no desenvolvimento espiritual da nossa Congrega\u00e7\u00e3o. Enquanto Fundadora, Maria Rivier foi formada de maneira intensiva pelo seu diretor espiritual M. Pontanier, um padre sulpiciano. [&hellip;]<\/p>\n","protected":false},"author":6,"featured_media":0,"parent":0,"menu_order":0,"comment_status":"closed","ping_status":"closed","template":"","meta":{"ngg_post_thumbnail":0,"footnotes":""},"lang":"pt","translations":{"pt":20535},"pll_sync_post":[],"_links":{"self":[{"href":"https:\/\/soeurs-de-la-presentation-de-marie.org\/pom\/wp-json\/wp\/v2\/pages\/20535"}],"collection":[{"href":"https:\/\/soeurs-de-la-presentation-de-marie.org\/pom\/wp-json\/wp\/v2\/pages"}],"about":[{"href":"https:\/\/soeurs-de-la-presentation-de-marie.org\/pom\/wp-json\/wp\/v2\/types\/page"}],"author":[{"embeddable":true,"href":"https:\/\/soeurs-de-la-presentation-de-marie.org\/pom\/wp-json\/wp\/v2\/users\/6"}],"replies":[{"embeddable":true,"href":"https:\/\/soeurs-de-la-presentation-de-marie.org\/pom\/wp-json\/wp\/v2\/comments?post=20535"}],"version-history":[{"count":8,"href":"https:\/\/soeurs-de-la-presentation-de-marie.org\/pom\/wp-json\/wp\/v2\/pages\/20535\/revisions"}],"predecessor-version":[{"id":20548,"href":"https:\/\/soeurs-de-la-presentation-de-marie.org\/pom\/wp-json\/wp\/v2\/pages\/20535\/revisions\/20548"}],"wp:attachment":[{"href":"https:\/\/soeurs-de-la-presentation-de-marie.org\/pom\/wp-json\/wp\/v2\/media?parent=20535"}],"curies":[{"name":"wp","href":"https:\/\/api.w.org\/{rel}","templated":true}]}}