{"id":23269,"date":"2021-08-06T15:06:55","date_gmt":"2021-08-06T13:06:55","guid":{"rendered":"https:\/\/soeurs-de-la-presentation-de-marie.org\/pom\/?page_id=23269"},"modified":"2021-08-06T20:08:13","modified_gmt":"2021-08-06T18:08:13","slug":"missao-do-brasil","status":"publish","type":"page","link":"https:\/\/soeurs-de-la-presentation-de-marie.org\/pom\/missao-do-brasil\/","title":{"rendered":"MISS\u00c3O DO BRASIL"},"content":{"rendered":"<div class=\"wpb-content-wrapper\"><p>[vc_row row_space=&#8221;remove_padding_bottom&#8221;][vc_column][vc_custom_heading text=&#8221;Hist\u00f3ria da Apresenta\u00e7\u00e3o de Maria no Brasil&#8221; font_container=&#8221;tag:h2|font_size:50|text_align:right|color:%23005e06&#8243; google_fonts=&#8221;font_family:Averia%20Serif%20Libre%3A300%2C300italic%2Cregular%2Citalic%2C700%2C700italic|font_style:400%20regular%3A400%3Anormal&#8221; css_animation=&#8221;bounceInLeft&#8221;][vc_empty_space height=&#8221;28px&#8221;][vc_column_text]<\/p>\n<h3><strong><em><span style=\"color: #003300;\">A Congrega\u00e7\u00e3o da Apresenta\u00e7\u00e3o de Maria se estabeleceu no Brasil em 1986, para dar a conhecer e a amar Jesus Cristo e sua M\u00e3e, indo de prefer\u00eancia aos mais pobres.<\/span><\/em><\/strong><\/h3>\n<p><span style=\"color: #003300;\">Ap\u00f3s seis anos de ajuda prestada pelas as irm\u00e3s Sacr\u00e9 Coeur de J\u00e9sus (Jacqueline Hardy), Maria Cec\u00edlia de Jesus Silva e Maria Celeste Gon\u00e7alves de Freitas (Gorete), ao C\u00f4geno Mata (Padre Jo\u00e3o Pedro Baptista da Mata) na funda\u00e7\u00e3o e estrutura\u00e7\u00e3o da obra \u201cAldeia da Paz\u201d, e forma\u00e7\u00e3o de religiosas para o seu instituto, o bispo da Diocese de An\u00e1polis, Dom Manuel Pestana Filho, solicita a perman\u00eancia da Congrega\u00e7\u00e3o em sua Diocese.<\/span><\/p>\n<p>ngg_shortcode_0_placeholder<span style=\"color: #003300;\">Desta forma foi Erigida a primeira Comunidade da Congrega\u00e7\u00e3o da Apresenta\u00e7\u00e3o de Maria, na cidade de Abadi\u00e2nia, &#8211; situada entre Goi\u00e2nia (capital do estado de Goi\u00e1s) e Bras\u00edlia (capital do Pa\u00eds) em mar\u00e7o de 1986.<\/span><\/p>\n<p><span style=\"color: #003300;\">O zelo de Maria Rivier ardia no cora\u00e7\u00e3o das irm\u00e3s que n\u00e3o tardaram em come\u00e7ar a miss\u00e3o: visitas \u00e0s fam\u00edlias, forma\u00e7\u00e3o para catequistas, catequeses para todas as idades, acolhimento das crian\u00e7as menos favorecidas em pequenos espa\u00e7os, at\u00e9 conseguirem um local pr\u00f3prio, com mais espa\u00e7o e comodidade \u2013 o Centro de Educa\u00e7\u00e3o Infantil Ana Maria Rivier.<\/span><\/p>\n<p><span style=\"color: #003300;\">A obra de acolhimento das crian\u00e7as e adolescentes, em Abadi\u00e2nia, foi crescendo dia ap\u00f3s dia, tendo como mantenedora a Associa\u00e7\u00e3o Madre Maria Rivier, criada para dar uma pessoa jur\u00eddica \u00e0 obra.<\/span><\/p>\n<p>ngg_shortcode_1_placeholder<span style=\"color: #003300;\">A miss\u00e3o se expandia, e come\u00e7ou-se o trabalho vocacional e o grupo dos Associados Maria Rivier, e assim, chegaram mais irm\u00e3s para refor\u00e7ar a comunidade.<\/span><\/p>\n<p><span style=\"color: #003300;\">Com o tempo passando, novas casas foram erigidas.<\/span><\/p>\n<p><span style=\"color: #003300;\">A Segunda Comunidade (03-02-1990) se formou em um dos bairros perif\u00e9ricos da Cidade de An\u00e1polis \u2013 Vila Fabril. A miss\u00e3o das irm\u00e3s foi: ajudar na estrutura\u00e7\u00e3o paroquial, catequeses, forma\u00e7\u00e3o para catequistas, visitas \u00e0s fam\u00edlias e doentes, trabalhos manuais com as crian\u00e7as e pastoral vocacional. Foi fundado tamb\u00e9m o grupo dos Associados Maria Rivier.<\/span><\/p>\n<p>ngg_shortcode_2_placeholder[\/vc_column_text][vc_row_inner content_placement=&#8221;top&#8221;][vc_column_inner width=&#8221;1\/2&#8243;][vc_column_text]<\/p>\n<p>ngg_shortcode_3_placeholder[\/vc_column_text][\/vc_column_inner][vc_column_inner width=&#8221;1\/2&#8243;][vc_column_text]&nbsp;<\/p>\n<p>&nbsp;<\/p>\n<p><span style=\"color: #003300;\">A Terceira comunidade foi Erigida, em Miran\u00e1polis, zona rural de An\u00e1polis, no dia 21-11-1998. Embora sendo noviciado, as irm\u00e3s levadas pelo Zelo assumiram atividades pastorais em uma capela da Par\u00f3quia Santa Rita de C\u00e1ssia. No in\u00edcio de 1999, houve a entrada de duas jovens. Na festa da Apresenta\u00e7\u00e3o de Maria desse ano, as duas iniciaram seu noviciado e a primeira voca\u00e7\u00e3o brasileira fez a sua profiss\u00e3o tempor\u00e1ria. A miss\u00e3o brasileira come\u00e7ou a dar frutos&#8230;<\/span><\/p>\n<p><span style=\"color: #003300;\">A quarta comunidade \u2013 S\u00e3o Jos\u00e9 &#8211; se estabeleceu-se a 19-03-2001, por\u00e9m, a sua principal atividade, se iniciara um ano antes na dire\u00e7\u00e3o da Creche Paroquial. A essa atividade juntou-se tamb\u00e9m a coordena\u00e7\u00e3o paroquial da catequese, catequeses, trabalhos manuais com crian\u00e7as e adolescentes. O Amor a Jesus e \u00e0 Sant\u00edssima Virgem vai sendo ati\u00e7ado no cora\u00e7\u00e3o das crian\u00e7as, jovens e colaboradores.<\/span>[\/vc_column_text][\/vc_column_inner][\/vc_row_inner][\/vc_column][\/vc_row][vc_row row_space=&#8221;remove_padding_bottom&#8221;][vc_column][vc_column_text]<span style=\"color: #003300;\">Aproximando-se dos 25 anos de funda\u00e7\u00e3o no pa\u00eds, as irm\u00e3s sentiram que era hora de ousar fundar em outra Diocese. Assim, \u00e9 Erigida a quinta comunidade na Diocese de Itumbiara, na cidade que d\u00e1 o nome \u00e0 Diocese. A miss\u00e3o inicial da comunidade foi a coordena\u00e7\u00e3o diocesana da catequese. Na Par\u00f3quia Nossa Senhora das Gra\u00e7as, onde est\u00e3o instaladas, as irm\u00e3s assumiram a coordena\u00e7\u00e3o paroquial da catequese, visitas \u00e0s fam\u00edlias e aos doentes e colaboravam na pastoral vocacional diocesana.<\/span><\/p>\n<p><span style=\"color: #003300;\">Com a gra\u00e7a de Deus, o Esp\u00edrito Santo foi soprando e impulsionando o Carisma de Maria Rivier em terras brasileiras.<\/span>[\/vc_column_text][\/vc_column][\/vc_row][vc_row row_space=&#8221;remove_padding_bottom&#8221;][vc_column][vc_custom_heading text=&#8221;HOJE&#8221; font_container=&#8221;tag:h2|font_size:50|text_align:center|color:%23005e06&#8243; google_fonts=&#8221;font_family:Averia%20Serif%20Libre%3A300%2C300italic%2Cregular%2Citalic%2C700%2C700italic|font_style:400%20regular%3A400%3Anormal&#8221; css_animation=&#8221;bounceInDown&#8221;][vc_row_inner][vc_column_inner width=&#8221;1\/2&#8243;][vc_column_text]&nbsp;<\/p>\n<p><img loading=\"lazy\" decoding=\"async\" class=\"aligncenter wp-image-23216 size-full\" src=\"https:\/\/soeurs-de-la-presentation-de-marie.org\/pom\/wp-content\/uploads\/2021\/08\/cidade-onde-estamos-1.jpeg\" alt=\"\" width=\"709\" height=\"623\">[\/vc_column_text][\/vc_column_inner][vc_column_inner width=&#8221;1\/2&#8243;][vc_column_text]&nbsp;<\/p>\n<p><span style=\"color: #003300;\">O Brasil \u00e9 um pa\u00eds com o maior n\u00famero da popula\u00e7\u00e3o cat\u00f3lica, ele possui aproximadamente 278 circunscri\u00e7\u00f5es eclesi\u00e1sticas. Embora haja uma \u00f3tima aceita\u00e7\u00e3o da religi\u00e3o e muitos que se dizem cat\u00f3licos, sente-se a necessidade de uma evangeliza\u00e7\u00e3o mais profunda, que favore\u00e7a um encontro pessoal com Cristo e forme disc\u00edpulos mission\u00e1rios,<a style=\"color: #003300;\" href=\"#_ftn1\" name=\"_ftnref1\">[1]<\/a> pois muitos desconhecem a doutrina que se dizer professar. Assim a cada dia se torna mais urgente o an\u00fancio expl\u00edcito do Evangelho com o Carisma de Maria Rivier.<\/span><\/p>\n<p>&nbsp;<\/p>\n<p><span style=\"color: #003300;\">Essa urg\u00eancia arde no cora\u00e7\u00e3o das irm\u00e3s PM no Brasil e estando presente em tr\u00eas cidades (Abadi\u00e2nia, An\u00e1polis e Itumbiara), procuram com zelo ser uma vida de Maria Rivier.<\/span><\/p>\n<p><span style=\"color: #003300;\">A presen\u00e7a da Apresenta\u00e7\u00e3o de Maria est\u00e1 no Cora\u00e7\u00e3o do Brasil, ou seja as tr\u00eas cidades onde as irm\u00e3s se fazem presentes est\u00e3o situadas no estado de Goi\u00e1s.<\/span><\/p>\n<p><span style=\"color: #003300;\">Goi\u00e1s \u00e9 um dos estados brasileiros que integram a regi\u00e3o Centro-Oeste do pa\u00eds. O estado conta atualmente com 7,1 milh\u00f5es de habitantes, sendo sua capital, Goi\u00e2nia, o munic\u00edpio mais populoso. \u00c9 de clima Tropical. &nbsp;Consiste na segunda economia da regi\u00e3o, com destaque para a produ\u00e7\u00e3o agropecu\u00e1ria e de etanol.<\/span><\/p>\n<p>&nbsp;[\/vc_column_text][\/vc_column_inner][\/vc_row_inner][\/vc_column][\/vc_row][vc_row row_space=&#8221;remove_padding_top&#8221;][vc_column][vc_column_text]<span style=\"color: #003300;\"><strong>Abadi\u00e2nia<\/strong><\/span><\/p>\n<p><span style=\"color: #003300;\"><strong>Abadi\u00e2nia<\/strong> &#8211; \u00e9 a cidade onde se erigiu a primeira Comunidade da Apresenta\u00e7\u00e3o de Maria, est\u00e1 situada entre duas capital Goi\u00e2nia (a 80 km) e Bras\u00edlia (94 km) e contava com 20 042 habitantes no \u00faltimo censo (2011).<\/span><\/p>\n<p><span style=\"color: #003300;\">Na Comunidade de Abadi\u00e2nia, a miss\u00e3o principal \u00e9 a escola Ana Maria Rivier, por\u00e9m as irm\u00e3s colaboram tamb\u00e9m com a coordena\u00e7\u00e3o da catequese paroquial; e tem ai o grupo dos Associados Maria Rivier. \u00c9 composta por quatro irm\u00e3s: Ir. Maria Gorete, Ir. Maria Isabel, ir. Luzia Dinalda, ir. Eug\u00eania Rodrigues<\/span><\/p>\n<p><span style=\"color: #003300;\">A Escola Ana Maria Rivier, n\u00e3o parou, e com esfor\u00e7o de todos entrou no ensino digital com as aulas online; continua a dar p\u00e3o a quem tem fome, transformando os g\u00eaneros alimentos destinados as refei\u00e7\u00f5es na escola em sextas b\u00e1sicas para as fam\u00edlias atendidas. As reuni\u00f5es com colaboradores, algumas se fez online e outras j\u00e1 presencial seguindo as orienta\u00e7\u00f5es. A catequese tamb\u00e9m entrou na era digital e n\u00e3o parou. O an\u00fancio do Evangelho se fez online. As reuni\u00f5es com grupos de associados pararam devido a ter alguns membros do grupo de risco, por\u00e9m est\u00e1 retornando com os devidos cuidados.<\/span><\/p>\n<p>ngg_shortcode_4_placeholder[\/vc_column_text][vc_column_text]<\/p>\n<h3><span style=\"color: #003300;\"><strong>An\u00e1polis<\/strong><\/span><\/h3>\n<p><span style=\"color: #003300;\"><strong>An\u00e1polis <\/strong>&#8211; \u00e9 um munic\u00edpio brasileiro do interior do estado de Goi\u00e1s, situado a 50 km da capital \u2013 Goi\u00e2nia, com uma popula\u00e7\u00e3o estimada em 391,772 habitantes, constitui-se no terceiro maior munic\u00edpio do estado em popula\u00e7\u00e3o e sua segunda maior for\u00e7a econ\u00f4mica.<\/span><\/p>\n<p><span style=\"color: #003300;\">Em An\u00e1polis, teve tr\u00eas comunidades, atualmente tem-se duas:<\/span><\/p>\n<p><span style=\"color: #003300;\"><strong>Comunidade da Vila Fabril<\/strong>, que foi fechada no final do ano de dois mil e oito, por ter j\u00e1 sua miss\u00e3o cumprida. Por\u00e9m o grupo dos Associados Maria Rivier permanece firme, no momento os encontros est\u00e3o suspensos em prepara\u00e7\u00e3o para o retorno presencial;<\/span><\/p>\n<p><span style=\"color: #003300;\"><strong>Comunidade de Miranapolis<\/strong>, que continua acolhendo as irm\u00e3s para os retiros mensais e anual. Tem com mais frequ\u00eancia a celebra\u00e7\u00e3o Eucar\u00edstica. A Catequese na par\u00f3quia santa Rita est\u00e1 acontecendo como catequese familiar (s\u00e3o poucas crian\u00e7as \u2013 o padre est\u00e1 orientando os pais).<\/span><\/p>\n<p><span style=\"color: #003300;\">A Pastoral Vocacional teve que se reinventar, adaptar e inovar, pois a maioria dos eventos sofreram altera\u00e7\u00f5es. As irm\u00e3s respons\u00e1veis impulsionadas pelo amor e pela gra\u00e7a de Deus, continuaram a miss\u00e3o no ardor e alegria. Os atendimentos individuais se fazem online ou presencial com as devidas precau\u00e7\u00f5es, assim como os encontros e piqueniques vocacionais, se presencial acontecem com restri\u00e7\u00e3o de participantes. Outros eventos como ter\u00e7o Vocacional, bate papo e anima\u00e7\u00e3o do grupo de vocacionadas tem acontecido online. A Congrega\u00e7\u00e3o se faz na Pastoral Vocacional do regional centro- oeste com a presen\u00e7a da irm\u00e3 Aline que exerce o secretariado do mesmo, e assim organiza e faz acontecer os eventos online, ou alguns presenciais seguindo as recomenda\u00e7\u00f5es.<\/span><\/p>\n<p><span style=\"color: #003300;\"><strong>Comunidade de S\u00e3o Jos\u00e9<\/strong> &#8211; como no ano 2015 foi encerrada a miss\u00e3o na Creche paroquial e na coordena\u00e7\u00e3o da catequese, a comunidade assumiu nova miss\u00e3o &#8211; casa de estudantes (irm\u00e3s jovens em estudo) devido a sua \u00f3tima localidade na cidade de An\u00e1polis. <\/span><\/p>\n<p>ngg_shortcode_5_placeholder&nbsp;[\/vc_column_text][\/vc_column][\/vc_row][vc_row row_space=&#8221;remove_padding_top&#8221;][vc_column][vc_column_text]<\/p>\n<h3><span style=\"color: #003300;\"><strong>Itumbiara<\/strong><\/span><\/h3>\n<p><span style=\"color: #003300;\"><strong>Itumbiara<\/strong> &#8211; (nome do tupi-guarani \u2013 significa caminho para a cachoeira), se localiza no limite do Estado com Minas Gerais. A divis\u00e3o \u00e9 feita pelo Rio Paranaiba, no qual acontece uma procissao fluvial em honra a Nossa Senhora das Gra\u00e7as desde&nbsp; 1960. Situa-se ao sul da capital do estado, Goi\u00e2nia (204 km) com aproximadamente 104 742 habitantes.<\/span><\/p>\n<p>&nbsp;<\/p>\n<p><span style=\"color: #003300;\">A Comunidade de Itumbiara, composta pelas irm\u00e3s: Teresa do bom Pastor, Nelma Cristina e Terezinha Nogueira. A miss\u00e3o da comunidade \u00e9 a coordena\u00e7\u00e3o da catequese paroquial, catequese, visita as fam\u00edlias e aos doentes; acompanhamento de tr\u00eas equipes de Nossa Senhora (equipe de base), orienta\u00e7\u00e3o do grupo de Associados Maria Rivier, e com eles formam grupos de canto para animar a Eucaristia na Capela nossa Senhora da Sa\u00fade.<\/span><\/p>\n<p><span style=\"color: #003300;\">A Miss\u00e3o do Brasil sente orgulhosa por j\u00e1 ter enviado uma missionaria \u2013 irm\u00e3 Lourdes de Fatima, que atualmente realiza seu chamado junto as irm\u00e3s na casa provincial em Portugal.<\/span><\/p>\n<p>ngg_shortcode_6_placeholder<span style=\"color: #003300;\">As filhas de Maria Rivier permanecem firmes ateando o fogo de Jesus Cristo nestas terras do Brasil, sendo Evangelho aberto onde todos possam ler Jesus Cristo.<\/span><\/p>\n<p>&nbsp;[\/vc_column_text][\/vc_column][\/vc_row]<\/p>\n<\/div>","protected":false},"excerpt":{"rendered":"<p>[vc_row row_space=&#8221;remove_padding_bottom&#8221;][vc_column][vc_custom_heading text=&#8221;Hist\u00f3ria da Apresenta\u00e7\u00e3o de Maria no Brasil&#8221; font_container=&#8221;tag:h2|font_size:50|text_align:right|color:%23005e06&#8243; google_fonts=&#8221;font_family:Averia%20Serif%20Libre%3A300%2C300italic%2Cregular%2Citalic%2C700%2C700italic|font_style:400%20regular%3A400%3Anormal&#8221; css_animation=&#8221;bounceInLeft&#8221;][vc_empty_space height=&#8221;28px&#8221;][vc_column_text] A Congrega\u00e7\u00e3o da Apresenta\u00e7\u00e3o de Maria se estabeleceu no Brasil em 1986, para dar a conhecer e a amar Jesus Cristo e sua M\u00e3e, indo de prefer\u00eancia aos mais pobres. Ap\u00f3s seis anos de ajuda prestada pelas as irm\u00e3s Sacr\u00e9 Coeur de [&hellip;]<\/p>\n","protected":false},"author":6,"featured_media":0,"parent":0,"menu_order":0,"comment_status":"closed","ping_status":"closed","template":"","meta":{"ngg_post_thumbnail":0,"footnotes":""},"lang":"pt","translations":{"pt":23269},"pll_sync_post":[],"_links":{"self":[{"href":"https:\/\/soeurs-de-la-presentation-de-marie.org\/pom\/wp-json\/wp\/v2\/pages\/23269"}],"collection":[{"href":"https:\/\/soeurs-de-la-presentation-de-marie.org\/pom\/wp-json\/wp\/v2\/pages"}],"about":[{"href":"https:\/\/soeurs-de-la-presentation-de-marie.org\/pom\/wp-json\/wp\/v2\/types\/page"}],"author":[{"embeddable":true,"href":"https:\/\/soeurs-de-la-presentation-de-marie.org\/pom\/wp-json\/wp\/v2\/users\/6"}],"replies":[{"embeddable":true,"href":"https:\/\/soeurs-de-la-presentation-de-marie.org\/pom\/wp-json\/wp\/v2\/comments?post=23269"}],"version-history":[{"count":20,"href":"https:\/\/soeurs-de-la-presentation-de-marie.org\/pom\/wp-json\/wp\/v2\/pages\/23269\/revisions"}],"predecessor-version":[{"id":23273,"href":"https:\/\/soeurs-de-la-presentation-de-marie.org\/pom\/wp-json\/wp\/v2\/pages\/23269\/revisions\/23273"}],"wp:attachment":[{"href":"https:\/\/soeurs-de-la-presentation-de-marie.org\/pom\/wp-json\/wp\/v2\/media?parent=23269"}],"curies":[{"name":"wp","href":"https:\/\/api.w.org\/{rel}","templated":true}]}}