{"id":27959,"date":"2022-08-20T15:21:03","date_gmt":"2022-08-20T13:21:03","guid":{"rendered":"https:\/\/soeurs-de-la-presentation-de-marie.org\/pom\/?page_id=27959"},"modified":"2022-08-20T15:22:49","modified_gmt":"2022-08-20T13:22:49","slug":"mission-of-cameroon","status":"publish","type":"page","link":"https:\/\/soeurs-de-la-presentation-de-marie.org\/pom\/mission-of-cameroon\/","title":{"rendered":"MISSION OF CAMEROON"},"content":{"rendered":"<div class=\"wpb-content-wrapper\"><p>[vc_row][vc_column][vc_custom_heading text=&#8221;THE HISTORY OF THE MISSION OF CAMEROON&#8221; font_container=&#8221;tag:h2|font_size:40|text_align:center|color:%230a7c08&#8243; google_fonts=&#8221;font_family:Adamina%3Aregular|font_style:400%20regular%3A400%3Anormal&#8221;][vc_empty_space height=&#8221;40px&#8221;][vc_row_inner][vc_column_inner][gva_block_heading title=&#8221;INVITATION&#8221; style=&#8221;style-4&#8243; align=&#8221;align-left&#8221;]<span style=\"color: #003300;\">The presence of the Sisters of the Presentation in Cameroon was the fruit of the efforts of Bishop Jean Pasquier. He sent a request to Mother Jean-Th\u00e9ophane, then Superior General of the Congregation. Monsignor Pasquier asked for a community of sisters for the Catholic mission of Atta. After several attempts with other Congregations to get the request granted, he went to Castel Gandolfo on May 20, 1987, at the suggestion of one of his confreres, Oblate Father Jean Loiseau. The request was taken into consideration by the General Chapter which took place in Ariccia in September 1987. The Bishop was informed and immediately expressed his satisfaction in an undated letter to the Superior General. Sr. Louisa de J\u00e9sus, General Councillor, Sr. Gis\u00e8le Fournier, Provincial Superior of the Province of Montreal and Sister Jacqueline Guit\u00e9, a missionary of the Province of Montreal who was working in Senegambia (Senegal and Gambia)<\/span>[\/gva_block_heading][gva_block_heading title=&#8221;FIRST MISSIONARY TRIP TO CAMEROON&#8221; style=&#8221;style-4&#8243; align=&#8221;align-left&#8221;]<span style=\"color: #003300;\">Sisters Louisa de J\u00e9sus and Gis\u00e8le Fournier stopped in Dakar for one night and left the next day with Sister Jacqueline Guit\u00e9 who accompanied them as a guide because of her long experience in Africa. The journey was long with stops in all the capitals of the West African coast. They arrived in Douala, Cameroon and left the next day by plane via Yaound\u00e9 and Ngaound\u00e9r\u00e9 where Bishop Jean Pasquier warmly welcomed them in his residence. Then they travelled by road, with the Bishop, and finally reached the distant village of Atta, where they &nbsp;discover the mission ready for a new impulse of evangelization.<\/span>[\/gva_block_heading][gva_block_heading title=&#8221;THE FOUNDERS&#8221; style=&#8221;style-4&#8243; align=&#8221;align-left&#8221;]<span style=\"color: #003300;\">Sister Jacqueline Guit\u00e9 was named responsible for the foundation and Superior of the first community of Atta. She left on January 20, 1989 with three other companions. Sr. Margaret Camir\u00e9 from the province of Methuen, Sr. Marie-Veronique Di\u00e9m\u00e9 from Senegal and Sr. Lise Thibodeau from the province of Montreal. From June to January, the future mission was being prepared and organized. It was a great challenge for the Province of Montreal who, for the first time, accepted the responsibility for a mission in Central Africa.<\/span>[\/gva_block_heading][\/vc_column_inner][\/vc_row_inner][vc_row_inner][vc_column_inner width=&#8221;1\/4&#8243;][\/vc_column_inner][vc_column_inner width=&#8221;1\/2&#8243;][vc_column_text]<img loading=\"lazy\" decoding=\"async\" class=\"aligncenter wp-image-23701 size-full\" src=\"https:\/\/soeurs-de-la-presentation-de-marie.org\/pom\/wp-content\/uploads\/2021\/08\/Cameroun-2-1.jpg\" alt=\"\" width=\"1275\" height=\"1650\">[\/vc_column_text][gva_block_heading title=&#8221;JOURNEY AND ARRIVAL OF THE MISSIONARIES IN CAMEROON.&#8221; style=&#8221;style-4&#8243; align=&#8221;align-left&#8221;]<span style=\"color: #003300;\">The Sisters left Montreal on January 20, 1989 and finally arrived at the end of their journey on the evening of January 27, 1989. On arrival, they had entered their little hut, freshly renovated and whitewashed, in order for them to rest and sleep there.&nbsp; They were confident, happy, and trusted the Divine Providence who had protected them throughout their journey on Cameroonian soil. On January 29, 1989 the first mass of the sisters with the Christians of Atta was celebrated by Bishop Pasquier. The Bishop presented the Sisters to the community of the faithful gathered for the Sunday Eucharist.<\/span>[\/gva_block_heading][\/vc_column_inner][vc_column_inner width=&#8221;1\/4&#8243;][\/vc_column_inner][\/vc_row_inner][\/vc_column][\/vc_row][vc_row][vc_column][gva_block_heading title=&#8221;MISSIONARY LIFE&#8221; style=&#8221;style-4&#8243; align=&#8221;align-left&#8221;]<span style=\"color: #003300;\">The first months after the arrival of the four foundresses were spent learning the language, customs, and habits of the Mambila people. The people were exceptionally welcoming everywhere. After explaining to the people why they had come, the sisters expressed their desire to be truly sisters and friends to all, ready to work with them, based on their expectations and needs.<\/span>[\/gva_block_heading][vc_empty_space height=&#8221;75px&#8221;][vc_custom_heading text=&#8221;The Mission today\u2026&#8221; font_container=&#8221;tag:h2|font_size:55|text_align:center|color:%230a7b08&#8243; google_fonts=&#8221;font_family:Adamina%3Aregular|font_style:400%20regular%3A400%3Anormal&#8221;][vc_column_text]<span style=\"color: #333300;\">Cameroon is a country located in Central Africa. It has ten regions. For our Mission we are in two regions. In the West the diocese of Bafoussam with four communities: Foumbot, Bafoussam, Doumelong (formation house) and Bamougong; in the Littoral archdiocese of Douala we have one community. In the Western region, 90% of the population live from agriculture and commerce. On the religious level, more than 50% of the population are Catholics.<\/span>[\/vc_column_text][gva_block_heading title=&#8221;EDUCATION&#8221; style=&#8221;style-4&#8243; align=&#8221;align-left&#8221;][\/gva_block_heading][vc_column_text]<span style=\"color: #333300;\">In the Mission of Cameroon, most of the sisters are engaged in Education: &nbsp;&nbsp;the kindergarten, primary and secondary levels. We also work at the secretariat for the missions of the diocese of Bafoussam.&nbsp;<\/span>[\/vc_column_text][gva_block_heading title=&#8221;HEALTH&#8221; style=&#8221;style-4&#8243; align=&#8221;align-left&#8221;][\/gva_block_heading][vc_column_text]<span style=\"color: #333300;\">We also work in the field of health in Catholic centers.&nbsp; Some sisters are in formation for psychological and spiritual accompaniment in order to respond to this need which is felt more and more in our society today.<\/span>[\/vc_column_text][gva_block_heading title=&#8221;PASTORAL WORK&#8221; style=&#8221;style-4&#8243; align=&#8221;align-left&#8221;][\/gva_block_heading][vc_column_text]<span style=\"color: #333300;\">The sisters are also very active in pastoral care: catechesis of children, youth and adults in view of receiving the sacraments of Christian initiation; pastoral care and visiting the sick to pray with them and give them Communion. Many appreciate what the sisters are doing and which helps them to bear their suffering with joy and hope. We are also close to the elderly and the lonely to give them a taste of life. We generously offer our services to the Marian Shrine of the Diocese of Bafoussam located in Doumelong. We accompany young people in various movements and groups. We are actively involved in children&#8217;s ministry at the diocesan level, in the parishes where we are, and elsewhere according to requests from the local Diocese.<\/span>[\/vc_column_text][gva_block_heading title=&#8221;SPIRITUAL FAMILY&#8221; style=&#8221;style-4&#8243; align=&#8221;align-left&#8221;][\/gva_block_heading][vc_column_text]<span style=\"color: #333300;\">Consecrated Laity, Marie Rivier Associates and Rivier Youth are groups formed by us, with the aim of sharing the spirituality of our Mother Rivier. Many who are part of these groups are grateful, because it allows adults, young people and children to find meaning in their lives following the footsteps of Saint Marie Rivier. We are also very active in the service of the celebrations of the Word of God in the absence of the priest in the parish or in the mission stations. We also help maintain the sacristy in the parishes where we are. We accompany vocation groups in the parishes and in the Diocese. It is in this perspective that young people are interested in our charism. We are also involved in the follow-up of other Catholic Action movements and basic ecclesial communities where we share the Word of God with the faithful of Jesus Christ.<\/span>[\/vc_column_text][gva_block_heading title=&#8221;FORMATION&#8221; style=&#8221;style-4&#8243; align=&#8221;align-left&#8221;][\/gva_block_heading][vc_column_text]<span style=\"color: #333300;\">Houses of formation: The postulancy is in Cameroon at Doumelong and the novitiate in Senegal at Dakar (Rufisque).<\/span><\/p>\n<p><span style=\"color: #333300;\">We also receive ongoing formation together. Every quarter we have themes chosen at the beginning of the year, for our growth in following Jesus Christ. In addition, the young professed sisters have formation sessions with the other Congregations of the Archdiocese of Douala and the Diocese of Bafoussam. Those in charge of formation also follow permanent formation sessions to better accompany the young people.<\/span><\/p>\n<p><span style=\"color: #333300;\">We, the sisters of the Presentation of Mary, are attentive and present in the Diocesan Project of Inculturated Renewal of the Diocese of Bafoussam, a new look for our particular Church of Bafoussam. We are with the other Congregations in the Union of Religious of the dioceses where we are based.<\/span><\/p>\n<p><span style=\"color: #333300;\">In Doumelong, we welcome small groups of people to our house Leatitia for the Marian shrine, for a retreat or for a time of rest.<\/span><\/p>\n<p><span style=\"color: #333300;\">In&nbsp; Foumbot, we started to make ice cream with an ice cream machine and some beautiful things to sell handcrafted by the sister.<\/span><\/p>\n<p><span style=\"color: #333300;\">It is in these structures that we zealously make Jesus and his Mother the Blessed Virgin known and loved.<\/span><\/p>\n<p><span style=\"color: #333300;\">In the Mission of Cameroon, we have strong moments that the liturgical time offers us to be and celebrate together as daughters of the Apostle Woman; Christmas, Easter, Presentation of Mary, our patronal feast. This word: &#8220;Let us put ourselves together&#8221; of our foundress, Blessed Marie Rivier, is very dear to us. It gives meaning to our being in the following of Jesus Christ.<\/span>[\/vc_column_text][vc_column_text]<\/p>\n<p>ngg_shortcode_0_placeholder[\/vc_column_text][\/vc_column][\/vc_row][vc_row][vc_column][vc_custom_heading text=&#8221;I leave you a legacy of the spirit of prayer (Marie Rivier)&#8221; font_container=&#8221;tag:h2|font_size:30|text_align:center|color:%230a7b08&#8243; google_fonts=&#8221;font_family:Adamina%3Aregular|font_style:400%20regular%3A400%3Anormal&#8221;][vc_column_text]<span style=\"color: #333300;\">This heritage bequeathed to us by our foundress motivates us day by day in our walk on the path of holiness. It is in prayer that we draw all our strength to live our consecration to follow Christ and to remain faithful to him.<\/span><\/p>\n<p><span style=\"color: #333300;\">Our passion stems first of all from our community life, from personal and community prayer, from adoration, from putting ourselves together, in sharing each other&#8217;s joys and sorrows. We have regular community meetings and outings in our own &nbsp;communities when possible, as well as monthly retreats and the annual community retreat at the end of the year in order to nourish and maintain our spiritual and human life.<\/span><\/p>\n<p><span style=\"color: #333300;\">At present, the Mission of Cameroon has 13 sisters in perpetual vows, 8 sisters in temporary vows, 3 second year novices and 2 postulants in their first year of formation. We also have a good number of young aspirants in each of our local communities.&nbsp; We see this as a sign of the presence of Jesus Christ and of our witness of life following Him, our Master.<\/span><\/p>\n<p>&nbsp;<\/p>\n<h3 style=\"text-align: center;\"><span style=\"color: #333300;\">&nbsp; &nbsp; &nbsp; &nbsp; &nbsp; &nbsp; &nbsp; &nbsp; &nbsp; &nbsp; &nbsp; &nbsp; &nbsp; <strong>OUR MOTTO: ALL FOR! ALL FOR THE HOLY LOVE!<\/strong><\/span><\/h3>\n<p><span style=\"color: #333300;\">This motto is for us, Sisters of the Presentation of Mary, an invitation to find God in all things. <em>(Ignatian Spirituality)<\/em><\/span><\/p>\n<p><span style=\"color: #333300;\">We are happy every day to respond to the demands of our consecration for the greater glory of God and the salvation of all by living the values of religious life. Like the Woman Apostle, we are tireless in our service, all for the glory of God.<\/span><\/p>\n<p>&nbsp;[\/vc_column_text][\/vc_column][\/vc_row]<\/p>\n<\/div>","protected":false},"excerpt":{"rendered":"<p>[vc_row][vc_column][vc_custom_heading text=&#8221;THE HISTORY OF THE MISSION OF CAMEROON&#8221; font_container=&#8221;tag:h2|font_size:40|text_align:center|color:%230a7c08&#8243; google_fonts=&#8221;font_family:Adamina%3Aregular|font_style:400%20regular%3A400%3Anormal&#8221;][vc_empty_space height=&#8221;40px&#8221;][vc_row_inner][vc_column_inner][gva_block_heading title=&#8221;INVITATION&#8221; style=&#8221;style-4&#8243; align=&#8221;align-left&#8221;]The presence of the Sisters of the Presentation in Cameroon was the fruit of the efforts of Bishop Jean Pasquier. He sent a request to Mother Jean-Th\u00e9ophane, then Superior General of the Congregation. Monsignor Pasquier asked for a community of sisters for [&hellip;]<\/p>\n","protected":false},"author":6,"featured_media":0,"parent":0,"menu_order":0,"comment_status":"closed","ping_status":"closed","template":"","meta":{"ngg_post_thumbnail":0,"footnotes":""},"lang":"en","translations":{"en":27959},"pll_sync_post":[],"_links":{"self":[{"href":"https:\/\/soeurs-de-la-presentation-de-marie.org\/pom\/wp-json\/wp\/v2\/pages\/27959"}],"collection":[{"href":"https:\/\/soeurs-de-la-presentation-de-marie.org\/pom\/wp-json\/wp\/v2\/pages"}],"about":[{"href":"https:\/\/soeurs-de-la-presentation-de-marie.org\/pom\/wp-json\/wp\/v2\/types\/page"}],"author":[{"embeddable":true,"href":"https:\/\/soeurs-de-la-presentation-de-marie.org\/pom\/wp-json\/wp\/v2\/users\/6"}],"replies":[{"embeddable":true,"href":"https:\/\/soeurs-de-la-presentation-de-marie.org\/pom\/wp-json\/wp\/v2\/comments?post=27959"}],"version-history":[{"count":11,"href":"https:\/\/soeurs-de-la-presentation-de-marie.org\/pom\/wp-json\/wp\/v2\/pages\/27959\/revisions"}],"predecessor-version":[{"id":27970,"href":"https:\/\/soeurs-de-la-presentation-de-marie.org\/pom\/wp-json\/wp\/v2\/pages\/27959\/revisions\/27970"}],"wp:attachment":[{"href":"https:\/\/soeurs-de-la-presentation-de-marie.org\/pom\/wp-json\/wp\/v2\/media?parent=27959"}],"curies":[{"name":"wp","href":"https:\/\/api.w.org\/{rel}","templated":true}]}}