{"id":28517,"date":"2022-11-11T18:09:57","date_gmt":"2022-11-11T17:09:57","guid":{"rendered":"https:\/\/soeurs-de-la-presentation-de-marie.org\/pom\/?page_id=28517"},"modified":"2022-11-20T20:58:33","modified_gmt":"2022-11-20T19:58:33","slug":"2022-novena","status":"publish","type":"page","link":"https:\/\/soeurs-de-la-presentation-de-marie.org\/pom\/2022-novena\/","title":{"rendered":"2022 Novena Presentacion de Maria"},"content":{"rendered":"<div class=\"wpb-content-wrapper\"><p>[vc_row][vc_column][vc_column_text]<\/p>\n<p style=\"text-align: right;\"><span style=\"color: #003366;\">Si alguno me ama, guardar\u00e1 mi Palabra,<\/span><br \/>\n<span style=\"color: #003366;\">mi Padre le amar\u00e1, y vendremos a \u00e9l,<\/span><br \/>\n<span style=\"color: #003366;\">y haremos morada en \u00e9l. <\/span><\/p>\n<p style=\"text-align: right;\"><em><span style=\"color: #003366;\">Jn 14,23<\/span><\/em><\/p>\n<p>[\/vc_column_text][vc_custom_heading text=&#8221;Qu\u00e9 hermosa eres oh Mar\u00eda \u2026 en el misterio del Templo!&#8221; font_container=&#8221;tag:h2|font_size:50|text_align:center|color:%230066bf&#8221; google_fonts=&#8221;font_family:Allura%3Aregular|font_style:400%20regular%3A400%3Anormal&#8221; css_animation=&#8221;appear&#8221;][vc_column_text]<\/p>\n<h2 style=\"text-align: center;\"><span style=\"color: #003366;\">Novena 2022<\/span><\/h2>\n<p>&nbsp;<\/p>\n<p><img loading=\"lazy\" decoding=\"async\" class=\"aligncenter wp-image-28436 size-full\" src=\"https:\/\/soeurs-de-la-presentation-de-marie.org\/pom\/wp-content\/uploads\/2022\/11\/COVER-dig-38544_re.jpg\" alt=\"\" width=\"1920\" height=\"985\"><\/p>\n<p><em>Credit: \u201cPresentation of the Virgin in the Temple\u201d, Titian, c.1534 -38,&nbsp; Gallerie dell\u2019 Accademia, Venice.&nbsp; &nbsp;<\/em>[\/vc_column_text][vc_column_text]<\/p>\n<h1><span style=\"color: #003366;\"><strong>INTRODUCCI\u00d3N:<\/strong><\/span><\/h1>\n<p><span style=\"color: #003366;\">Vivimos un tiempo de gracia, un momento \u00fanico en la historia &nbsp;de&nbsp;&nbsp;nuestra Congregaci\u00f3n. Nuestra Santa Fundadora, Mar\u00eda Rivier ha sido canonizada por el Papa Francisco, el 15 de mayo de 2022.<\/span><\/p>\n<p><span style=\"color: #003366;\">Ese d\u00eda memorable est\u00e1 siempre presente en nuestros corazones y en Dios del Universo en nuestra visi\u00f3n de futuro, que nos fascina avanzar por los caminos de la voluntad del Padre. <strong>El amor de Dios fue derramado en nuestros corazones<\/strong> Rm 5,5, con mucha Ternura y Misericordia.<\/span><\/p>\n<p><span style=\"color: #003366;\">La novena preparatoria para la Fiesta de la Presentaci\u00f3n de Mar\u00eda en el Templo, nos lleva al coraz\u00f3n de nuestra <em>espiritualidad. El esp\u00edritu de la Presentaci\u00f3n de Mar\u00eda es un esp\u00edritu totalmente interior<\/em> <strong>C3.<\/strong> <em>Somos santuario de Dios y el Esp\u00edritu de Dios habita en nosotros<\/em> 1 Co,3,16. Somos Templo del Dios vivo.<em> Me has seducido,&nbsp; Se\u00f1or y me dej\u00e9 seducir&nbsp;; me has agarrado y me has podido<\/em> Jr 20,7.<\/span><\/p>\n<p><span style=\"color: #003366;\">Orando con esta novena y vivi\u00e9ndola, estamos llamados a contemplar y proclamar&nbsp;: <strong>\u00a1Qu\u00e9 hermosa<\/strong> <strong><em>eres, oh Mar\u00eca\u2026 en el misterio del Templo&nbsp;! <\/em><\/strong><em>Bendita t\u00fa entre las mujeres y bendito el fruto de tu seno Lc <\/em>1,42. <em>Templo pur\u00edsimo de la divinidad, Ma\u00eda es para nosotras un lugar de oraci\u00f3n. Colmada de gracia por el Padre, llena del pensamiento de Jes\u00fas, Mar\u00eda<\/em><em> nos vuelve hacia Dios, atrae en nosotras al Esp\u00edritu que suple nuestra debilidad e intercede por nosotras con gemidos inefables <\/em><strong>C76.<\/strong><\/span><\/p>\n<p><span style=\"color: #003366;\">Mar\u00eda, la Virgen de la escucha de la Voluntad de Dios, habita y vive entre nosotros. La acogemos en nuestras vidas con fe y mucho amor. Nos ense\u00f1a a descubrir los caminos nuevos que el Padre ha elegido para nosotros.<\/span><\/p>\n<p><span style=\"color: #003366;\"><em>Danos la santa audacia de buscar nuevos caminos para que llegue a todos el don de la belleza que no se empa\u00f1a. <\/em><\/span><\/p>\n<p><span style=\"color: #003366;\"><em>Madre Virgen Mar\u00eda, t\u00fa que, movida por el Esp\u00edritu, acogiste al Verbo de la vida en la profundidad de tu fe humilde, totalmente abandonada al Eterno, ay\u00fadanos con urgencia &nbsp;a decir &#8220;s\u00ed&#8221;&nbsp; m\u00e1s que que otras veces &nbsp;y a proclamar la Buena Noticia de Jes\u00fas. <\/em><\/span><\/p>\n<p><span style=\"color: #003366;\"><em>Estrella de la nueva evangelizaci\u00f3n, ay\u00fadanos a irradiar con el testimonio de la comuni\u00f3n, del servicio, de la fe ardiente y generosa, de la justicia y del amor a los pobres, para que la alegr\u00eda del Evangelio llegue hasta los confines de la tierra y ninguna periferia se vea privada de su luz.&nbsp;<\/em><em>Papa Francisco, <strong>Evangelii Gaudium<\/strong><\/em><\/span><\/p>\n<p><span style=\"color: #003366;\"><strong>&nbsp;<\/strong>&nbsp;En comuni\u00f3n con mis Consejeras, os deseo una fervorosa novena y una bell\u00edsima fiesta de la Presentaci\u00f3n de Mar\u00eda,<\/span><\/p>\n<p>&nbsp;<\/p>\n<p><span style=\"color: #003366;\">Madre Maria ds Anjos Alves, pm<\/span><\/p>\n<p><span style=\"color: #003366;\">Superiora general<\/span>[\/vc_column_text][vc_separator color=&#8221;blue&#8221; style=&#8221;shadow&#8221; el_width=&#8221;80&#8243;][\/vc_column][\/vc_row][vc_row row_space=&#8221;remove_padding_top&#8221;][vc_column width=&#8221;1\/2&#8243;][vc_column_text]&nbsp; &nbsp; &nbsp; &nbsp; &nbsp; &nbsp; &nbsp; &nbsp; &nbsp; &nbsp; &nbsp; &nbsp; &nbsp;<\/p>\n<p>&nbsp; &nbsp; &nbsp; &nbsp; &nbsp; &nbsp; &nbsp; &nbsp; &nbsp; &nbsp; &nbsp; &nbsp;<span style=\"color: #000080;\"> DIA 9&nbsp; &nbsp; &nbsp; &nbsp; &nbsp; &nbsp; &nbsp; &nbsp; &nbsp;21 de Noviembre<\/span><\/p>\n<p>&nbsp; &nbsp; &nbsp; &nbsp;<\/p>\n<p><em><span style=\"color: #993300;\">La vida consagrada es hermosa porque revela en lo humano lo divino, revela que lo humano es capaz de Dios, a causa del Esp\u00edritu derramado en nosotros que nos purifica, nos fortalece, nos sana. <\/span><\/em><\/p>\n<p>&nbsp;<\/p>\n<h2>&nbsp;&nbsp;<span style=\"color: #000080;\"> Novena&nbsp;<\/span>&nbsp;<a href=\"https:\/\/soeurs-de-la-presentation-de-marie.org\/pom\/wp-content\/uploads\/2022\/11\/La-Presentacion-de-Maria-en-el-Templo.pdf\">La Presentaci\u00f3n de Mar\u00eda en el Templo<\/a><\/h2>\n<p>[\/vc_column_text][\/vc_column][vc_column width=&#8221;1\/2&#8243;][vc_column_text]<img loading=\"lazy\" decoding=\"async\" class=\"aligncenter wp-image-28914 size-full\" src=\"https:\/\/soeurs-de-la-presentation-de-marie.org\/pom\/wp-content\/uploads\/2022\/11\/PM_poster.png\" alt=\"\" width=\"800\" height=\"690\">[\/vc_column_text][\/vc_column][\/vc_row][vc_row row_space=&#8221;remove_padding_top&#8221;][vc_column width=&#8221;1\/2&#8243;][vc_column_text]&nbsp; &nbsp; &nbsp; &nbsp; &nbsp; &nbsp; &nbsp; &nbsp; &nbsp; &nbsp; &nbsp; &nbsp; &nbsp;<\/p>\n<p>&nbsp; &nbsp; &nbsp; &nbsp; &nbsp; &nbsp; &nbsp; &nbsp; &nbsp; &nbsp; &nbsp; &nbsp;<span style=\"color: #000080;\"> DIA 8&nbsp; &nbsp; &nbsp; &nbsp; &nbsp; &nbsp; &nbsp; &nbsp; &nbsp;20 de Noviembre<\/span><\/p>\n<p>&nbsp; &nbsp; &nbsp; &nbsp;<\/p>\n<p><span style=\"color: #993300;\"><em>El Par\u00e1clito, el Esp\u00edritu Santo, que el Padre enviar\u00e1 en mi nombre, os lo ense\u00f1ar\u00e1 todo y os recordar\u00e1 todo lo que yo os he dicho.&nbsp; &#8211;<\/em> Juan 14 &#8211;<\/span><\/p>\n<p>&nbsp;<\/p>\n<h2>&nbsp;&nbsp;<span style=\"color: #000080;\"> Novena&nbsp;<\/span>&nbsp;<a href=\"https:\/\/soeurs-de-la-presentation-de-marie.org\/pom\/wp-content\/uploads\/2022\/11\/La-Congregacion-de-la-Presentacion-de-Maria.pdf\">La Congregaci\u00f3n de la Presentaci\u00f3n de Mar\u00eda<\/a><\/h2>\n<p>[\/vc_column_text][\/vc_column][vc_column width=&#8221;1\/2&#8243;][vc_column_text]<img loading=\"lazy\" decoding=\"async\" class=\"aligncenter wp-image-28901 size-full\" src=\"https:\/\/soeurs-de-la-presentation-de-marie.org\/pom\/wp-content\/uploads\/2022\/11\/8_ESP.jpg\" alt=\"\" width=\"800\" height=\"618\">[\/vc_column_text][\/vc_column][\/vc_row][vc_row row_space=&#8221;remove_padding_top&#8221;][vc_column width=&#8221;1\/2&#8243;][vc_column_text]&nbsp; &nbsp; &nbsp; &nbsp; &nbsp; &nbsp; &nbsp; &nbsp; &nbsp; &nbsp; &nbsp; &nbsp; &nbsp;<\/p>\n<p>&nbsp; &nbsp; &nbsp; &nbsp; &nbsp; &nbsp; &nbsp; &nbsp; &nbsp; &nbsp; &nbsp; &nbsp;<span style=\"color: #000080;\"> DIA 7&nbsp; &nbsp; &nbsp; &nbsp; &nbsp; &nbsp; &nbsp; &nbsp; 19 de Noviembre<\/span><\/p>\n<p>&nbsp; &nbsp; &nbsp; &nbsp;<\/p>\n<p><span style=\"color: #993300;\">Sig\u00e1smole, pues, en el viaje que tenemos que hacer todas para llegar a la Jerusal\u00e9n celeste.&nbsp; &nbsp;&#8211;<em> Santa Maria Rivier &#8211;<\/em><\/span><\/p>\n<p>&nbsp;<\/p>\n<h2>&nbsp;&nbsp;<span style=\"color: #000080;\"> Novena&nbsp;<\/span>&nbsp;<a href=\"https:\/\/soeurs-de-la-presentation-de-marie.org\/pom\/wp-content\/uploads\/2022\/11\/Jerusalen-celeste-Templo-definitivo.pdf\">Jerusal\u00e9n celeste, Templo definitivo<\/a><\/h2>\n<p>[\/vc_column_text][\/vc_column][vc_column width=&#8221;1\/2&#8243;][vc_column_text]<img loading=\"lazy\" decoding=\"async\" class=\"aligncenter wp-image-28866 size-full\" src=\"https:\/\/soeurs-de-la-presentation-de-marie.org\/pom\/wp-content\/uploads\/2022\/11\/ESP-1.png\" alt=\"\" width=\"1200\" height=\"877\">[\/vc_column_text][\/vc_column][\/vc_row][vc_row row_space=&#8221;remove_padding_top&#8221;][vc_column width=&#8221;1\/2&#8243;][vc_column_text]&nbsp; &nbsp; &nbsp; &nbsp; &nbsp; &nbsp; &nbsp; &nbsp; &nbsp; &nbsp; &nbsp; &nbsp; &nbsp;<\/p>\n<p>&nbsp; &nbsp; &nbsp; &nbsp; &nbsp; &nbsp; &nbsp; &nbsp; &nbsp; &nbsp; &nbsp; &nbsp;<span style=\"color: #000080;\"> DIA 6&nbsp; &nbsp; &nbsp; &nbsp; &nbsp; &nbsp; &nbsp; &nbsp; 18 de Noviembre<\/span><\/p>\n<p>&nbsp; &nbsp; &nbsp; &nbsp;<\/p>\n<p><em><span style=\"color: #993300;\">Para muchos cristianos, este camino de fraternidad tiene tambi\u00e9n una Madre, llamada Mar\u00eda. Ella recibi\u00f3 ante la Cruz esta maternidad universal y est\u00e1 atenta no solo a Jes\u00fas sino tambi\u00e9n al resto de sus descendientes Ella.&nbsp;<\/span><\/em><\/p>\n<p>&nbsp;<\/p>\n<h2>&nbsp;&nbsp;<span style=\"color: #000080;\"> Novena&nbsp;<\/span>&nbsp;<a href=\"https:\/\/soeurs-de-la-presentation-de-marie.org\/pom\/wp-content\/uploads\/2022\/11\/Maria-Madre-de-los-cristianos.pdf\">Mar\u00eda, Madre de los cristianos<\/a><\/h2>\n<p>[\/vc_column_text][\/vc_column][vc_column width=&#8221;1\/2&#8243;][vc_column_text]<img loading=\"lazy\" decoding=\"async\" class=\"aligncenter wp-image-28769 size-full\" src=\"https:\/\/soeurs-de-la-presentation-de-marie.org\/pom\/wp-content\/uploads\/2022\/11\/ESP_6.png\" alt=\"\" width=\"1650\" height=\"1275\">[\/vc_column_text][\/vc_column][\/vc_row][vc_row row_space=&#8221;remove_padding_top&#8221;][vc_column width=&#8221;1\/2&#8243;][vc_column_text]&nbsp; &nbsp; &nbsp; &nbsp; &nbsp; &nbsp; &nbsp; &nbsp; &nbsp; &nbsp; &nbsp; &nbsp; &nbsp;<\/p>\n<p>&nbsp; &nbsp; &nbsp; &nbsp; &nbsp; &nbsp; &nbsp; &nbsp; &nbsp; &nbsp; &nbsp; &nbsp;<span style=\"color: #000080;\"> DIA 5&nbsp; &nbsp; &nbsp; &nbsp; &nbsp; &nbsp; &nbsp; &nbsp; 17 de Noviembre<\/span><\/p>\n<p>&nbsp; &nbsp; &nbsp; &nbsp;<\/p>\n<p><span style=\"color: #993300;\">Es la primera entre los humildes y los pobres, fieles que esperan la Redenci\u00f3n. <em>(San Juan Pablo II)<\/em><\/span><\/p>\n<p>&nbsp;<\/p>\n<h2>&nbsp;&nbsp;<span style=\"color: #000080;\"> Novena&nbsp;<\/span>&nbsp;<a href=\"https:\/\/soeurs-de-la-presentation-de-marie.org\/pom\/wp-content\/uploads\/2022\/11\/Maria-figura-da-Igreja-1.pdf\">Maria, figura da Igreja<\/a><\/h2>\n<p>[\/vc_column_text][\/vc_column][vc_column width=&#8221;1\/2&#8243;][vc_column_text]<img loading=\"lazy\" decoding=\"async\" class=\"aligncenter wp-image-28726 size-full\" src=\"https:\/\/soeurs-de-la-presentation-de-marie.org\/pom\/wp-content\/uploads\/2022\/11\/5_ESP.png\" alt=\"\" width=\"1154\" height=\"658\">[\/vc_column_text][\/vc_column][\/vc_row][vc_row row_space=&#8221;remove_padding_top&#8221;][vc_column width=&#8221;1\/2&#8243;][vc_column_text]&nbsp; &nbsp; &nbsp; &nbsp; &nbsp; &nbsp; &nbsp; &nbsp; &nbsp; &nbsp; &nbsp; &nbsp; &nbsp;<\/p>\n<p>&nbsp; &nbsp; &nbsp; &nbsp; &nbsp; &nbsp; &nbsp; &nbsp; &nbsp; &nbsp; &nbsp; &nbsp;<span style=\"color: #000080;\"> DIA 4&nbsp; &nbsp; &nbsp; &nbsp; &nbsp; &nbsp; &nbsp; &nbsp; 16 de Noviembre<\/span><\/p>\n<p>&nbsp; &nbsp; &nbsp; &nbsp;<\/p>\n<p><span style=\"color: #993300;\">El conocimiento de nuestro Se\u00f1or ha hecho a todos los santos, sostuvo a los m\u00e1rtires, y es el \u00fanico que puede crear la felicidad por s\u00ed mismo. Una vez que Jesucristo ha entrado en un coraz\u00f3n y reina en \u00e9l, quema y consume todo lo que hay de impuro y de opuesto a la santidad&#8230;<em> (Santa Maria Rivier)<\/em><\/span><\/p>\n<p>&nbsp;<\/p>\n<h2>&nbsp;&nbsp;<span style=\"color: #000080;\"> Novena&nbsp;<\/span>&nbsp;<a href=\"https:\/\/soeurs-de-la-presentation-de-marie.org\/pom\/wp-content\/uploads\/2022\/11\/Jesucristo-Nuevo-Templo.pdf\">Jesucristo, Nuevo Templo<\/a><\/h2>\n<p>[\/vc_column_text][\/vc_column][vc_column width=&#8221;1\/2&#8243;][vc_column_text]<img loading=\"lazy\" decoding=\"async\" class=\"aligncenter wp-image-28685 size-full\" src=\"https:\/\/soeurs-de-la-presentation-de-marie.org\/pom\/wp-content\/uploads\/2022\/11\/4_ESP.jpg\" alt=\"\" width=\"800\" height=\"582\">[\/vc_column_text][\/vc_column][\/vc_row][vc_row row_space=&#8221;remove_padding_top&#8221;][vc_column width=&#8221;1\/2&#8243;][vc_column_text]&nbsp; &nbsp; &nbsp; &nbsp; &nbsp; &nbsp; &nbsp; &nbsp; &nbsp; &nbsp; &nbsp; &nbsp; &nbsp;<\/p>\n<p>&nbsp; &nbsp; &nbsp; &nbsp; &nbsp; &nbsp; &nbsp; &nbsp; &nbsp; &nbsp; &nbsp; &nbsp;<span style=\"color: #000080;\"> DIA 3&nbsp; &nbsp; &nbsp; &nbsp; &nbsp; &nbsp; &nbsp; &nbsp; 15 de Noviembre<\/span><\/p>\n<p>&nbsp; &nbsp; &nbsp; &nbsp;<\/p>\n<p><span style=\"color: #993300;\">La vida consagrada como reflejo de la luz de Cristo es un signo que recuerda la entrada de Mar\u00eda en el Templo: la Virgen, la persona consagrada por excelencia, llevaba en sus brazos la Luz misma, el Verbo hecho carne.&nbsp;<em> (Antonella Palermo)<\/em><\/span><\/p>\n<p>&nbsp;<\/p>\n<h3>&nbsp;&nbsp;<span style=\"color: #000080;\"> Novena&nbsp;<\/span> <a href=\"https:\/\/soeurs-de-la-presentation-de-marie.org\/pom\/wp-content\/uploads\/2022\/11\/Maria-y-Jose-presentan-a-Jesus-en-el-Templo.pdf\">Mar\u00eda y Jos\u00e9 presentan a Jes\u00fas en el Templo<\/a><\/h3>\n<p>[\/vc_column_text][\/vc_column][vc_column width=&#8221;1\/2&#8243;][vc_column_text]<img loading=\"lazy\" decoding=\"async\" class=\"aligncenter wp-image-28605 size-full\" src=\"https:\/\/soeurs-de-la-presentation-de-marie.org\/pom\/wp-content\/uploads\/2022\/11\/3_ESP.png\" alt=\"\" width=\"1614\" height=\"1008\">[\/vc_column_text][\/vc_column][\/vc_row][vc_row row_space=&#8221;remove_padding_top&#8221;][vc_column width=&#8221;1\/2&#8243;][vc_column_text]&nbsp; &nbsp; &nbsp; &nbsp; &nbsp; &nbsp; &nbsp; &nbsp; &nbsp; &nbsp; &nbsp; &nbsp; &nbsp;<\/p>\n<p>&nbsp; &nbsp; &nbsp; &nbsp; &nbsp; &nbsp; &nbsp; &nbsp; &nbsp; &nbsp; &nbsp; &nbsp;<span style=\"color: #000080;\"> DIA 2&nbsp; &nbsp; &nbsp; &nbsp; &nbsp; &nbsp; &nbsp; &nbsp; 14 de Noviembre<\/span><\/p>\n<p>&nbsp; &nbsp; &nbsp; &nbsp;<\/p>\n<p><span style=\"color: #993300;\">Mar\u00eda se convertir\u00e1 en s\u00ed misma, Templo, lugar de la Presencia de Dios. Mar\u00eda es nombrada templo santo de Dios, m\u00e1s bella que el templo de Salom\u00f3n, templo o santuario del Esp\u00edritu Santo. Ella es tabern\u00e1culo del Alt\u00edsimo. Ella es Templo porque es Madre. <em>(Vatican &nbsp;News)<\/em><\/span><\/p>\n<p>&nbsp;<\/p>\n<h3>&nbsp; &nbsp; &nbsp; &nbsp; &nbsp; &nbsp;&nbsp;<span style=\"color: #000080;\"> Novena&nbsp;<\/span> <a href=\"https:\/\/soeurs-de-la-presentation-de-marie.org\/pom\/wp-content\/uploads\/2022\/11\/Maria_Templo-de-Dios-la-Anunciacion.pdf\">Mar\u00eda Templo de Dios, la Anunciaci\u00f3n<\/a><\/h3>\n<p>[\/vc_column_text][\/vc_column][vc_column width=&#8221;1\/2&#8243;][vc_column_text]<img loading=\"lazy\" decoding=\"async\" class=\"alignnone size-medium wp-image-28539\" src=\"https:\/\/soeurs-de-la-presentation-de-marie.org\/pom\/wp-content\/uploads\/2022\/11\/2-DAY_ESP-750x510.jpg\" alt=\"\" width=\"750\" height=\"510\">[\/vc_column_text][\/vc_column][\/vc_row][vc_row row_space=&#8221;remove_padding_top&#8221;][vc_column width=&#8221;1\/2&#8243;][vc_column_text]&nbsp;<\/p>\n<p>&nbsp; &nbsp; &nbsp; &nbsp; &nbsp; &nbsp; &nbsp; &nbsp; &nbsp;<span style=\"color: #000080;\"> DIA 1&nbsp; &nbsp; &nbsp; &nbsp; 13 de Noviembre<\/span><\/p>\n<p><span style=\"color: #993300;\"><em>El Templo de Jerusal\u00e9n es el signo de la voluntad de Dios de habitar la humanidad. Es la &#8220;morada&#8221; de &nbsp;Dios con nosotros.<\/em><\/span><\/p>\n<p>&nbsp;<\/p>\n<h2>&nbsp; &nbsp; &nbsp; &nbsp; &nbsp;<span style=\"color: #003366;\">Novena &nbsp;&nbsp;<a style=\"color: #003366;\" href=\"https:\/\/soeurs-de-la-presentation-de-marie.org\/pom\/wp-content\/uploads\/2022\/11\/Maria-y-el-Templo-de-Jerusalen.pdf\">Mar\u00eda y el Templo de Jerusal\u00e9n<\/a>&nbsp;<\/span><\/h2>\n<p>&nbsp;[\/vc_column_text][\/vc_column][vc_column width=&#8221;1\/2&#8243;][vc_column_text]<img loading=\"lazy\" decoding=\"async\" class=\"aligncenter wp-image-28520 size-full\" src=\"https:\/\/soeurs-de-la-presentation-de-marie.org\/pom\/wp-content\/uploads\/2022\/11\/1-DAY-ESP.jpg\" alt=\"\" width=\"1649\" height=\"1074\">[\/vc_column_text][\/vc_column][\/vc_row]<\/p>\n<\/div>","protected":false},"excerpt":{"rendered":"<p>[vc_row][vc_column][vc_column_text] Si alguno me ama, guardar\u00e1 mi Palabra, mi Padre le amar\u00e1, y vendremos a \u00e9l, y haremos morada en \u00e9l. Jn 14,23 [\/vc_column_text][vc_custom_heading text=&#8221;Qu\u00e9 hermosa eres oh Mar\u00eda \u2026 en el misterio del Templo!&#8221; font_container=&#8221;tag:h2|font_size:50|text_align:center|color:%230066bf&#8221; google_fonts=&#8221;font_family:Allura%3Aregular|font_style:400%20regular%3A400%3Anormal&#8221; css_animation=&#8221;appear&#8221;][vc_column_text] Novena 2022 &nbsp; Credit: \u201cPresentation of the Virgin in the Temple\u201d, Titian, c.1534 -38,&nbsp; Gallerie dell\u2019 Accademia, [&hellip;]<\/p>\n","protected":false},"author":6,"featured_media":0,"parent":0,"menu_order":0,"comment_status":"closed","ping_status":"closed","template":"","meta":{"ngg_post_thumbnail":0,"footnotes":""},"lang":"es","translations":{"es":28517},"pll_sync_post":[],"_links":{"self":[{"href":"https:\/\/soeurs-de-la-presentation-de-marie.org\/pom\/wp-json\/wp\/v2\/pages\/28517"}],"collection":[{"href":"https:\/\/soeurs-de-la-presentation-de-marie.org\/pom\/wp-json\/wp\/v2\/pages"}],"about":[{"href":"https:\/\/soeurs-de-la-presentation-de-marie.org\/pom\/wp-json\/wp\/v2\/types\/page"}],"author":[{"embeddable":true,"href":"https:\/\/soeurs-de-la-presentation-de-marie.org\/pom\/wp-json\/wp\/v2\/users\/6"}],"replies":[{"embeddable":true,"href":"https:\/\/soeurs-de-la-presentation-de-marie.org\/pom\/wp-json\/wp\/v2\/comments?post=28517"}],"version-history":[{"count":11,"href":"https:\/\/soeurs-de-la-presentation-de-marie.org\/pom\/wp-json\/wp\/v2\/pages\/28517\/revisions"}],"predecessor-version":[{"id":28935,"href":"https:\/\/soeurs-de-la-presentation-de-marie.org\/pom\/wp-json\/wp\/v2\/pages\/28517\/revisions\/28935"}],"wp:attachment":[{"href":"https:\/\/soeurs-de-la-presentation-de-marie.org\/pom\/wp-json\/wp\/v2\/media?parent=28517"}],"curies":[{"name":"wp","href":"https:\/\/api.w.org\/{rel}","templated":true}]}}