{"id":30337,"date":"2023-04-20T06:37:39","date_gmt":"2023-04-20T04:37:39","guid":{"rendered":"https:\/\/soeurs-de-la-presentation-de-marie.org\/pom\/?page_id=30337"},"modified":"2023-04-20T15:47:56","modified_gmt":"2023-04-20T13:47:56","slug":"mision-de-camerun","status":"publish","type":"page","link":"https:\/\/soeurs-de-la-presentation-de-marie.org\/pom\/mision-de-camerun\/","title":{"rendered":"MISI\u00d3N DE CAMER\u00daN"},"content":{"rendered":"<div class=\"wpb-content-wrapper\"><p>[vc_row gap=&#8221;2&#8243; row_space=&#8221;remove_padding_bottom&#8221;][vc_column][vc_custom_heading text=&#8221;HISTORIA DE LA MISI\u00d3N DE CAMER\u00daN&#8221; font_container=&#8221;tag:h2|font_size:44|text_align:center|color:%2342771b|line_height:1.5&#8243; google_fonts=&#8221;font_family:Adamina%3Aregular|font_style:400%20regular%3A400%3Anormal&#8221;][gva_block_heading title=&#8221;INVITACI\u00d3N&#8221; style=&#8221;style-4&#8243; align=&#8221;align-left&#8221;]<\/p>\n<p style=\"text-align: left;\"><span style=\"color: #333300;\">La presencia de las Hermanas de la Presentaci\u00f3n en tierra camerunesa es fruto del trabajo de Monse\u00f1or Pasquier. Este dirige una petici\u00f3n a Madre Jean-Th\u00e9ophane, entonces superiora general de la Congregaci\u00f3n. Monse\u00f1or Pasquier hace la petici\u00f3n de una comunidad de hermanas para la misi\u00f3n cat\u00f3lica de Atta. Despu\u00e9s de varios intentos ante otras Congregaciones para ganar la causa, se dirige a Castelgandolfo el 20 de mayo de 1987, a sugerencia de uno de sus hermanos, el padre Jean Loiseau, oblato. La solicitud es tenida en cuenta por el cap\u00edtulo general que tiene lugar en Ariccia, en el mes de septiembre de 1987. Monse\u00f1or es informado de ello y expresa inmediatamente su satisfacci\u00f3n en una carta sin fecha dirigida a la superiora general. En respuesta a la propuesta de monse\u00f1or, el consejo general delega entonces a sor Luisa de Jes\u00fas, consejera general, a sor Gis\u00e8le FOURNIER, superiora provincial de la provincia de Montreal y sor Jacqueline GUITE, religiosa misionera de la provincia de Montreal, trabajando en Senegambia desde 1963. Las tres viajaron a Camer\u00fan a finales de marzo hasta el 8 de abril de 1988.<\/span><\/p>\n<p>[\/gva_block_heading][gva_block_heading title=&#8221;PRIMER VIAJE MISIONERO EN TIERRAS CAMERUNESAS.&#8221; style=&#8221;style-4&#8243; align=&#8221;align-left&#8221;]<span style=\"color: #333300;\">Parten de Roma, nuestras hermanas Luisa de Jes\u00fas y Gis\u00e8le FOURNIER, hacen escala en Dakar por una noche y parten al d\u00eda siguiente con la hermana Jacqueline GUITE que las acompa\u00f1a como gu\u00eda dada su larga experiencia en \u00c1frica. El viaje es largo, con escala en todas las capitales de la costa de \u00c1frica Occidental. Llegadas a Douala, parten al d\u00eda siguiente, por avi\u00f3n v\u00eda Yaound\u00e9 y Ngaound\u00e9r\u00e9, donde monse\u00f1or Jean PASQUIER las acoge calurosamente en su obispado. Despu\u00e9s, de camino, con el obispo, vuelven al noroeste del pa\u00eds para por fin llegar al lejano pueblo de Atta, a descubrir &nbsp;&nbsp;una misi\u00f3n preparada para un nuevo impulso de evangelizaci\u00f3n.<\/span>[\/gva_block_heading][gva_block_heading title=&#8221;LAS FUNDADORAS&#8221; style=&#8221;style-4&#8243; align=&#8221;align-left&#8221;]<span style=\"color: #333300;\">Sor Jacqueline GUITE es nombrada responsable de la fundaci\u00f3n y superiora de la comunidad presentina de Atta. As\u00ed pues, partir\u00e1 el 20 de enero de 1989 con otras tres compa\u00f1eras. Se trata de sor Margaret CAMIRE de la provincia de Methuen, sor Marie-Veronique DIEME de Senegal y sor Lise THIBODEAU de la Provincia de Montreal. De junio a enero, la futura misi\u00f3n se prepara y organiza. Es un gran desaf\u00edo para la provincia religiosa de Montreal, que por primera vez asume la responsabilidad de una misi\u00f3n en \u00c1frica central. &nbsp;<\/span>[\/gva_block_heading][vc_row_inner content_placement=&#8221;middle&#8221; gap=&#8221;1&#8243;][vc_column_inner width=&#8221;1\/4&#8243;][\/vc_column_inner][vc_column_inner width=&#8221;1\/2&#8243;][vc_column_text]<img loading=\"lazy\" decoding=\"async\" class=\"aligncenter wp-image-30345 size-full\" src=\"https:\/\/soeurs-de-la-presentation-de-marie.org\/pom\/wp-content\/uploads\/2023\/04\/Cameroun-2.jpg\" alt=\"\" width=\"1275\" height=\"1650\">[\/vc_column_text][\/vc_column_inner][vc_column_inner width=&#8221;1\/4&#8243;][\/vc_column_inner][\/vc_row_inner][\/vc_column][\/vc_row][vc_row row_space=&#8221;remove_padding_top&#8221;][vc_column][gva_block_heading title=&#8221;VIAJE Y LLEGADA DE LAS MISIONERAS A CAMER\u00daN&#8221; style=&#8221;style-4&#8243; align=&#8221;align-left&#8221;]<span style=\"color: #333300;\">Nuestras hermanas salen de Montreal el 20 de enero, por&nbsp; fin llegan al final del viaje la tarde del 27 de enero, para entrar en su peque\u00f1a choza reci\u00e9n renovada y blanqueada con cal para dormir, confiadas, felices, abandonadas a la Providencia que las hab\u00eda protegido a lo largo de este viaje por tierra camerunesa. El 29 de enero, primera misa con los cristianos de Atta. Monse\u00f1or Pasquier presenta a las hermanas a la comunidad de los fieles reunidos para la Eucarist\u00eda del domingo.<\/span>[\/gva_block_heading][gva_block_heading title=&#8221;LA VIDA MISIONERA&#8221; style=&#8221;style-4&#8243; align=&#8221;align-left&#8221;]<span style=\"color: #333300;\">Los primeros meses posteriores a la llegada de las cuatro fundadoras se dedicaron a aprender el idioma, las costumbres y la cultura del pueblo <strong>mambila<\/strong>. La gente fue excepcionalmente acogedora en todas partes. Luego de explicar a la poblaci\u00f3n por qu\u00e9 vinieron, las hermanas expresaron su deseo de ser verdaderamente para todos, hermanas y amigas dispuestas a trabajar con ellos, en base a sus expectativas y necesidades.<\/span>[\/gva_block_heading][\/vc_column][\/vc_row][vc_row row_space=&#8221;remove_padding_top&#8221;][vc_column][vc_custom_heading text=&#8221;HOY&#8221; font_container=&#8221;tag:h2|font_size:44|text_align:center|color:%233d7714|line_height:1.5&#8243; google_fonts=&#8221;font_family:Adamina%3Aregular|font_style:400%20regular%3A400%3Anormal&#8221;][vc_custom_heading text=&#8221;Camer\u00fan es un pa\u00eds situado en el Centro de \u00c1frica. Tiene diez regiones. En nuestra Misi\u00f3n estamos en dos regiones. Al oeste en la di\u00f3cesis de Bafoussam con cuatro comunidades: Foumbot, Bafoussam, Doumelong (casa de formaci\u00f3n) y Bamougong. En el Litoral en la archidi\u00f3cesis de Douala con una comunidad. En la regi\u00f3n occidental la poblaci\u00f3n vive un 90% de la agricultura y del comercio. En el plan religioso son m\u00e1s del 50% cat\u00f3licos.&#8221; font_container=&#8221;tag:h2|font_size:20|text_align:justify|color:%234f7717|line_height:1.5&#8243; google_fonts=&#8221;font_family:Alice%3Aregular|font_style:400%20regular%3A400%3Anormal&#8221;][gva_block_heading title=&#8221;EDUCACI\u00d3N&#8221; style=&#8221;style-4&#8243; align=&#8221;align-left&#8221;]<span style=\"color: #147d64;\">En la Misi\u00f3n de Camer\u00fan, la mayor\u00eda de nosotras estamos en la ense\u00f1anza preescolar, primaria y secundaria. Nos encargamos de la secretar\u00eda de la Procura de las misiones de la di\u00f3cesis de Bafoussam.<\/span>[\/gva_block_heading][gva_block_heading title=&#8221;PASTORAL&#8221; style=&#8221;style-4&#8243; align=&#8221;align-left&#8221;]<span style=\"color: #147d64;\">Las hermanas est\u00e1n tambi\u00e9n muy activas en la pastoral. A saber: la catequesis de los ni\u00f1os, j\u00f3venes y adultos para recibir los sacramentos de iniciaci\u00f3n cristiana. La pastoral y visita de los enfermos para orar con ellos y llevarles la comuni\u00f3n y muchos son felices y consiguen llevar con mucha alegr\u00eda y esperanza sus sufrimientos. Tambi\u00e9n estamos cerca de las personas mayores y que viven solas para transmitirles ganas de vivir. Ofrecemos activamente nuestros servicios en el Santuario Mariano en la Di\u00f3cesis de Bafoussam, situado en Doumelong. Brindamos apoyo a los j\u00f3venes en diversos movimientos y grupos. Estamos activamente involucradas en la pastoral de infancia a nivel de&nbsp; di\u00f3cesis, de las parroquias donde estamos y en los lugares que se nos solicite. &nbsp;<\/span>[\/gva_block_heading][vc_column_text]<\/p>\n<p>ngg_shortcode_0_placeholder[\/vc_column_text][gva_block_heading title=&#8221;SALUD&#8221; style=&#8221;style-4&#8243; align=&#8221;align-left&#8221;]<span style=\"color: #147d64;\">Trabajamos tambi\u00e9n en el campo de la salud en &nbsp;centros cat\u00f3licos. Algunas hermanas est\u00e1n en formaci\u00f3n para el acompa\u00f1amiento psicol\u00f3gico y espiritual para responder a esta necesidad que se siente cada vez m\u00e1s en nuestra sociedad hoy.&nbsp;<\/span>[\/gva_block_heading][gva_block_heading title=&#8221;FAMILIA ESPIRITUAL&#8221; style=&#8221;style-4&#8243; align=&#8221;align-left&#8221;]<\/p>\n<p style=\"text-align: left;\"><span style=\"color: #147d64;\">Laicos Consagrados, Asociados Mar\u00eda &nbsp;Rivier y Juventud &nbsp;Rivier son grupos nuestros, con el fin de inculcar la espiritualidad de nuestra Madre en sus miembros y sentimos &nbsp;la satisfacci\u00f3n de muchos que est\u00e1n en estos grupos, porque estos grupos permiten a adultos, j\u00f3venes y ni\u00f1os dar sentido a sus vidas siguiendo a Cristo tras los pasos de Santa Mar\u00eda Rivier. Tambi\u00e9n somos muy activas en el servicio de las celebraciones de la Palabra de Dios en ausencia del sacerdote en la parroquia o en las misiones. Aseguramos el mantenimiento de la sacrist\u00eda en las parroquias donde estamos. Tambi\u00e9n estamos implicadas en el acompa\u00f1amiento de los grupos vocacionales en las parroquias e incluso en la di\u00f3cesis y es &nbsp;en esos encuentros que hay j\u00f3venes que se interesan por nuestro carisma. Estamos implicadas en el seguimiento de otros movimientos de acci\u00f3n cat\u00f3lica y de las comunidades eclesiales de base donde compartimos la Palabra de Dios con los fieles de Cristo.<\/span><\/p>\n<p>[\/gva_block_heading][gva_block_heading title=&#8221;FORMACION&#8221; style=&#8221;style-4&#8243; align=&#8221;align-left&#8221;]<span style=\"color: #147d64;\">Casas de formaci\u00f3n: El postulantado se hace en Camer\u00fan en Doumelong y el noviciado en Senegal en Dakar (en Rufisque). En la casa, los cursos son impartidos por varias personas: hermanas, sacerdotes y laicos. Aparte de esto, hacemos actividades manuales, crianza de animales, deporte y bricolaje;&nbsp; agricultura&nbsp; y&nbsp; fabricaci\u00f3n de productos de limpieza.<\/span><\/p>\n<p><span style=\"color: #147d64;\">Acogemos en Doumelong en el&nbsp; santuario mariano en la casa&nbsp; a peque\u00f1os grupos de personas para retiros o para un tiempo de descanso<\/span><\/p>\n<p><span style=\"color: #147d64;\">En Foumbot tenemos una tienda con una m\u00e1quina de helados y muchas otras cosas para vender.&nbsp;<\/span><\/p>\n<p><span style=\"color: #147d64;\">En estas estructuras damos a conocer y hacemos amar con celo a Jes\u00fas y a su Madre, la Sant\u00edsima Virgen.<\/span><\/p>\n<p><span style=\"color: #147d64;\">En la Misi\u00f3n de Camer\u00fan tenemos momentos fuertes que el tiempo lit\u00fargico nos ofrece para&nbsp; y celebrar juntas como hijas de la mujer Ap\u00f3stol: Navidad, Pascua, nuestra fiesta patronal, Presentaci\u00f3n de Mar\u00eda. Nos es muy querida esta palabra: <em>junt\u00e9monos<\/em> de nuestra fundadora beata Mar\u00eda Rivier, da sentido a nuestro ser en el seguimiento de Jesucristo.<\/span>[\/gva_block_heading][vc_column_text]<\/p>\n<p>ngg_shortcode_1_placeholder[\/vc_column_text][vc_custom_heading text=&#8221;Os dejo en herencia el esp\u00edritu de oraci\u00f3n (Mar\u00eda Rivier)&#8221; font_container=&#8221;tag:h2|font_size:21|text_align:center|color:%23578427&#8243; google_fonts=&#8221;font_family:Alice%3Aregular|font_style:400%20regular%3A400%3Anormal&#8221;][vc_column_text]<span style=\"color: #147d64;\">Esta herencia heredada de nuestra fundadora nos motiva d\u00eda a d\u00eda en nuestro camino hacia la santidad. De la oraci\u00f3n sacamos todas nuestras fuerzas para vivir nuestra consagraci\u00f3n en el seguimiento de Cristo y permanecer fieles a \u00e9l.<\/span><\/p>\n<p><span style=\"color: #147d64;\">Nuestra pasi\u00f3n deriva ante todo de nuestra vivencia comunitaria, de la oraci\u00f3n personal y comunitaria, de la adoraci\u00f3n, del <em>junt\u00e9monos.<\/em> Compartimos las alegr\u00edas y las penas de las unas y de las otras. Hacemos regularmente en nuestras comunidades el encuentro comunitario. Salidas comunitarias cuando es posible. Los retiros y al final de a\u00f1o el retiro anual comunitario para alimentar y mantener nuestra vida espiritual y humana.<\/span><\/p>\n<p><span style=\"color: #147d64;\">Tambi\u00e9n recibimos formaci\u00f3n continua para nuestro crecimiento en el seguimiento de Jesucristo. Y esto cada trimestre con temas seleccionados a principios de a\u00f1o. Adem\u00e1s, las j\u00f3venes profesas tienen sesiones de formaci\u00f3n con las dem\u00e1s congregaciones de la archidi\u00f3cesis de Douala y de la di\u00f3cesis de Bafoussam. Los responsables de la formaci\u00f3n tambi\u00e9n reciben formaci\u00f3n permanente para ayudar mejor a los j\u00f3venes.<\/span><\/p>\n<p><span style=\"color: #147d64;\">Nosotras, hermanas de la Presentaci\u00f3n de Mar\u00eda, estamos atentas y presentes en el Proyecto Diocesano de Renovaci\u00f3n Inculturada de la di\u00f3cesis de Bafoussam. Una mirada nueva para nuestra Iglesia particular de Bafoussam. Y participamos con las otras Congregaciones en la Uni\u00f3n de los Religiosos y Religiosas de las di\u00f3cesis en las que estamos.<\/span><\/p>\n<p><span style=\"color: #147d64;\">En este tiempo, la Misi\u00f3n de Camer\u00fan cuenta con 13 hermanas de votos perpetuos, 8 hermanas de votos temporales, 3 novicias de segundo a\u00f1o y 2 postulantes de primer a\u00f1o de formaci\u00f3n. Tambi\u00e9n tenemos un buen n\u00famero de j\u00f3venes aspirantes en cada una de nuestras comunidades locales; signo de la presencia de Jesucristo y de nuestro testimonio de vida en su seguimiento, \u00c9l nuestro Maestro.<\/span>[\/vc_column_text][vc_custom_heading text=&#8221;\u00a1TODO POR DIOS ! \u00a1TODO POR SU SANTO AMOR!&#8221; font_container=&#8221;tag:h2|font_size:24|text_align:center|color:%237c8909&#8243; google_fonts=&#8221;font_family:Alice%3Aregular|font_style:400%20regular%3A400%3Anormal&#8221;][vc_column_text]<span style=\"color: #147d64;\">Este lema es para nosotras, hermanas de la Presentaci\u00f3n de Mar\u00eda, una invitaci\u00f3n a encontrar a Dios en todo. (Espiritualidad ignaciana)<\/span><\/p>\n<p><span style=\"color: #147d64;\">Somos felices en el d\u00eda a d\u00eda de responder a las exigencias de nuestra consagraci\u00f3n para &nbsp;mayor gloria de Dios y salvaci\u00f3n de los hombres en la vivencia de los valores de la vida religiosa. Como la Mujer Ap\u00f3stol, somos incansables en el servicio para poner al hombre de pie. <em>Porque la gloria de Dios es el hombre de pie.<\/em><\/span>[\/vc_column_text][\/vc_column][\/vc_row]<\/p>\n<\/div>","protected":false},"excerpt":{"rendered":"<p>[vc_row gap=&#8221;2&#8243; row_space=&#8221;remove_padding_bottom&#8221;][vc_column][vc_custom_heading text=&#8221;HISTORIA DE LA MISI\u00d3N DE CAMER\u00daN&#8221; font_container=&#8221;tag:h2|font_size:44|text_align:center|color:%2342771b|line_height:1.5&#8243; google_fonts=&#8221;font_family:Adamina%3Aregular|font_style:400%20regular%3A400%3Anormal&#8221;][gva_block_heading title=&#8221;INVITACI\u00d3N&#8221; style=&#8221;style-4&#8243; align=&#8221;align-left&#8221;] La presencia de las Hermanas de la Presentaci\u00f3n en tierra camerunesa es fruto del trabajo de Monse\u00f1or Pasquier. Este dirige una petici\u00f3n a Madre Jean-Th\u00e9ophane, entonces superiora general de la Congregaci\u00f3n. Monse\u00f1or Pasquier hace la petici\u00f3n de una comunidad de hermanas [&hellip;]<\/p>\n","protected":false},"author":6,"featured_media":0,"parent":0,"menu_order":0,"comment_status":"closed","ping_status":"closed","template":"","meta":{"ngg_post_thumbnail":0,"footnotes":""},"lang":"es","translations":{"es":30337},"pll_sync_post":[],"_links":{"self":[{"href":"https:\/\/soeurs-de-la-presentation-de-marie.org\/pom\/wp-json\/wp\/v2\/pages\/30337"}],"collection":[{"href":"https:\/\/soeurs-de-la-presentation-de-marie.org\/pom\/wp-json\/wp\/v2\/pages"}],"about":[{"href":"https:\/\/soeurs-de-la-presentation-de-marie.org\/pom\/wp-json\/wp\/v2\/types\/page"}],"author":[{"embeddable":true,"href":"https:\/\/soeurs-de-la-presentation-de-marie.org\/pom\/wp-json\/wp\/v2\/users\/6"}],"replies":[{"embeddable":true,"href":"https:\/\/soeurs-de-la-presentation-de-marie.org\/pom\/wp-json\/wp\/v2\/comments?post=30337"}],"version-history":[{"count":30,"href":"https:\/\/soeurs-de-la-presentation-de-marie.org\/pom\/wp-json\/wp\/v2\/pages\/30337\/revisions"}],"predecessor-version":[{"id":30363,"href":"https:\/\/soeurs-de-la-presentation-de-marie.org\/pom\/wp-json\/wp\/v2\/pages\/30337\/revisions\/30363"}],"wp:attachment":[{"href":"https:\/\/soeurs-de-la-presentation-de-marie.org\/pom\/wp-json\/wp\/v2\/media?parent=30337"}],"curies":[{"name":"wp","href":"https:\/\/api.w.org\/{rel}","templated":true}]}}