{"id":36181,"date":"2025-04-20T23:12:25","date_gmt":"2025-04-20T21:12:25","guid":{"rendered":"https:\/\/soeurs-de-la-presentation-de-marie.org\/pom\/?page_id=36181"},"modified":"2025-05-21T20:28:48","modified_gmt":"2025-05-21T18:28:48","slug":"messages-2-2-2","status":"publish","type":"page","link":"https:\/\/soeurs-de-la-presentation-de-marie.org\/pom\/messages-2-2-2\/","title":{"rendered":"Messages"},"content":{"rendered":"<div class=\"wpb-content-wrapper\"><p>[vc_section][vc_row][vc_column][vc_row_inner equal_height=&#8221;yes&#8221; gap=&#8221;10&#8243; css=&#8221;.vc_custom_1736938653045{border-radius: 5px !important;}&#8221;][vc_column_inner width=&#8221;1\/4&#8243;][vc_single_image image=&#8221;36208&#8243; img_size=&#8221;full&#8221; alignment=&#8221;right&#8221; style=&#8221;vc_box_shadow_border&#8221; css=&#8221;&#8221;][\/vc_column_inner][vc_column_inner width=&#8221;1\/2&#8243;][vc_single_image image=&#8221;34878&#8243; img_size=&#8221;full&#8221; alignment=&#8221;center&#8221; style=&#8221;vc_box_shadow_3d&#8221; onclick=&#8221;img_link_large&#8221; css=&#8221;&#8221;][vc_custom_heading text=&#8221;Tout pour Dieu\u2009! Tout par le Saint Amour\u2009!&#8221; font_container=&#8221;tag:h2|text_align:center|color:%23063A68&#8243; google_fonts=&#8221;font_family:Asap%3Aregular%2Citalic%2C700%2C700italic|font_style:400%20regular%3A400%3Anormal&#8221; css=&#8221;&#8221;][vc_custom_heading text=&#8221;Bien ch\u00e8res s\u0153urs et toute la Famille spirituelle de Sainte Marie Rivier,&#8221; font_container=&#8221;tag:h2|text_align:left|color:%23063A68&#8243; google_fonts=&#8221;font_family:Archivo%20Narrow%3Aregular%2Citalic%2C700%2C700italic|font_style:400%20regular%3A400%3Anormal&#8221; css=&#8221;&#8221;][vc_custom_heading text=&#8221;C\u2019est avec surprise que nous avons appris ce matin le d\u00e9c\u00e8s de notre cher Pape Fran\u00e7ois. Hier, Dimanche de P\u00e2ques, nous avons entendu sa voix, nous l\u2019avons entendu adresser au monde entier un cri d\u2019Esp\u00e9rance, d\u2019Amour et de Paix pour tous.&#8221; font_container=&#8221;tag:h2|text_align:justify|color:%23063A68&#8243; google_fonts=&#8221;font_family:Archivo%20Narrow%3Aregular%2Citalic%2C700%2C700italic|font_style:400%20regular%3A400%3Anormal&#8221; css=&#8221;&#8221;][vc_custom_heading text=&#8221;Continuons \u00e0 faire m\u00e9moire de sa vie, du don qu\u2019il a \u00e9t\u00e9 pour l\u2019\u00c9glise et pour notre monde. Nous rendons gr\u00e2ce au Seigneur pour son remarquable d\u00e9vouement envers toutes les personnes, et tout particuli\u00e8rement envers les pauvres, les malades, les abandonn\u00e9s, les marginalis\u00e9s, les martyrs, ceux et celles dont la dignit\u00e9 d\u2019\u00eatre humain n\u2019est pas respect\u00e9e.   Son message, sa voix et son cri d\u2019amour pour l\u2019humanit\u00e9 resteront grav\u00e9s dans nos m\u00e9moires.&#8221; font_container=&#8221;tag:h2|text_align:justify|color:%23063A68&#8243; google_fonts=&#8221;font_family:Archivo%20Narrow%3Aregular%2Citalic%2C700%2C700italic|font_style:400%20regular%3A400%3Anormal&#8221; css=&#8221;&#8221;][vc_custom_heading text=&#8221;Rendons gr\u00e2ce pour son message, source d\u2019inspiration, et pour le t\u00e9moignage vivant qu\u2019il nous a laiss\u00e9 pendant son s\u00e9jour sur terre.&#8221; font_container=&#8221;tag:h2|text_align:justify|color:%23063A68&#8243; google_fonts=&#8221;font_family:Archivo%20Narrow%3Aregular%2Citalic%2C700%2C700italic|font_style:400%20regular%3A400%3Anormal&#8221; css=&#8221;&#8221;][vc_custom_heading text=&#8221;En union avec l\u2019\u00c9glise universelle et l\u2019ensemble de l\u2019humanit\u00e9, nous prions le Pape Fran\u00e7ois de continuer \u00e0 interc\u00e9der pour toutes les personnes dans le besoin et de nous obtenir de J\u00e9sus, Prince de la Paix, le don de la R\u00e9conciliation, de la Paix et de la Vie.&#8221; font_container=&#8221;tag:h2|text_align:justify|color:%23063A68&#8243; google_fonts=&#8221;font_family:Archivo%20Narrow%3Aregular%2Citalic%2C700%2C700italic|font_style:400%20regular%3A400%3Anormal&#8221; css=&#8221;&#8221;][vc_custom_heading text=&#8221;Que la Vierge Marie, M\u00e8re de J\u00e9sus et M\u00e8re de l\u2019\u00c9glise nous soutienne dans la Confiance et dans l\u2019Amour.&#8221; font_container=&#8221;tag:h2|text_align:justify|color:%23063A68&#8243; google_fonts=&#8221;font_family:Archivo%20Narrow%3Aregular%2Citalic%2C700%2C700italic|font_style:400%20regular%3A400%3Anormal&#8221; css=&#8221;&#8221;][vc_custom_heading text=&#8221;Tous, d\u2019un m\u00eame c\u0153ur, \u00e9taient assidus \u00e0 la pri\u00e8re, avec des femmes, avec Marie la m\u00e8re de J\u00e9sus .(Ac 1,14)&#8221; font_container=&#8221;tag:h2|font_size:25|text_align:justify|color:%23063A68&#8243; google_fonts=&#8221;font_family:Archivo%20Narrow%3Aregular%2Citalic%2C700%2C700italic|font_style:400%20regular%3A400%3Anormal&#8221; css=&#8221;&#8221;][vc_custom_heading text=&#8221;L\u2019Esprit Saint continue de guider son \u00c9glise sur les chemins de la volont\u00e9 de Dieu, P\u00e8re de toute l\u2019humanit\u00e9.&#8221; font_container=&#8221;tag:h2|text_align:justify|color:%23063A68&#8243; google_fonts=&#8221;font_family:Archivo%20Narrow%3Aregular%2Citalic%2C700%2C700italic|font_style:400%20regular%3A400%3Anormal&#8221; css=&#8221;&#8221;][vc_custom_heading text=&#8221;Bien unies dans la Communion et l\u2019Esp\u00e9rance,<br \/>\nS\u0153ur Maria dos Anjos Alves, p.m<br \/>\nSup\u00e9rieure g\u00e9n\u00e9rale&#8221; font_container=&#8221;tag:h2|text_align:left|color:%23063A68&#8243; google_fonts=&#8221;font_family:Archivo%20Narrow%3Aregular%2Citalic%2C700%2C700italic|font_style:400%20regular%3A400%3Anormal&#8221; css=&#8221;&#8221;][\/vc_column_inner][vc_column_inner width=&#8221;1\/4&#8243;][vc_single_image image=&#8221;36216&#8243; img_size=&#8221;full&#8221; style=&#8221;vc_box_shadow_border&#8221; css=&#8221;&#8221;][\/vc_column_inner][\/vc_row_inner][\/vc_column][\/vc_row][vc_row][vc_column][gva_image_content title=&#8221;Message de la M\u00e8re pour P\u00e2ques 2025&#8243; background=&#8221;36168&#8243; link=&#8221;https:\/\/soeurs-de-la-presentation-de-marie.org\/pom\/wp-content\/uploads\/2025\/04\/FR-Message-de-Paques-2025-.pdf&#8221;][\/gva_image_content][\/vc_column][vc_column][vc_column_text]<\/p>\n<h2>Message de M\u00e8re Maria dos Anjos Alves pour No\u00ebl 2018<\/h2>\n<p>[\/vc_column_text][\/vc_column][\/vc_row][vc_row][vc_column width=&#8221;1\/5&#8243;][vc_column_text]<\/p>\n<p style=\"text-align: center;\"><a href=\"http:\/\/soeurs-de-la-presentation-de-marie.org\/pom\/wp-content\/uploads\/2018\/12\/No\u00ebl-2018-voeux-en-Fran\u00e7ais-A4.pdf\"><img loading=\"lazy\" decoding=\"async\" class=\"wp-image-4921 aligncenter\" src=\"http:\/\/soeurs-de-la-presentation-de-marie.org\/pom\/wp-content\/uploads\/2015\/12\/Christmas-wish-thumbnail.jpg\" alt=\"\" width=\"109\" height=\"169\"><\/a><\/p>\n<p style=\"text-align: center;\"><a href=\"http:\/\/soeurs-de-la-presentation-de-marie.org\/pom\/wp-content\/uploads\/2018\/12\/No\u00ebl-2018-voeux-en-Fran\u00e7ais-A4.pdf\">en Fran\u00e7ais<\/a><\/p>\n<p>[\/vc_column_text][\/vc_column][vc_column width=&#8221;1\/5&#8243;][vc_column_text]<\/p>\n<p style=\"text-align: center;\"><a href=\"http:\/\/soeurs-de-la-presentation-de-marie.org\/pom\/wp-content\/uploads\/2018\/12\/No\u00ebl-2018-voeux-en-Fran\u00e7ais-A4.pdf\"><img loading=\"lazy\" decoding=\"async\" class=\"wp-image-4921 aligncenter\" src=\"http:\/\/soeurs-de-la-presentation-de-marie.org\/pom\/wp-content\/uploads\/2015\/12\/Christmas-wish-thumbnail.jpg\" alt=\"\" width=\"109\" height=\"169\"><\/a><\/p>\n<p style=\"text-align: center;\"><a href=\"http:\/\/soeurs-de-la-presentation-de-marie.org\/pom\/wp-content\/uploads\/2018\/12\/No\u00ebl-2018-voeux-en-Portugais-A4.pdf\">em Portugu\u00eas<\/a><\/p>\n<p>[\/vc_column_text][\/vc_column][vc_column width=&#8221;1\/5&#8243;][vc_column_text]<\/p>\n<p style=\"text-align: center;\"><a href=\"http:\/\/soeurs-de-la-presentation-de-marie.org\/pom\/wp-content\/uploads\/2018\/12\/No\u00ebl-2018-voeux-en-Fran\u00e7ais-A4.pdf\"><img loading=\"lazy\" decoding=\"async\" class=\"wp-image-4921 aligncenter\" src=\"http:\/\/soeurs-de-la-presentation-de-marie.org\/pom\/wp-content\/uploads\/2015\/12\/Christmas-wish-thumbnail.jpg\" alt=\"\" width=\"109\" height=\"169\"><\/a><\/p>\n<p style=\"text-align: center;\"><a href=\"http:\/\/soeurs-de-la-presentation-de-marie.org\/pom\/wp-content\/uploads\/2018\/12\/Noel-2018-Jvoeux-en-Japonais.pdf\">\u65e5\u672c\u8a9e<\/a><\/p>\n<p>[\/vc_column_text][\/vc_column][vc_column width=&#8221;1\/5&#8243;][vc_column_text]<\/p>\n<p style=\"text-align: center;\"><a href=\"http:\/\/soeurs-de-la-presentation-de-marie.org\/pom\/wp-content\/uploads\/2018\/12\/No\u00ebl-2018-voeux-en-Fran\u00e7ais-A4.pdf\"><img loading=\"lazy\" decoding=\"async\" class=\"wp-image-4921 aligncenter\" src=\"http:\/\/soeurs-de-la-presentation-de-marie.org\/pom\/wp-content\/uploads\/2015\/12\/Christmas-wish-thumbnail.jpg\" alt=\"\" width=\"109\" height=\"169\"><\/a><\/p>\n<p style=\"text-align: center;\"><a href=\"http:\/\/soeurs-de-la-presentation-de-marie.org\/pom\/wp-content\/uploads\/2018\/12\/No\u00ebl-2018-voeux-en-Anglais-A4.pdf\">in English<\/a><\/p>\n<p>[\/vc_column_text][\/vc_column][vc_column width=&#8221;1\/5&#8243;][vc_column_text]<\/p>\n<p style=\"text-align: center;\"><a href=\"http:\/\/soeurs-de-la-presentation-de-marie.org\/pom\/wp-content\/uploads\/2018\/12\/No\u00ebl-2018-voeux-en-Fran\u00e7ais-A4.pdf\"><img loading=\"lazy\" decoding=\"async\" class=\"wp-image-4921 aligncenter\" src=\"http:\/\/soeurs-de-la-presentation-de-marie.org\/pom\/wp-content\/uploads\/2015\/12\/Christmas-wish-thumbnail.jpg\" alt=\"\" width=\"109\" height=\"169\"><\/a><\/p>\n<p style=\"text-align: center;\"><a href=\"http:\/\/soeurs-de-la-presentation-de-marie.org\/pom\/wp-content\/uploads\/2018\/12\/No\u00ebl-2018-voeux-en-Espa\u00f1ol-A4.pdf\">en Espa\u00f1ol<\/a><\/p>\n<p>[\/vc_column_text][\/vc_column][\/vc_row][\/vc_section][vc_row][vc_column][vc_column_text]<\/p>\n<h2>Message de M\u00e8re Maria dos Anjos Alves pour le d\u00e9but de l&#8217;Ann\u00e9e de la R\u00e8gle de Vie (2018)<\/h2>\n<p>[\/vc_column_text][\/vc_column][\/vc_row][vc_row][vc_column width=&#8221;1\/5&#8243;][vc_column_text]<img loading=\"lazy\" decoding=\"async\" class=\"alignleft wp-image-4688\" src=\"http:\/\/soeurs-de-la-presentation-de-marie.org\/pom\/wp-content\/uploads\/2018\/11\/pdf-180x180.png\" alt=\"\" width=\"20\" height=\"20\"><a href=\"http:\/\/soeurs-de-la-presentation-de-marie.org\/pom\/wp-content\/uploads\/2018\/11\/Message-Annee-de-la-Regle-de-Vie_francais.pdf\" target=\"_blank\" rel=\"noopener\">en fran\u00e7ais<\/a>[\/vc_column_text][\/vc_column][vc_column width=&#8221;1\/5&#8243;][vc_column_text]<img loading=\"lazy\" decoding=\"async\" class=\"alignleft wp-image-4688\" src=\"http:\/\/soeurs-de-la-presentation-de-marie.org\/pom\/wp-content\/uploads\/2018\/11\/pdf-180x180.png\" alt=\"\" width=\"20\" height=\"20\"><a href=\"http:\/\/soeurs-de-la-presentation-de-marie.org\/pom\/wp-content\/uploads\/2018\/11\/Message-Annee-de-la-Regle-de-Vie_portoguese.pdf\" target=\"_blank\" rel=\"noopener\">em portugu\u00eas<\/a>[\/vc_column_text][\/vc_column][vc_column width=&#8221;1\/5&#8243;][vc_column_text]<img loading=\"lazy\" decoding=\"async\" class=\"alignleft wp-image-4688\" src=\"http:\/\/soeurs-de-la-presentation-de-marie.org\/pom\/wp-content\/uploads\/2018\/11\/pdf-180x180.png\" alt=\"\" width=\"20\" height=\"20\"><a href=\"http:\/\/soeurs-de-la-presentation-de-marie.org\/pom\/wp-content\/uploads\/2018\/11\/Message-Annee-de-la-Regle-de-Vie_espanol.pdf\" target=\"_blank\" rel=\"noopener\">en espa\u00f1ol<\/a>[\/vc_column_text][\/vc_column][vc_column width=&#8221;1\/5&#8243;][vc_column_text]<img loading=\"lazy\" decoding=\"async\" class=\"alignleft wp-image-4688\" src=\"http:\/\/soeurs-de-la-presentation-de-marie.org\/pom\/wp-content\/uploads\/2018\/11\/pdf-180x180.png\" alt=\"\" width=\"20\" height=\"20\"><a href=\"http:\/\/soeurs-de-la-presentation-de-marie.org\/pom\/wp-content\/uploads\/2018\/11\/Message-Annee-de-la-Regle-de-Vie_english.pdf\" target=\"_blank\" rel=\"noopener\">in English<\/a>[\/vc_column_text][\/vc_column][vc_column width=&#8221;1\/5&#8243;][vc_column_text]<img loading=\"lazy\" decoding=\"async\" class=\"alignleft wp-image-4688\" src=\"http:\/\/soeurs-de-la-presentation-de-marie.org\/pom\/wp-content\/uploads\/2018\/11\/pdf-180x180.png\" alt=\"\" width=\"20\" height=\"20\"><a href=\"http:\/\/soeurs-de-la-presentation-de-marie.org\/pom\/wp-content\/uploads\/2018\/11\/Message-Annee-de-la-Regle-de-Vie_japonais.pdf\" target=\"_blank\" rel=\"noopener\">\u65e5\u672c\u8a9e\u3067<\/a>[\/vc_column_text][\/vc_column][\/vc_row][vc_row][vc_column width=&#8221;1\/2&#8243;][vc_video link=&#8221;https:\/\/youtu.be\/9RRwHdSdfEs&#8221; title=&#8221;en fran\u00e7ais&#8221;][vc_video link=&#8221;https:\/\/youtu.be\/ow5qYQiQbkM&#8221; title=&#8221;en espa\u00f1ol&#8221;][\/vc_column][vc_column width=&#8221;1\/2&#8243;][vc_video link=&#8221;https:\/\/youtu.be\/ZXjxXnRMHZM&#8221; title=&#8221;em portugu\u00eas&#8221;][vc_video link=&#8221;https:\/\/youtu.be\/W55EI-L_xho&#8221; title=&#8221;in English&#8221;][\/vc_column][\/vc_row]<\/p>\n<\/div>","protected":false},"excerpt":{"rendered":"<p>[vc_section][vc_row][vc_column][vc_row_inner equal_height=&#8221;yes&#8221; gap=&#8221;10&#8243; css=&#8221;.vc_custom_1736938653045{border-radius: 5px !important;}&#8221;][vc_column_inner width=&#8221;1\/4&#8243;][vc_single_image image=&#8221;36208&#8243; img_size=&#8221;full&#8221; alignment=&#8221;right&#8221; style=&#8221;vc_box_shadow_border&#8221; css=&#8221;&#8221;][\/vc_column_inner][vc_column_inner width=&#8221;1\/2&#8243;][vc_single_image image=&#8221;34878&#8243; img_size=&#8221;full&#8221; alignment=&#8221;center&#8221; style=&#8221;vc_box_shadow_3d&#8221; onclick=&#8221;img_link_large&#8221; css=&#8221;&#8221;][vc_custom_heading text=&#8221;Tout pour Dieu\u2009! Tout par le Saint Amour\u2009!&#8221; font_container=&#8221;tag:h2|text_align:center|color:%23063A68&#8243; google_fonts=&#8221;font_family:Asap%3Aregular%2Citalic%2C700%2C700italic|font_style:400%20regular%3A400%3Anormal&#8221; css=&#8221;&#8221;][vc_custom_heading text=&#8221;Bien ch\u00e8res s\u0153urs et toute la Famille spirituelle de Sainte Marie Rivier,&#8221; font_container=&#8221;tag:h2|text_align:left|color:%23063A68&#8243; google_fonts=&#8221;font_family:Archivo%20Narrow%3Aregular%2Citalic%2C700%2C700italic|font_style:400%20regular%3A400%3Anormal&#8221; css=&#8221;&#8221;][vc_custom_heading text=&#8221;C\u2019est avec surprise que nous avons appris ce matin le [&hellip;]<\/p>\n","protected":false},"author":9,"featured_media":0,"parent":0,"menu_order":1,"comment_status":"closed","ping_status":"closed","template":"","meta":{"ngg_post_thumbnail":0,"footnotes":""},"lang":"fr","translations":{"fr":36181,"en":36177,"pt":6280,"es":36185},"pll_sync_post":[],"_links":{"self":[{"href":"https:\/\/soeurs-de-la-presentation-de-marie.org\/pom\/wp-json\/wp\/v2\/pages\/36181"}],"collection":[{"href":"https:\/\/soeurs-de-la-presentation-de-marie.org\/pom\/wp-json\/wp\/v2\/pages"}],"about":[{"href":"https:\/\/soeurs-de-la-presentation-de-marie.org\/pom\/wp-json\/wp\/v2\/types\/page"}],"author":[{"embeddable":true,"href":"https:\/\/soeurs-de-la-presentation-de-marie.org\/pom\/wp-json\/wp\/v2\/users\/9"}],"replies":[{"embeddable":true,"href":"https:\/\/soeurs-de-la-presentation-de-marie.org\/pom\/wp-json\/wp\/v2\/comments?post=36181"}],"version-history":[{"count":5,"href":"https:\/\/soeurs-de-la-presentation-de-marie.org\/pom\/wp-json\/wp\/v2\/pages\/36181\/revisions"}],"predecessor-version":[{"id":36304,"href":"https:\/\/soeurs-de-la-presentation-de-marie.org\/pom\/wp-json\/wp\/v2\/pages\/36181\/revisions\/36304"}],"wp:attachment":[{"href":"https:\/\/soeurs-de-la-presentation-de-marie.org\/pom\/wp-json\/wp\/v2\/media?parent=36181"}],"curies":[{"name":"wp","href":"https:\/\/api.w.org\/{rel}","templated":true}]}}