{"id":4088,"date":"2018-10-27T11:24:53","date_gmt":"2018-10-27T09:24:53","guid":{"rendered":"http:\/\/soeurs-de-la-presentation-de-marie.org\/pom\/?page_id=4088"},"modified":"2019-07-25T16:58:56","modified_gmt":"2019-07-25T14:58:56","slug":"ensemble-famille-spirituelle","status":"publish","type":"page","link":"https:\/\/soeurs-de-la-presentation-de-marie.org\/pom\/presentation-de-marie\/ensemble-famille-spirituelle\/","title":{"rendered":"La famille spirituelle"},"content":{"rendered":"<p>Nous sommes ensemble, nous sommes une grande famille&nbsp; s\u0153urs, associ\u00e9s, fraternit\u00e9s Marie Rivier, la\u00efcs consacr\u00e9s, enfants, jeunes, nos familles. Nous appuyant sur l\u2019exemple de la Vierge Marie et de Marie Rivier, nous apprenons \u00e0 marcher en pr\u00e9sence de Dieu, \u00e0 vivre dans l\u2019ordinaire de notre quotidien le Tout Pour Dieu par amour! \u00catre ensemble est pour nous une force d\u2019esp\u00e9rance, une richesse de foi et d\u2019amour.<\/p>\n<p><a href=\"http:\/\/soeurs-de-la-presentation-de-marie.org\/pom\/presentation-de-marie\/ensemble-famille-spirituelle\/marie-rivier-associate\"><strong>ASSOCIES MARIE RIVIER<\/strong><\/a><br \/>\nLes Associ\u00e9s sont partout une r\u00e9alit\u00e9 vivante. Nous sentons que les Associ\u00e9s sont partie int\u00e9grante de notre famille religieuse. Ils s\u2019engagent \u00e0 vivre une vie de pri\u00e8re plus profonde, \u00e0 donner de leur temps \u00e0 l\u2019adoration eucharistique, \u00e0 \u00e9couter et \u00e0 partager la Parole de Dieu. Ils se sentent appel\u00e9s \u00e0 s\u2019engager de plus en plus dans la mission apostolique qui est la n\u00f4tre, au service de l\u2019\u00c9glise et dans le monde, afin de faire conna\u00eetre et aimer J\u00e9sus Christ, la Vierge Marie et notre bienheureuse Fondatrice.<\/p>\n<p><a href=\"http:\/\/soeurs-de-la-presentation-de-marie.org\/pom\/presentation-de-marie\/ensemble-famille-spirituelle\/pm-lay-consecrated\/\"><strong>LAICS CONSACRES<\/strong><\/a><br \/>\nLes La\u00efcs consacr\u00e9s sont pr\u00e9sents dans cinq de nos Provinces, R\u00e9gions, Missions: Cameroun, \u00c9tats-Unis, Mozambique, P\u00e9rou, Qu\u00e9bec. Leur formation et l\u2019approfondissement de leur v\u0153u les aide \u00e0 vivre leur engagement avec dynamisme. Comme Marie Rivier, ils veulent t\u00e9moigner de leur amour pour J\u00e9sus Christ, de leur d\u00e9sir du faire conna\u00eetre et aimer dans leur milieu de vie. L\u2019amour pour J\u00e9sus Christ remplit leur c\u0153urs. Ils vivent selon la spiritualit\u00e9 de la Congr\u00e9gation. La plupart sont engag\u00e9s en pastorale paroissiale, cat\u00e9ch\u00e8se, visite aux personnes \u00e2g\u00e9es ou malades\u2026<\/p>\n<p><strong>AMIS DE MARIE RIVIER, COLLABORATEURS\/COLLABORATRICES<\/strong><br \/>\nLes Amis de Marie sont de petits groupes qui existent dans de nombreux pays diff\u00e9rents de la famille de la Pr\u00e9sentation de Marie. Ils sont des groupes reconnus au Mozambique des Associadinhos et aux Philippines des Marinettes. Nos \u00e9l\u00e8ves dans tous nos \u00e9tablissements scolaires, pass\u00e9s et futurs, les collaborateurs et collaboratrices sont des amis de Marie Rivier.<\/p>\n<p><a href=\"http:\/\/presentationdemarie.org\/\" target=\"_blank\" rel=\"noopener noreferrer\"><strong>MARIE RIVIER SOLIDARITE<\/strong><\/a><\/p>\n<p>&nbsp;<\/p>\n<blockquote class=\"wp-embedded-content\" data-secret=\"QxdDjKDLhQ\"><p><a href=\"http:\/\/soeurs-de-la-presentation-de-marie.org\/pom\/province-de-france-famille-spirituel\/\">Province de France<\/a><\/p><\/blockquote>\n<p><iframe title=\"&#8220;Province de France&#8221; &#8212; Presentation de Marie\" class=\"wp-embedded-content\" sandbox=\"allow-scripts\" security=\"restricted\" style=\"position: absolute; clip: rect(1px, 1px, 1px, 1px);\" src=\"http:\/\/soeurs-de-la-presentation-de-marie.org\/pom\/province-de-france-famille-spirituel\/embed\/#?secret=QxdDjKDLhQ\" data-secret=\"QxdDjKDLhQ\" width=\"600\" height=\"338\" frameborder=\"0\" marginwidth=\"0\" marginheight=\"0\" scrolling=\"no\"><\/iframe><\/p>\n<blockquote class=\"wp-embedded-content\" data-secret=\"Fg3AfIKm51\"><p><a href=\"http:\/\/soeurs-de-la-presentation-de-marie.org\/pom\/province-du-portugal-2\/\">Province du Portugal<\/a><\/p><\/blockquote>\n<p><iframe title=\"&#8220;Province du Portugal&#8221; &#8212; Presentation de Marie\" class=\"wp-embedded-content\" sandbox=\"allow-scripts\" security=\"restricted\" style=\"position: absolute; clip: rect(1px, 1px, 1px, 1px);\" src=\"http:\/\/soeurs-de-la-presentation-de-marie.org\/pom\/province-du-portugal-2\/embed\/#?secret=Fg3AfIKm51\" data-secret=\"Fg3AfIKm51\" width=\"600\" height=\"338\" frameborder=\"0\" marginwidth=\"0\" marginheight=\"0\" scrolling=\"no\"><\/iframe><\/p>\n","protected":false},"excerpt":{"rendered":"<p>Nous sommes ensemble, nous sommes une grande famille&nbsp; s\u0153urs, associ\u00e9s, fraternit\u00e9s Marie Rivier, la\u00efcs consacr\u00e9s, enfants, jeunes, nos familles. Nous appuyant sur l\u2019exemple de la Vierge Marie et de Marie Rivier, nous apprenons \u00e0 marcher en pr\u00e9sence de Dieu, \u00e0 vivre dans l\u2019ordinaire de notre quotidien le Tout Pour Dieu par amour! \u00catre ensemble est [&hellip;]<\/p>\n","protected":false},"author":1,"featured_media":0,"parent":4068,"menu_order":0,"comment_status":"closed","ping_status":"closed","template":"","meta":{"ngg_post_thumbnail":0,"footnotes":""},"lang":"fr","translations":{"fr":4088,"en":6100,"es":6102,"pt":6104},"pll_sync_post":[],"_links":{"self":[{"href":"https:\/\/soeurs-de-la-presentation-de-marie.org\/pom\/wp-json\/wp\/v2\/pages\/4088"}],"collection":[{"href":"https:\/\/soeurs-de-la-presentation-de-marie.org\/pom\/wp-json\/wp\/v2\/pages"}],"about":[{"href":"https:\/\/soeurs-de-la-presentation-de-marie.org\/pom\/wp-json\/wp\/v2\/types\/page"}],"author":[{"embeddable":true,"href":"https:\/\/soeurs-de-la-presentation-de-marie.org\/pom\/wp-json\/wp\/v2\/users\/1"}],"replies":[{"embeddable":true,"href":"https:\/\/soeurs-de-la-presentation-de-marie.org\/pom\/wp-json\/wp\/v2\/comments?post=4088"}],"version-history":[{"count":11,"href":"https:\/\/soeurs-de-la-presentation-de-marie.org\/pom\/wp-json\/wp\/v2\/pages\/4088\/revisions"}],"predecessor-version":[{"id":8719,"href":"https:\/\/soeurs-de-la-presentation-de-marie.org\/pom\/wp-json\/wp\/v2\/pages\/4088\/revisions\/8719"}],"up":[{"embeddable":true,"href":"https:\/\/soeurs-de-la-presentation-de-marie.org\/pom\/wp-json\/wp\/v2\/pages\/4068"}],"wp:attachment":[{"href":"https:\/\/soeurs-de-la-presentation-de-marie.org\/pom\/wp-json\/wp\/v2\/media?parent=4088"}],"curies":[{"name":"wp","href":"https:\/\/api.w.org\/{rel}","templated":true}]}}