{"id":4117,"date":"2018-10-27T11:32:10","date_gmt":"2018-10-27T09:32:10","guid":{"rendered":"http:\/\/soeurs-de-la-presentation-de-marie.org\/pom\/?page_id=4117"},"modified":"2018-11-19T16:14:11","modified_gmt":"2018-11-19T15:14:11","slug":"education","status":"publish","type":"page","link":"https:\/\/soeurs-de-la-presentation-de-marie.org\/pom\/mission\/education\/","title":{"rendered":"Education"},"content":{"rendered":"<p style=\"text-align: center;\"><em>\u00abMettons-nous ensemble et nous ferons&nbsp;l\u2019\u00e9cole\u00bb<\/em><br \/>\n<em>\u00abLa bonne semence que vous jetez dans le c\u0153ur des \u00e9l\u00e8ves profitera en son temps, j\u2019en ai fait l\u2019exp\u00e9rience\u00bb<\/em><br \/>\n<em>Lettre 1072 en 1833<\/em><\/p>\n<p><strong>MISSION D\u2019\u00c9DUCATION<\/strong><br \/>\n<em>J\u00e9sus, nous associe intimement, par toute notre vie, \u00e0 son \u0153uvre de R\u00e9demption et nous appelle \u00e0 participer \u00e0 la mission d\u2019enseignement de l\u2019\u00c9glise par l\u2019\u00e9ducation chr\u00e9tienne de la jeunesse. C7<\/em><br \/>\n<em>L\u2019\u00c9ducation chr\u00e9tienne de la jeunesse, mission propre de la Congr\u00e9gation, a \u00e9t\u00e9 inspir\u00e9e par Dieu \u00e0 notre Fondatrice et reconnue par l\u2019\u00c9glise. D47<\/em><br \/>\nC\u2019est l\u00e0 que nous trouvons notre joie.<\/p>\n<p><strong>\u00c9DUCATION ET MARIE RIVIER<\/strong><br \/>\nDevant la Pi\u00e9ta, la petite Marinette a suppli\u00e9 \u00e0 Notre Dame pour sa gu\u00e9rison: <em>\u00abSainte Vierge, gu\u00e9ris-moi et je te ramasserai des petites. Je leur ferai l\u2019\u00e9cole et je leur apprendrai \u00e0 te bien aimer<\/em>\u00bb.&nbsp;<br \/>\nEn 1794, elle quitte Montpezat pour Thueyts. Alors que les couvents sont dissous, les religieux dispers\u00e9s&nbsp;et les \u00e9glises ferm\u00e9es au culte, elle appelle d\u2019autres jeunes filles: \u00abMettons-nous ensemble et nous ferons&nbsp;l\u2019\u00e9cole\u00bb. Ainsi na\u00eet, le 21 novembre 1796, une nouvelle famille religieuse: la Pr\u00e9sentation de Marie. L\u2019\u00e9cole sera le moyen privil\u00e9gi\u00e9 pour annoncer J\u00e9sus Christ aux enfants et aux jeunes. Les plus d\u00e9laiss\u00e9s&nbsp;seront pour elle un souci constant.<br \/>\nLorsqu\u2019elle meurt le 3 f\u00e9vrier 1838 \u00e0 69 ans, elle a d\u00e9j\u00e0 fond\u00e9 141 \u00e9coles r\u00e9parties dans 14 dioc\u00e8ses en France et re\u00e7u&nbsp;plus de 350 s\u0153urs pour continuer son \u0153uvre. Aujourd\u2019hui, dans 20 pays du monde, la Femme-Ap\u00f4tre continue de faire conna\u00eetre et aimer J\u00e9sus Christ!<\/p>\n","protected":false},"excerpt":{"rendered":"<p>\u00abMettons-nous ensemble et nous ferons&nbsp;l\u2019\u00e9cole\u00bb \u00abLa bonne semence que vous jetez dans le c\u0153ur des \u00e9l\u00e8ves profitera en son temps, j\u2019en ai fait l\u2019exp\u00e9rience\u00bb Lettre 1072 en 1833 MISSION D\u2019\u00c9DUCATION J\u00e9sus, nous associe intimement, par toute notre vie, \u00e0 son \u0153uvre de R\u00e9demption et nous appelle \u00e0 participer \u00e0 la mission d\u2019enseignement de l\u2019\u00c9glise par [&hellip;]<\/p>\n","protected":false},"author":1,"featured_media":0,"parent":4066,"menu_order":1,"comment_status":"closed","ping_status":"closed","template":"","meta":{"ngg_post_thumbnail":0,"footnotes":""},"lang":"fr","translations":{"fr":4117,"en":6206,"pt":6208,"es":6210},"pll_sync_post":[],"_links":{"self":[{"href":"https:\/\/soeurs-de-la-presentation-de-marie.org\/pom\/wp-json\/wp\/v2\/pages\/4117"}],"collection":[{"href":"https:\/\/soeurs-de-la-presentation-de-marie.org\/pom\/wp-json\/wp\/v2\/pages"}],"about":[{"href":"https:\/\/soeurs-de-la-presentation-de-marie.org\/pom\/wp-json\/wp\/v2\/types\/page"}],"author":[{"embeddable":true,"href":"https:\/\/soeurs-de-la-presentation-de-marie.org\/pom\/wp-json\/wp\/v2\/users\/1"}],"replies":[{"embeddable":true,"href":"https:\/\/soeurs-de-la-presentation-de-marie.org\/pom\/wp-json\/wp\/v2\/comments?post=4117"}],"version-history":[{"count":3,"href":"https:\/\/soeurs-de-la-presentation-de-marie.org\/pom\/wp-json\/wp\/v2\/pages\/4117\/revisions"}],"predecessor-version":[{"id":4580,"href":"https:\/\/soeurs-de-la-presentation-de-marie.org\/pom\/wp-json\/wp\/v2\/pages\/4117\/revisions\/4580"}],"up":[{"embeddable":true,"href":"https:\/\/soeurs-de-la-presentation-de-marie.org\/pom\/wp-json\/wp\/v2\/pages\/4066"}],"wp:attachment":[{"href":"https:\/\/soeurs-de-la-presentation-de-marie.org\/pom\/wp-json\/wp\/v2\/media?parent=4117"}],"curies":[{"name":"wp","href":"https:\/\/api.w.org\/{rel}","templated":true}]}}