{"id":4476,"date":"2018-11-17T22:40:01","date_gmt":"2018-11-17T21:40:01","guid":{"rendered":"http:\/\/soeurs-de-la-presentation-de-marie.org\/pom\/?page_id=4476"},"modified":"2024-07-27T11:16:37","modified_gmt":"2024-07-27T09:16:37","slug":"presentation-du-conseil-general","status":"publish","type":"page","link":"https:\/\/soeurs-de-la-presentation-de-marie.org\/pom\/presentation-de-marie\/presentation-du-conseil-general\/","title":{"rendered":"Administration g\u00e9n\u00e9rale"},"content":{"rendered":"<div class=\"wpb-content-wrapper\"><p>[vc_row gap=&#8221;1&#8243; row_space=&#8221;padding-bottom-large&#8221;][vc_column][vc_custom_heading text=&#8221;J\u2019entendis la voix du Seigneur qui disait :<br \/>\nQui enverrai-je\u2009? Qui sera notre messager\u2009?<br \/>\nEt j\u2019ai r\u00e9pondu : Me voici : envoie-moi\u2009!<br \/>\nIs 6,8.&#8221; font_container=&#8221;tag:h2|font_size:32|text_align:center|color:%230086fc&#8221; google_fonts=&#8221;font_family:Almendra%3Aregular%2Citalic%2C700%2C700italic|font_style:400%20regular%3A400%3Anormal&#8221;][vc_custom_heading text=&#8221;L&#8217;autorit\u00e9 dans la Congr\u00e9gation est essentiellement spirituelle. Elle vient du Christ par la m\u00e9diation de l&#8217;\u00c9glise et s&#8217;exerce en son nom: elle doit toujours pr\u00e9senter le visage de l&#8217;amour.  C144&#8243; font_container=&#8221;tag:h2|font_size:40|text_align:center|color:%232070d8&#8243; google_fonts=&#8221;font_family:Italianno%3Aregular|font_style:400%20regular%3A400%3Anormal&#8221;][vc_row_inner equal_height=&#8221;yes&#8221; content_placement=&#8221;middle&#8221; gap=&#8221;5&#8243;][vc_column_inner width=&#8221;1\/2&#8243;][vc_column_text]<\/p>\n<p>&nbsp;<\/p>\n<p>&nbsp;<\/p>\n<p><img loading=\"lazy\" decoding=\"async\" src=\"https:\/\/soeurs-de-la-presentation-de-marie.org\/pom\/wp-content\/uploads\/2024\/07\/mother-704x510.png\" alt=\"\" width=\"704\" height=\"610\" class=\"aligncenter size-medium wp-image-34769\" \/><\/p>\n<p>[\/vc_column_text][\/vc_column_inner][vc_column_inner width=&#8221;1\/2&#8243;][vc_custom_heading text=&#8221;Comme Conseil g\u00e9n\u00e9ral, nous sommes au service de chaque s\u0153ur, de chaque Province, R\u00e9gion et Mission de la Pr\u00e9sentation de Marie, au service de toute la Congr\u00e9gation et de sa Famille spirituelle.<\/p>\n<p>Toujours \u00e0 l\u2019\u00e9coute de l\u2019Esprit Saint et aux signes des temps, nous marcherons ensemble en fid\u00e9lit\u00e9 cr\u00e9atrice \u00e0 notre vocation et \u00e0 notre mission de S\u0153urs de la Pr\u00e9sentation de Marie.<\/p>\n<p>J\u2019ai la joie de vous pr\u00e9senter les Conseill\u00e8res g\u00e9n\u00e9rales qui, au long des six prochaines ann\u00e9es, vivront et travailleront ensemble pour bien servir la Congr\u00e9gation.&#8221; font_container=&#8221;tag:h2|font_size:20|text_align:justify|color:%230086fc|line_height:2&#8243; google_fonts=&#8221;font_family:Alice%3Aregular|font_style:400%20regular%3A400%3Anormal&#8221;][vc_custom_heading text=&#8221;M\u00e8re Marie des Anges Alves&#8221; font_container=&#8221;tag:h2|font_size:28|text_align:right|color:%230086fc&#8221; google_fonts=&#8221;font_family:Alex%20Brush%3Aregular|font_style:400%20regular%3A400%3Anormal&#8221;][\/vc_column_inner][\/vc_row_inner][\/vc_column][\/vc_row][vc_row row_space=&#8221;remove_padding_top&#8221;][vc_column][vc_row_inner][vc_column_inner][vc_column_text]<\/p>\n<p style=\"text-align: center;\"><img loading=\"lazy\" decoding=\"async\" src=\"https:\/\/soeurs-de-la-presentation-de-marie.org\/pom\/wp-content\/uploads\/2024\/07\/general-council-website2-750x510.png\" alt=\"\" width=\"750\" height=\"510\" class=\"aligncenter size-medium wp-image-34811\" \/><\/p>\n<p style=\"text-align: center;\"><span style=\"color: #003366;\">L&#8217;Equipe de L&#8217;administration Generale<\/span><\/p>\n<p style=\"text-align: center;\"><span style=\"color: #003366;\">2023 &#8211; 2029<\/span><\/p>\n<p>[\/vc_column_text][\/vc_column_inner][\/vc_row_inner][vc_row_inner][vc_column_inner][vc_separator color=&#8221;sky&#8221; style=&#8221;shadow&#8221; el_width=&#8221;80&#8243;][\/vc_column_inner][\/vc_row_inner][vc_row_inner][vc_column_inner][vc_column_text]<\/p>\n<p>[vc_column_text]<\/p>\n<p>&nbsp;<\/p>\n<p><img loading=\"lazy\" decoding=\"async\" src=\"https:\/\/soeurs-de-la-presentation-de-marie.org\/pom\/wp-content\/uploads\/2024\/07\/irma-teresa-1.png\" alt=\"\" width=\"180\" height=\"190\" class=\"alignright size-medium wp-image-34816\" \/><strong>Soeur Teresa Carolina de Carvalho<\/strong> est originaire du Mozambique et est n\u00e9e le 16 avril 1970. Elle a fait sa premi\u00e8re profession le 1er f\u00e9vrier 1992 et ses v\u0153ux perp\u00e9tuels le 20 novembre 1999. Apr\u00e8s avoir termin\u00e9 sa formation de professeur de langue portugaise, elle a enseign\u00e9 dans deux \u00e9coles publiques. &nbsp; &nbsp; &nbsp; &nbsp; &nbsp; &nbsp; &nbsp; &nbsp; &nbsp; &nbsp; &nbsp; &nbsp; &nbsp; &nbsp; &nbsp; &nbsp; &nbsp; &nbsp; &nbsp; &nbsp; &nbsp; &nbsp; &nbsp; &nbsp; &nbsp; &nbsp; &nbsp; &nbsp; &nbsp; &nbsp; &nbsp; &nbsp; &nbsp; &nbsp; &nbsp; &nbsp; &nbsp; &nbsp; &nbsp; &nbsp; &nbsp; &nbsp; &nbsp; &nbsp; &nbsp; &nbsp; &nbsp; &nbsp; &nbsp; &nbsp; &nbsp; &nbsp; &nbsp; &nbsp; &nbsp; &nbsp;&nbsp;<\/p>\n<p>Ses divers minist\u00e8res paroissiaux, en particulier la pastorale des jeunes et l\u2019animation liturgique, ont \u00e9t\u00e9 pour elle des espaces privil\u00e9gi\u00e9s pour exercer le z\u00e8le apostolique de Sainte Marie Rivier. Apr\u00e8s avoir obtenu un dipl\u00f4me en Sciences Religieuses et en \u00c9ducation Morale et civique, elle a \u00e9t\u00e9 appel\u00e9e \u00e0 servir comme ma\u00eetresse des postulantes et des novices pendant neuf ans, puis comme Sup\u00e9rieure Provinciale pendant huit ans. Elle remercie Dieu d\u2019avoir eu la gr\u00e2ce de faire partie du Conseil permanent de la Conf\u00e9rence des religieux\/ses du Mozambique -CIRMO-. En 2025, elle terminera son service en tant que membre du conseil ex\u00e9cutif de la Conf\u00e9d\u00e9ration des conf\u00e9rences des Sup\u00e9rieurs\/es Majeures d\u2019Afrique et de Madagascar -COSMAM- et en m\u00eame temps membre du Conseil de la Conf\u00e9rence des Religieux de la R\u00e9gion d\u2019Afrique Australe.<\/p>\n<p>Les diff\u00e9rentes rencontres au niveau de l\u2019\u00c9glise et de la Congr\u00e9gation ont \u00e9t\u00e9 pour elle une v\u00e9ritable \u00e9cole de foi. Sa participation au service de la Congr\u00e9gation en tant que membre de l\u2019Administration g\u00e9n\u00e9rale est maintenant une occasion de grandir et de continuer \u00e0 vivre le OUI qu\u2019elle a donn\u00e9 le jour de sa premi\u00e8re profession.<em>&#8220;Demeurez en moi et je demeurerai en vous&#8221; <\/em>. (Jn 15:4) est le texte qui l\u2019enthousiasme et l\u2019encourage \u00e0 chaque moment de sa vie.<\/p>\n<p>&nbsp;<\/p>\n<p><img loading=\"lazy\" decoding=\"async\" src=\"https:\/\/soeurs-de-la-presentation-de-marie.org\/pom\/wp-content\/uploads\/2024\/07\/s-mberry.png\" alt=\"\" width=\"180\" height=\"180\" class=\"alignleft size-full wp-image-34820\" \/><strong>Soeur Marie Mberry Diatta<\/strong> de la Province du S\u00e9n\u00e9gal\/Burkina Faso est n\u00e9e le 27 septembre 1965 \u00e0 Diemb\u00e9ring dans la R\u00e9gion de Ziguinchor. Elle a fait sa premi\u00e8re profession le 8 septembre 1989 en Gambie.<\/p>\n<p>Depuis, elle a eu la joie de vivre plusieurs exp\u00e9riences : l\u2019accompagnement des jeunes dans la pastorale des jeunes Scouts et Guides, les jeunes professes, \u00e9veil vocationnel, sup\u00e9rieure locale, conseill\u00e8re et assistante Provinciale. &nbsp; &nbsp; &nbsp; &nbsp; &nbsp; &nbsp; &nbsp; &nbsp; &nbsp; &nbsp; &nbsp; &nbsp; &nbsp; &nbsp; &nbsp; &nbsp; &nbsp; &nbsp; &nbsp; &nbsp; &nbsp; &nbsp; &nbsp; &nbsp; &nbsp; &nbsp; &nbsp; &nbsp; &nbsp; &nbsp; &nbsp; &nbsp; &nbsp; &nbsp; &nbsp; &nbsp; &nbsp; &nbsp; &nbsp; &nbsp; &nbsp; &nbsp; &nbsp; &nbsp; &nbsp; &nbsp; &nbsp;&nbsp;<\/p>\n<p>Apr\u00e8s quelques ann\u00e9es d\u2019enseignement \u00e0 l\u2019\u00e9cole \u00e9l\u00e9mentaire, elle a suivi une formation en gestion de comptabilit\u00e9 finance qui lui a permis d\u2019assurer l\u2019\u00e9conomat Provinciale pendant plusieurs ann\u00e9es. Elle a re\u00e7u une petite formation en pastorale et en accompagnement. Depuis trois ans, elle est responsable du Centre Spirituel Mont-Thabor. Cette mission lui a donn\u00e9 l\u2019occasion de cultiver l\u2019\u00e9coute attentive.<\/p>\n<p>Elle aime le sport, la lecture, \u00e9couter la musique douce et la d\u00e9tente communautaire.<br \/>La parole de Dieu qui l\u2019a toujours stimul\u00e9e c\u2019est Rm 12 : \u00ab\u2009Je vous exhorte donc fr\u00e8res, par la mis\u00e9ricorde de Dieu, \u00e0 offrir vos personnes en hostie vivante, sainte, agr\u00e9able \u00e0 Dieu\u2026\u2009\u00bb.<br \/><\/em>&nbsp;<\/p>\n<p>&nbsp;<\/p>\n<p><img loading=\"lazy\" decoding=\"async\" src=\"https:\/\/soeurs-de-la-presentation-de-marie.org\/pom\/wp-content\/uploads\/2024\/07\/s-jane-e1721554379418-645x510.png\" alt=\"\" width=\"180\" height=\"185\" class=\"alignright size-medium wp-image-34784\" \/><strong>Soeur Jane Wilkinson<\/strong> est n\u00e9e le 19 juin 1958 dans la ville de Rochester, en Angleterre. Apr\u00e8s une licence en fran\u00e7ais, elle s\u2019est tourn\u00e9e vers l\u2019enseignement mais a vite compris que ce n\u2019\u00e9tait pas sa vocation et a fait une formation d\u2019ergoth\u00e9rapeute. Elle a beaucoup aim\u00e9 son m\u00e9tier qu\u2019elle a exerc\u00e9 aupr\u00e8s des personnes \u00e2g\u00e9es et principalement celles atteintes de la maladie d\u2019Alzheimer, heureuse d\u2019\u00eatre pr\u00e9sence du Christ dans des \u00c9tablissements d\u2019h\u00e9bergement pour personnes \u00e2g\u00e9es d\u00e9pendantes -EHPAD- ou h\u00f4pitaux publics d\u2019abord en Angleterre, puis en France.<br \/>Elle a rencontr\u00e9 les s\u0153urs de la Pr\u00e9sentation de Marie lors de ses \u00e9tudes et a \u00e9t\u00e9 frapp\u00e9e par leur joie et aussi par le personnage de Marie Rivier. Elle a fait sa premi\u00e8re profession le 24 novembre 1989. Apr\u00e8s 11 ans \u00e0 Exeter, elle a \u00e9t\u00e9 appel\u00e9e en France o\u00f9 elle a v\u00e9cu 23 ans. Elle a \u00e9t\u00e9 nomm\u00e9e sup\u00e9rieure provinciale de France en 2016.<br \/>\u00catre au bord de la mer l\u2019apaise et la ressource. Elle aime marcher, regarder le rugby et lire. Une parole de Dieu qui l\u2019a toujours mise en marche :  <em>&#8220;\u00catre au bord de la mer l\u2019apaise et la ressource. Elle aime marcher, regarder le rugby et lire. Une parole de Dieu qui l\u2019a toujours mise en marche : &#8220;<\/em> (Mich\u00e9e 6:8).<\/p>\n<p>&nbsp;<\/p>\n<p><img loading=\"lazy\" decoding=\"async\" src=\"https:\/\/soeurs-de-la-presentation-de-marie.org\/pom\/wp-content\/uploads\/2024\/07\/s-michelle-750x510.png\" alt=\"\" width=\"180\" height=\"200\" class=\"alignleft size-medium wp-image-34792\" \/><strong>Soeur Michelle A. Kujabi<\/strong> est n\u00e9e \u00e0 Bwiam, en Gambie, le 13 janvier 1969. Elle est n\u00e9e l\u2019ann\u00e9e o\u00f9 les S\u0153urs de la Pr\u00e9sentation de Marie ont ouvert un couvent \u00e0 Bwiam. Elle a commenc\u00e9 son postulat en octobre 1988 \u00e0 Fajara. Elle a fait sa premi\u00e8re profession le 28 septembre 1991 et ses v\u0153ux perp\u00e9tuels le 27 d\u00e9cembre 1997 \u00e0 Thi\u00e8s, au S\u00e9n\u00e9gal.<\/p>\n<p>Elle a suivi une formation au Gambia College o\u00f9 elle a obtenu son dipl\u00f4me d\u2019enseignante primaire et sup\u00e9rieure. En 1999, elle a suivi la formation des formateurs \u00e0 Rome organis\u00e9e par l\u2019UISG. En octobre 2000, elle a \u00e9t\u00e9 nomm\u00e9e ma\u00eetresse des postulantes et a continu\u00e9 \u00e0 enseigner \u00e0 l\u2019\u00e9cole du cycle fondamental sup\u00e9rieur de Sainte-Th\u00e9r\u00e8se. En 2006, lorsque la Gambie est devenue une Mission, elle a \u00e9t\u00e9 nomm\u00e9e \u00e9conome, fonction qu\u2019elle a exerc\u00e9e jusqu\u2019au Chapitre g\u00e9n\u00e9ral. Elle a suivi un programme de formation en comptabilit\u00e9 pour faciliter son travail d\u2019\u00e9conome. En tant qu\u2019enseignante, elle a enseign\u00e9 pendant trois ans \u00e0 l\u2019\u00e9cole primaire et cinq ans au cycle de base sup\u00e9rieur.<\/p>\n<p>Dans la R\u00e9gion, elle a travaill\u00e9 dans la pastorale, plus particuli\u00e8rement avec les femmes appartenant aux Associ\u00e9s de Sainte Marie Rivier. En 2016, elle a \u00e9t\u00e9 nomm\u00e9e conseill\u00e8re r\u00e9gionale et en f\u00e9vrier 2022, elle est devenue assistante de la R\u00e9gion. Dans ses temps libres, elle aime socialiser et jardiner. La Parole de Dieu qui la fait vivre est 2 Cor. 12 : \u201c<em>Ma gr\u00e2ce te suffit, car ma puissance s\u2019accomplit dans la faiblesse. <\/em>\u201d<\/p>\n<p>&nbsp;<\/p>\n<p><img loading=\"lazy\" decoding=\"async\" src=\"https:\/\/soeurs-de-la-presentation-de-marie.org\/pom\/wp-content\/uploads\/2024\/07\/s-danielle-cropped-609x510.png\" alt=\"\" width=\"180\" height=\"180\" class=\"alignright size-medium wp-image-34833\" \/><strong>Soeur Danielle Duplessis<\/strong> est n\u00e9e \u00e0 Sherbrooke, Canada, le 19 avril 1951.  Elle est issue d\u2019une famille de sept enfants.  Avant d\u2019entrer dans la congr\u00e9gation, en 1995, elle a travaill\u00e9 dans une banque, fait du b\u00e9n\u00e9volat dans un service d\u2019\u00e9coute t\u00e9l\u00e9phonique, et \u0153uvr\u00e9 aupr\u00e8s des femmes en difficult\u00e9, tout en poursuivant des \u00e9tudes en psychologie. Par la suite, elle a agi en tant que psychologue, dans les \u00e9coles primaires et secondaires et en parall\u00e8le, aupr\u00e8s d\u2019adultes.<\/p>\n<p>En communaut\u00e9, elle a obtenu un dipl\u00f4me sp\u00e9cialis\u00e9 en accompagnement spirituel ignatien et elle a donn\u00e9 de la formation.  Elle a travaill\u00e9 en pastorale aupr\u00e8s des enfants et dans divers mouvements avec les adolescents, en plus de faire de l\u2019accompagnement spirituel avec les adultes. Elle a \u00e9t\u00e9 conseill\u00e8re provinciale, sup\u00e9rieure et responsable des la\u00efques consacr\u00e9es. Elle aime les mots crois\u00e9s, la lecture et la marche.  La Parole de Dieu qui l\u2019interpelle: <em>&#8220;\u00c9largis l\u2019espace de ta tente. &#8220;<\/em> (\u00c9sa\u00efe 54:2).<\/p>\n<p>&nbsp;<\/p>\n<p><img loading=\"lazy\" decoding=\"async\" src=\"https:\/\/soeurs-de-la-presentation-de-marie.org\/pom\/wp-content\/uploads\/2024\/07\/s-gina-mae.png\" alt=\"\" width=\"180\" height=\"180\" class=\"alignleft size-medium wp-image-34780\" \/><strong>Soeur Gina Mae Campugan<\/strong> est n\u00e9e \u00e0 Davao City, aux Philippines. Elle \u00e9tait \u00e9l\u00e8ve des S\u0153urs de la Pr\u00e9sentation de Marie au lyc\u00e9e. Sa fascination pour les sciences l\u2019a fait tomber amoureuse de Dieu et la vie de Sainte Marie Rivier l\u2019a attir\u00e9e pour devenir l\u2019une de ses filles. Elle a rejoint la congr\u00e9gation l\u2019ann\u00e9e de son bicentenaire, en 1996, et a fait sa premi\u00e8re profession le 1er mai de l\u2019ann\u00e9e jubilaire, en 2000.<br \/>Elle est professeur de math\u00e9matiques de profession et ministre de la jeunesse par passion. Ses exp\u00e9riences apostoliques comprennent l\u2019administration scolaire, la promotion des vocations, la direction spirituelle, la pastorale des jeunes \u00e0 l\u2019int\u00e9rieur et \u00e0 l\u2019ext\u00e9rieur de l\u2019\u00e9cole, la pastorale de l\u2019action sociale, la d\u00e9fense de l\u2019environnement et l\u2019animation des Associ\u00e9s de Marie Rivier. Elle a \u00e9galement \u00e9t\u00e9 sup\u00e9rieure locale, conseill\u00e8re provinciale et secr\u00e9taire de la province des Philippines et responsable des communications sociales d\u2019un dioc\u00e8se.<br \/>&nbsp; &nbsp; &nbsp; &nbsp; &nbsp; &nbsp; &nbsp; &nbsp; &nbsp; &nbsp; &nbsp; &nbsp; &nbsp; &nbsp; &nbsp; &nbsp; &nbsp; &nbsp; &nbsp; &nbsp; &nbsp;<\/p>\n<p>Elle aime enseigner, apprendre les langues, lire, \u00e9couter les gens, donner des retraites, animer des r\u00e9collections, cr\u00e9er des jeux et \u00e9diter des vid\u00e9os.  Elle croit joyeusement que: \u201c<em>Bienheureux ceux qui \u00e9coutent la parole de Dieu et qui la gardent.<\/em>\u201d (Luc 11:28).<\/p>\n<p>[\/vc_column_text]<\/p>\n<p>[\/vc_column_text][\/vc_column_inner][\/vc_row_inner][\/vc_column][\/vc_row]<\/p>\n<\/div>","protected":false},"excerpt":{"rendered":"<p>[vc_row gap=&#8221;1&#8243; row_space=&#8221;padding-bottom-large&#8221;][vc_column][vc_custom_heading text=&#8221;J\u2019entendis la voix du Seigneur qui disait : Qui enverrai-je\u2009? Qui sera notre messager\u2009? Et j\u2019ai r\u00e9pondu : Me voici : envoie-moi\u2009! Is 6,8.&#8221; font_container=&#8221;tag:h2|font_size:32|text_align:center|color:%230086fc&#8221; google_fonts=&#8221;font_family:Almendra%3Aregular%2Citalic%2C700%2C700italic|font_style:400%20regular%3A400%3Anormal&#8221;][vc_custom_heading text=&#8221;L&#8217;autorit\u00e9 dans la Congr\u00e9gation est essentiellement spirituelle. Elle vient du Christ par la m\u00e9diation de l&#8217;\u00c9glise et s&#8217;exerce en son nom: elle doit toujours pr\u00e9senter le [&hellip;]<\/p>\n","protected":false},"author":2,"featured_media":0,"parent":4068,"menu_order":4,"comment_status":"closed","ping_status":"closed","template":"","meta":{"ngg_post_thumbnail":0,"footnotes":""},"lang":"fr","translations":{"fr":4476,"en":6122,"pt":6148,"es":6174},"pll_sync_post":[],"_links":{"self":[{"href":"https:\/\/soeurs-de-la-presentation-de-marie.org\/pom\/wp-json\/wp\/v2\/pages\/4476"}],"collection":[{"href":"https:\/\/soeurs-de-la-presentation-de-marie.org\/pom\/wp-json\/wp\/v2\/pages"}],"about":[{"href":"https:\/\/soeurs-de-la-presentation-de-marie.org\/pom\/wp-json\/wp\/v2\/types\/page"}],"author":[{"embeddable":true,"href":"https:\/\/soeurs-de-la-presentation-de-marie.org\/pom\/wp-json\/wp\/v2\/users\/2"}],"replies":[{"embeddable":true,"href":"https:\/\/soeurs-de-la-presentation-de-marie.org\/pom\/wp-json\/wp\/v2\/comments?post=4476"}],"version-history":[{"count":41,"href":"https:\/\/soeurs-de-la-presentation-de-marie.org\/pom\/wp-json\/wp\/v2\/pages\/4476\/revisions"}],"predecessor-version":[{"id":34839,"href":"https:\/\/soeurs-de-la-presentation-de-marie.org\/pom\/wp-json\/wp\/v2\/pages\/4476\/revisions\/34839"}],"up":[{"embeddable":true,"href":"https:\/\/soeurs-de-la-presentation-de-marie.org\/pom\/wp-json\/wp\/v2\/pages\/4068"}],"wp:attachment":[{"href":"https:\/\/soeurs-de-la-presentation-de-marie.org\/pom\/wp-json\/wp\/v2\/media?parent=4476"}],"curies":[{"name":"wp","href":"https:\/\/api.w.org\/{rel}","templated":true}]}}