{"id":4673,"date":"2018-11-20T22:27:20","date_gmt":"2018-11-20T21:27:20","guid":{"rendered":"http:\/\/soeurs-de-la-presentation-de-marie.org\/pom\/?page_id=4673"},"modified":"2020-02-04T23:45:33","modified_gmt":"2020-02-04T22:45:33","slug":"messages","status":"publish","type":"page","link":"https:\/\/soeurs-de-la-presentation-de-marie.org\/pom\/ressources\/messages\/","title":{"rendered":"Mensaje"},"content":{"rendered":"<div class=\"wpb-content-wrapper\"><p>[vc_section][vc_row][vc_column][vc_column_text]<\/p>\n<h3>Message de M\u00e8re Maria dos Anjos Alves pour la F\u00eate de Bienheureuse Marie Rivier<\/h3>\n<p>[\/vc_column_text][\/vc_column][\/vc_row][vc_row][vc_column width=&#8221;1\/5&#8243;][vc_column_text]<a href=\"https:\/\/soeurs-de-la-presentation-de-marie.org\/pom\/wp-content\/uploads\/2020\/02\/Mensagem-3-fevereiro-2020-PORT.-A4.pdf\">Mensagem 3 fevereiro 2020, PORTUGAIS<\/a>[\/vc_column_text][\/vc_column][vc_column width=&#8221;1\/5&#8243;][vc_column_text]<a href=\"https:\/\/soeurs-de-la-presentation-de-marie.org\/pom\/wp-content\/uploads\/2020\/02\/Message-3-fevrier-2020-JAP-A4.pdf\">Message 3 fevrier 2020, JAPONAIS<\/a>[\/vc_column_text][\/vc_column][vc_column width=&#8221;1\/5&#8243;][vc_column_text]<a href=\"https:\/\/soeurs-de-la-presentation-de-marie.org\/pom\/wp-content\/uploads\/2020\/02\/Message-February-3-2020-ENG-85.pdf\">Message February 3, 2020 ENGLISH<\/a>[\/vc_column_text][\/vc_column][vc_column width=&#8221;1\/5&#8243;][vc_column_text]<a href=\"https:\/\/soeurs-de-la-presentation-de-marie.org\/pom\/wp-content\/uploads\/2020\/02\/Message-3-f\u00e9vrier-2020-ES-A4-3.pdf\">Message 3 f\u00e9vrier 2020, ESPAGNOL<\/a>[\/vc_column_text][\/vc_column][vc_column width=&#8221;1\/5&#8243;][vc_column_text]<a href=\"https:\/\/soeurs-de-la-presentation-de-marie.org\/pom\/wp-content\/uploads\/2020\/02\/Message-3-f\u00e9vrier-2020-FR-85-1.pdf\">Message 3 f\u00e9vrier 2020, FRENCH<\/a>[\/vc_column_text][\/vc_column][\/vc_row][vc_row][vc_column][vc_column_text]<\/p>\n<h2>Message de M\u00e8re Maria dos Anjos Alves pour No\u00ebl 2018<\/h2>\n<p>[\/vc_column_text][\/vc_column][\/vc_row][vc_row][vc_column width=&#8221;1\/5&#8243;][vc_column_text]<\/p>\n<p style=\"text-align: center;\"><a href=\"http:\/\/soeurs-de-la-presentation-de-marie.org\/pom\/wp-content\/uploads\/2018\/12\/No\u00ebl-2018-voeux-en-Fran\u00e7ais-A4.pdf\"><img loading=\"lazy\" decoding=\"async\" class=\"wp-image-4921 aligncenter\" src=\"http:\/\/soeurs-de-la-presentation-de-marie.org\/pom\/wp-content\/uploads\/2015\/12\/Christmas-wish-thumbnail.jpg\" alt=\"\" width=\"109\" height=\"169\"><\/a><\/p>\n<p style=\"text-align: center;\"><a href=\"http:\/\/soeurs-de-la-presentation-de-marie.org\/pom\/wp-content\/uploads\/2018\/12\/No\u00ebl-2018-voeux-en-Fran\u00e7ais-A4.pdf\">en Fran\u00e7ais<\/a><\/p>\n<p>[\/vc_column_text][\/vc_column][vc_column width=&#8221;1\/5&#8243;][vc_column_text]<\/p>\n<p style=\"text-align: center;\"><a href=\"http:\/\/soeurs-de-la-presentation-de-marie.org\/pom\/wp-content\/uploads\/2018\/12\/No\u00ebl-2018-voeux-en-Fran\u00e7ais-A4.pdf\"><img loading=\"lazy\" decoding=\"async\" class=\"wp-image-4921 aligncenter\" src=\"http:\/\/soeurs-de-la-presentation-de-marie.org\/pom\/wp-content\/uploads\/2015\/12\/Christmas-wish-thumbnail.jpg\" alt=\"\" width=\"109\" height=\"169\"><\/a><\/p>\n<p style=\"text-align: center;\"><a href=\"http:\/\/soeurs-de-la-presentation-de-marie.org\/pom\/wp-content\/uploads\/2018\/12\/No\u00ebl-2018-voeux-en-Portugais-A4.pdf\">em Portugu\u00eas<\/a><\/p>\n<p>[\/vc_column_text][\/vc_column][vc_column width=&#8221;1\/5&#8243;][vc_column_text]<\/p>\n<p style=\"text-align: center;\"><a href=\"http:\/\/soeurs-de-la-presentation-de-marie.org\/pom\/wp-content\/uploads\/2018\/12\/No\u00ebl-2018-voeux-en-Fran\u00e7ais-A4.pdf\"><img loading=\"lazy\" decoding=\"async\" class=\"wp-image-4921 aligncenter\" src=\"http:\/\/soeurs-de-la-presentation-de-marie.org\/pom\/wp-content\/uploads\/2015\/12\/Christmas-wish-thumbnail.jpg\" alt=\"\" width=\"109\" height=\"169\"><\/a><\/p>\n<p style=\"text-align: center;\"><a href=\"http:\/\/soeurs-de-la-presentation-de-marie.org\/pom\/wp-content\/uploads\/2018\/12\/Noel-2018-Jvoeux-en-Japonais.pdf\">\u65e5\u672c\u8a9e<\/a><\/p>\n<p>[\/vc_column_text][\/vc_column][vc_column width=&#8221;1\/5&#8243;][vc_column_text]<\/p>\n<p style=\"text-align: center;\"><a href=\"http:\/\/soeurs-de-la-presentation-de-marie.org\/pom\/wp-content\/uploads\/2018\/12\/No\u00ebl-2018-voeux-en-Fran\u00e7ais-A4.pdf\"><img loading=\"lazy\" decoding=\"async\" class=\"wp-image-4921 aligncenter\" src=\"http:\/\/soeurs-de-la-presentation-de-marie.org\/pom\/wp-content\/uploads\/2015\/12\/Christmas-wish-thumbnail.jpg\" alt=\"\" width=\"109\" height=\"169\"><\/a><\/p>\n<p style=\"text-align: center;\"><a href=\"http:\/\/soeurs-de-la-presentation-de-marie.org\/pom\/wp-content\/uploads\/2018\/12\/No\u00ebl-2018-voeux-en-Anglais-A4.pdf\">in English<\/a><\/p>\n<p>[\/vc_column_text][\/vc_column][vc_column width=&#8221;1\/5&#8243;][vc_column_text]<\/p>\n<p style=\"text-align: center;\"><a href=\"http:\/\/soeurs-de-la-presentation-de-marie.org\/pom\/wp-content\/uploads\/2018\/12\/No\u00ebl-2018-voeux-en-Fran\u00e7ais-A4.pdf\"><img loading=\"lazy\" decoding=\"async\" class=\"wp-image-4921 aligncenter\" src=\"http:\/\/soeurs-de-la-presentation-de-marie.org\/pom\/wp-content\/uploads\/2015\/12\/Christmas-wish-thumbnail.jpg\" alt=\"\" width=\"109\" height=\"169\"><\/a><\/p>\n<p style=\"text-align: center;\"><a href=\"http:\/\/soeurs-de-la-presentation-de-marie.org\/pom\/wp-content\/uploads\/2018\/12\/No\u00ebl-2018-voeux-en-Espa\u00f1ol-A4.pdf\">en Espa\u00f1ol<\/a><\/p>\n<p>[\/vc_column_text][\/vc_column][\/vc_row][\/vc_section][vc_row][vc_column][vc_column_text]<\/p>\n<h2>Message de M\u00e8re Maria dos Anjos Alves pour le d\u00e9but de l&#8217;Ann\u00e9e de la R\u00e8gle de Vie (2018)<\/h2>\n<p>[\/vc_column_text][\/vc_column][\/vc_row][vc_row][vc_column width=&#8221;1\/5&#8243;][vc_column_text]<img loading=\"lazy\" decoding=\"async\" class=\"alignleft wp-image-4688\" src=\"http:\/\/soeurs-de-la-presentation-de-marie.org\/pom\/wp-content\/uploads\/2018\/11\/pdf-180x180.png\" alt=\"\" width=\"20\" height=\"20\"><a href=\"http:\/\/soeurs-de-la-presentation-de-marie.org\/pom\/wp-content\/uploads\/2018\/11\/Message-Annee-de-la-Regle-de-Vie_francais.pdf\" target=\"_blank\" rel=\"noopener noreferrer\">en fran\u00e7ais<\/a>[\/vc_column_text][\/vc_column][vc_column width=&#8221;1\/5&#8243;][vc_column_text]<img loading=\"lazy\" decoding=\"async\" class=\"alignleft wp-image-4688\" src=\"http:\/\/soeurs-de-la-presentation-de-marie.org\/pom\/wp-content\/uploads\/2018\/11\/pdf-180x180.png\" alt=\"\" width=\"20\" height=\"20\"><a href=\"http:\/\/soeurs-de-la-presentation-de-marie.org\/pom\/wp-content\/uploads\/2018\/11\/Message-Annee-de-la-Regle-de-Vie_portoguese.pdf\" target=\"_blank\" rel=\"noopener noreferrer\">em portugu\u00eas<\/a>[\/vc_column_text][\/vc_column][vc_column width=&#8221;1\/5&#8243;][vc_column_text]<img loading=\"lazy\" decoding=\"async\" class=\"alignleft wp-image-4688\" src=\"http:\/\/soeurs-de-la-presentation-de-marie.org\/pom\/wp-content\/uploads\/2018\/11\/pdf-180x180.png\" alt=\"\" width=\"20\" height=\"20\"><a href=\"http:\/\/soeurs-de-la-presentation-de-marie.org\/pom\/wp-content\/uploads\/2018\/11\/Message-Annee-de-la-Regle-de-Vie_espanol.pdf\" target=\"_blank\" rel=\"noopener noreferrer\">en espa\u00f1ol<\/a>[\/vc_column_text][\/vc_column][vc_column width=&#8221;1\/5&#8243;][vc_column_text]<img loading=\"lazy\" decoding=\"async\" class=\"alignleft wp-image-4688\" src=\"http:\/\/soeurs-de-la-presentation-de-marie.org\/pom\/wp-content\/uploads\/2018\/11\/pdf-180x180.png\" alt=\"\" width=\"20\" height=\"20\"><a href=\"http:\/\/soeurs-de-la-presentation-de-marie.org\/pom\/wp-content\/uploads\/2018\/11\/Message-Annee-de-la-Regle-de-Vie_english.pdf\" target=\"_blank\" rel=\"noopener noreferrer\">in English<\/a>[\/vc_column_text][\/vc_column][vc_column width=&#8221;1\/5&#8243;][vc_column_text]<img loading=\"lazy\" decoding=\"async\" class=\"alignleft wp-image-4688\" src=\"http:\/\/soeurs-de-la-presentation-de-marie.org\/pom\/wp-content\/uploads\/2018\/11\/pdf-180x180.png\" alt=\"\" width=\"20\" height=\"20\"><a href=\"http:\/\/soeurs-de-la-presentation-de-marie.org\/pom\/wp-content\/uploads\/2018\/11\/Message-Annee-de-la-Regle-de-Vie_japonais.pdf\" target=\"_blank\" rel=\"noopener noreferrer\">\u65e5\u672c\u8a9e\u3067<\/a>[\/vc_column_text][\/vc_column][\/vc_row][vc_row][vc_column width=&#8221;1\/2&#8243;][vc_video link=&#8221;https:\/\/youtu.be\/9RRwHdSdfEs&#8221; title=&#8221;en fran\u00e7ais&#8221;][vc_video link=&#8221;https:\/\/youtu.be\/ow5qYQiQbkM&#8221; title=&#8221;en espa\u00f1ol&#8221;][\/vc_column][vc_column width=&#8221;1\/2&#8243;][vc_video link=&#8221;https:\/\/youtu.be\/ZXjxXnRMHZM&#8221; title=&#8221;em portugu\u00eas&#8221;][vc_video link=&#8221;https:\/\/youtu.be\/W55EI-L_xho&#8221; title=&#8221;in English&#8221;][\/vc_column][\/vc_row][vc_row][vc_column][\/vc_column][\/vc_row][vc_row][vc_column][\/vc_column][\/vc_row]<\/p>\n<\/div>","protected":false},"excerpt":{"rendered":"<p>[vc_section][vc_row][vc_column][vc_column_text] Message de M\u00e8re Maria dos Anjos Alves pour la F\u00eate de Bienheureuse Marie Rivier [\/vc_column_text][\/vc_column][\/vc_row][vc_row][vc_column width=&#8221;1\/5&#8243;][vc_column_text]Mensagem 3 fevereiro 2020, PORTUGAIS[\/vc_column_text][\/vc_column][vc_column width=&#8221;1\/5&#8243;][vc_column_text]Message 3 fevrier 2020, JAPONAIS[\/vc_column_text][\/vc_column][vc_column width=&#8221;1\/5&#8243;][vc_column_text]Message February 3, 2020 ENGLISH[\/vc_column_text][\/vc_column][vc_column width=&#8221;1\/5&#8243;][vc_column_text]Message 3 f\u00e9vrier 2020, ESPAGNOL[\/vc_column_text][\/vc_column][vc_column width=&#8221;1\/5&#8243;][vc_column_text]Message 3 f\u00e9vrier 2020, FRENCH[\/vc_column_text][\/vc_column][\/vc_row][vc_row][vc_column][vc_column_text] Message de M\u00e8re Maria dos Anjos Alves pour No\u00ebl 2018 [\/vc_column_text][\/vc_column][\/vc_row][vc_row][vc_column width=&#8221;1\/5&#8243;][vc_column_text] en Fran\u00e7ais [&hellip;]<\/p>\n","protected":false},"author":2,"featured_media":0,"parent":4076,"menu_order":1,"comment_status":"closed","ping_status":"closed","template":"","meta":{"ngg_post_thumbnail":0,"footnotes":""},"lang":"fr","translations":{"fr":4673,"pt":6297,"es":6286},"pll_sync_post":[],"_links":{"self":[{"href":"https:\/\/soeurs-de-la-presentation-de-marie.org\/pom\/wp-json\/wp\/v2\/pages\/4673"}],"collection":[{"href":"https:\/\/soeurs-de-la-presentation-de-marie.org\/pom\/wp-json\/wp\/v2\/pages"}],"about":[{"href":"https:\/\/soeurs-de-la-presentation-de-marie.org\/pom\/wp-json\/wp\/v2\/types\/page"}],"author":[{"embeddable":true,"href":"https:\/\/soeurs-de-la-presentation-de-marie.org\/pom\/wp-json\/wp\/v2\/users\/2"}],"replies":[{"embeddable":true,"href":"https:\/\/soeurs-de-la-presentation-de-marie.org\/pom\/wp-json\/wp\/v2\/comments?post=4673"}],"version-history":[{"count":16,"href":"https:\/\/soeurs-de-la-presentation-de-marie.org\/pom\/wp-json\/wp\/v2\/pages\/4673\/revisions"}],"predecessor-version":[{"id":11508,"href":"https:\/\/soeurs-de-la-presentation-de-marie.org\/pom\/wp-json\/wp\/v2\/pages\/4673\/revisions\/11508"}],"up":[{"embeddable":true,"href":"https:\/\/soeurs-de-la-presentation-de-marie.org\/pom\/wp-json\/wp\/v2\/pages\/4076"}],"wp:attachment":[{"href":"https:\/\/soeurs-de-la-presentation-de-marie.org\/pom\/wp-json\/wp\/v2\/media?parent=4673"}],"curies":[{"name":"wp","href":"https:\/\/api.w.org\/{rel}","templated":true}]}}