{"id":6104,"date":"2019-03-04T18:46:29","date_gmt":"2019-03-04T17:46:29","guid":{"rendered":"http:\/\/soeurs-de-la-presentation-de-marie.org\/pom\/?page_id=6104"},"modified":"2020-04-21T20:09:42","modified_gmt":"2020-04-21T18:09:42","slug":"juntas-familia-espiritual","status":"publish","type":"page","link":"https:\/\/soeurs-de-la-presentation-de-marie.org\/pom\/juntas-familia-espiritual\/","title":{"rendered":"Juntas &#8211; fam\u00edlia espiritual"},"content":{"rendered":"<div class=\"wpb-content-wrapper\"><p>[vc_row row_space=&#8221;remove_padding_bottom&#8221;][vc_column][\/vc_column][\/vc_row][vc_row row_space=&#8221;remove_padding_bottom&#8221;][vc_column][vc_custom_heading text=&#8221;A espiritualidade apost\u00f3lica da nossa Fundadora pode alimentar a vida de ora\u00e7\u00e3o e a a\u00e7\u00e3o de numerosos batizados, leigos e sacerdotes, partilhamos voluntariamente com essas pessoas a riqueza da nossa heran\u00e7a espiritual.&#8221; font_container=&#8221;tag:h1|font_size:50|text_align:justify|color:%23016bbc&#8221; google_fonts=&#8221;font_family:Italianno%3Aregular|font_style:400%20regular%3A400%3Anormal&#8221;][\/vc_column][\/vc_row][vc_row][vc_column][vc_column_text]Estamos juntas, somos uma grande fam\u00edlia: irm\u00e3s, associados, fraternidades Maria Rivier, leigos consagrados, crian\u00e7as, jovens, as nossas fam\u00edlias. <strong>Apoiando-nos sobre o exemplo da Virgem Maria e de Maria Rivier<\/strong>, aprendemos a caminhar na presen\u00e7a de Deus, a viver no comum do nosso quotidiano o Tudo para Deus por Amor! Estarmos juntas \u00e9 para n\u00f3s uma for\u00e7a de esperan\u00e7a, uma riqueza de f\u00e9 e de amor.<\/p>\n<p><a href=\"http:\/\/soeurs-de-la-presentation-de-marie.org\/pom\/pt\/os-associados-maria-rivier\/\"><strong>ASSOCIADOS MARIA RIVIER<\/strong><\/a><br \/>\nOs Associados s\u00e3o em toda a parte, uma realidade viva. Sentimos que eles s\u00e3o parte integrante da nossa <strong>fam\u00edlia religiosa<\/strong>. Comprometem-se a viver uma vida de ora\u00e7\u00e3o mais profunda, a dar do seu tempo \u00e0 adora\u00e7\u00e3o eucar\u00edstica, a escutar e a partilhar a <strong>Palavra de Deus<\/strong>. Eles sentem-se chamados a comprometer-se cada vez mais na miss\u00e3o apost\u00f3lica que \u00e9 a nossa, ao servi\u00e7o da Igreja e no mundo, a fim de fazerem conhecer e amar Jesus Cristo, a Virgem Maria e a nossa bem-aventurada Fundadora.<\/p>\n<p><a href=\"http:\/\/soeurs-de-la-presentation-de-marie.org\/pom\/pt\/os-leigos-consagrados\/\"><strong>LEIGOS CONSAGRADOS<\/strong><\/a><br \/>\nOs Leigos consagrados est\u00e3o presentes em cinco das nossas Prov\u00edncias, Regi\u00f5es, Miss\u00f5es: <strong>Camar\u00f5es, Estados-Unidos, Mo\u00e7ambique, Per\u00fa, Qu\u00e9beque<\/strong>. A forma\u00e7\u00e3o e o aprofundamento dos seus votos ajuda-os a viver com dinamismo o seu compromisso. Como Maria Rivier querem testemunhar o seu amor por Jesus Cristo, o seu desejo de O fazer conhecer e amar no meio em que vivem. O amor por Jesus Cristo enche os nossos cora\u00e7\u00f5es. Vivem segundo a espiritualidade da Congrega\u00e7\u00e3o. A maior parte est\u00e1 comprometida na pastoral paroquial, catequese, visita aos idosos ou doentes\u2026<\/p>\n<p><strong>AMIGOS DE MARIA RIVIER, COLABORADORES\/AS<\/strong><br \/>\nOs Amigos de Maria s\u00e3o pequenos grupos existentes em numerosos pa\u00edses, diferentes da fam\u00edlia da <strong>Apresenta\u00e7\u00e3o de Maria<\/strong>. T\u00eam os grupos reconhecidos em Mo\u00e7ambique \u2013 os Associadinhos, e nas Filipinas \u2013 as Marinettes. Os alunos\/as em todos os nossos estabelecimentos escolares, passados e futuros, os colaboradores e colaboradoras s\u00e3o Amigos de Maria Rivier.<\/p>\n<p>[ \u2026sont de petits groupes qui existent dans de nombreux pays diff\u00e9rents de la famille de la Pr\u00e9sentation de Marie]. Ils ont les groupes reconnus au Mozambique des Associadinhos et les Philippines des Marinettes. Nos \u00e9l\u00e8ves dans tous nos \u00e9tablissements scolaires, pass\u00e9s et futurs, les collaborateurs et collaboratrices sont des amis de Marie Rivier.]<br \/>\nNota da trad. : tenho d\u00favidas no sentido das express\u00f5es sublinhadas\u2026 Agrade\u00e7o a aten\u00e7\u00e3o\u2026<\/p>\n<p><a href=\"http:\/\/presentationdemarie.org\/\" target=\"_blank\" rel=\"noopener noreferrer\"><strong>MARIE RIVIER SOLIDARITE<\/strong><\/a>[\/vc_column_text][\/vc_column][\/vc_row]<\/p>\n<\/div>","protected":false},"excerpt":{"rendered":"<p>[vc_row row_space=&#8221;remove_padding_bottom&#8221;][vc_column][\/vc_column][\/vc_row][vc_row row_space=&#8221;remove_padding_bottom&#8221;][vc_column][vc_custom_heading text=&#8221;A espiritualidade apost\u00f3lica da nossa Fundadora pode alimentar a vida de ora\u00e7\u00e3o e a a\u00e7\u00e3o de numerosos batizados, leigos e sacerdotes, partilhamos voluntariamente com essas pessoas a riqueza da nossa heran\u00e7a espiritual.&#8221; font_container=&#8221;tag:h1|font_size:50|text_align:justify|color:%23016bbc&#8221; google_fonts=&#8221;font_family:Italianno%3Aregular|font_style:400%20regular%3A400%3Anormal&#8221;][\/vc_column][\/vc_row][vc_row][vc_column][vc_column_text]Estamos juntas, somos uma grande fam\u00edlia: irm\u00e3s, associados, fraternidades Maria Rivier, leigos consagrados, crian\u00e7as, jovens, as nossas fam\u00edlias. Apoiando-nos [&hellip;]<\/p>\n","protected":false},"author":3,"featured_media":0,"parent":0,"menu_order":0,"comment_status":"closed","ping_status":"closed","template":"","meta":{"ngg_post_thumbnail":0,"footnotes":""},"lang":"pt","translations":{"pt":6104,"en":6100,"fr":4088,"es":6102},"pll_sync_post":[],"_links":{"self":[{"href":"https:\/\/soeurs-de-la-presentation-de-marie.org\/pom\/wp-json\/wp\/v2\/pages\/6104"}],"collection":[{"href":"https:\/\/soeurs-de-la-presentation-de-marie.org\/pom\/wp-json\/wp\/v2\/pages"}],"about":[{"href":"https:\/\/soeurs-de-la-presentation-de-marie.org\/pom\/wp-json\/wp\/v2\/types\/page"}],"author":[{"embeddable":true,"href":"https:\/\/soeurs-de-la-presentation-de-marie.org\/pom\/wp-json\/wp\/v2\/users\/3"}],"replies":[{"embeddable":true,"href":"https:\/\/soeurs-de-la-presentation-de-marie.org\/pom\/wp-json\/wp\/v2\/comments?post=6104"}],"version-history":[{"count":6,"href":"https:\/\/soeurs-de-la-presentation-de-marie.org\/pom\/wp-json\/wp\/v2\/pages\/6104\/revisions"}],"predecessor-version":[{"id":13055,"href":"https:\/\/soeurs-de-la-presentation-de-marie.org\/pom\/wp-json\/wp\/v2\/pages\/6104\/revisions\/13055"}],"wp:attachment":[{"href":"https:\/\/soeurs-de-la-presentation-de-marie.org\/pom\/wp-json\/wp\/v2\/media?parent=6104"}],"curies":[{"name":"wp","href":"https:\/\/api.w.org\/{rel}","templated":true}]}}