{"id":6210,"date":"2019-03-04T19:17:09","date_gmt":"2019-03-04T18:17:09","guid":{"rendered":"http:\/\/soeurs-de-la-presentation-de-marie.org\/pom\/?page_id=6210"},"modified":"2020-05-27T16:16:39","modified_gmt":"2020-05-27T14:16:39","slug":"educacion","status":"publish","type":"page","link":"https:\/\/soeurs-de-la-presentation-de-marie.org\/pom\/mision\/educacion\/","title":{"rendered":"Educaci\u00f3n"},"content":{"rendered":"<div class=\"wpb-content-wrapper\"><p>[vc_row row_space=&#8221;remove_padding_top&#8221;][vc_column][vc_custom_heading text=&#8221;\u00ab Junt\u00e9monos y abramos una escuela \u00bb&#8221; font_container=&#8221;tag:h2|font_size:50|text_align:center|color:%230066bf&#8221; google_fonts=&#8221;font_family:Italianno%3Aregular|font_style:400%20regular%3A400%3Anormal&#8221;][vc_custom_heading text=&#8221;- Beata Maria Rivier -&#8221; font_container=&#8221;tag:h2|font_size:44|text_align:center|color:%230066bf&#8221; google_fonts=&#8221;font_family:Allura%3Aregular|font_style:400%20regular%3A400%3Anormal&#8221;][\/vc_column][\/vc_row][vc_row row_space=&#8221;remove_padding_top&#8221;][vc_column][vc_custom_heading text=&#8221;LA MISI\u00d3N DE EDUCACI\u00d3N&#8221; font_container=&#8221;tag:h2|font_size:28|text_align:left|color:%23005ac1&#8243; google_fonts=&#8221;font_family:Alice%3Aregular|font_style:400%20regular%3A400%3Anormal&#8221;][vc_column_text]<em>Jesucristo, nos asocia \u00edntimamente, mediante nuestra vida, a su obra redentora y nos llama a participar en la misi\u00f3n de ense\u00f1anza de la Iglesia por la educaci\u00f3n cristiana de la juventud.<\/em><br \/>\n<em>La educaci\u00f3n cristiana de la juventud, tarea exigente y hermosa, ha sido inspirada por Dios a nuestra Fundadora y reconocida por la Iglesia como nuestra misi\u00f3n espec\u00edfica.<\/em>&nbsp;<\/p>\n<p>En ello encontramos nuestra alegr\u00eda.[\/vc_column_text][vc_custom_heading text=&#8221;LA EDUCACI\u00d3N Y MAR\u00cdA RIVIER&#8221; font_container=&#8221;tag:h2|font_size:26|text_align:left|color:%230048c6&#8243; google_fonts=&#8221;font_family:Alice%3Aregular|font_style:400%20regular%3A400%3Anormal&#8221;][vc_column_text]Ante la Piet\u00e1, la peque\u00f1a Marinette ped\u00eda insistentemente a Nuestra Se\u00f1ora, su curaci\u00f3n : \u00abVirgen Santa, c\u00farame y te recoger\u00e9 ni\u00f1as. Les dar\u00e9 clase y les ense\u00f1ar\u00e9 a amarte mucho\u00bb.<br \/>\n<img loading=\"lazy\" decoding=\"async\" class=\"alignleft wp-image-6604 \" src=\"https:\/\/soeurs-de-la-presentation-de-marie.org\/pom\/wp-content\/uploads\/2018\/11\/MRL8.png\" alt=\"\" width=\"434\" height=\"163\">En 1794, sale de Montpezat para Thueyts. En el momento en que los conventos eran disueltos, los religiosos dispersados y las iglesias cerradas al culto, llama a otras j\u00f3venes : \u00ab Junt\u00e9monos y abramos una escuela \u00bb. As\u00ed naci\u00f3, el 21 de noviembre de 1796, una nueva familia religiosa :<strong>&nbsp;la Presentaci\u00f3n de Mar\u00eda<\/strong>.&nbsp;<\/p>\n<p>La escuela ser\u00e1 el medio privilegiado para anunciar a Jesucristo a los ni\u00f1os y a los j\u00f3venes. Los m\u00e1s abandonados son para ella una preocupaci\u00f3n continua.<\/p>\n<p>En su muerte el <strong>3 de febrero de 1838 a los 69 a\u00f1os<\/strong>, ya hab\u00eda abierto 141 escuelas extendidas por 14 di\u00f3cesis en Francia y hab\u00eda recibido m\u00e1s de 350 hermanas para continuar su obra. Hoy, en 20 pa\u00edses del mundo, \u00a1la Mujer Ap\u00f3stol contin\u00faa d\u00e1ndo a conocer a Jesucristo y haci\u00e9ndolo amar ![\/vc_column_text][\/vc_column][\/vc_row][vc_row row_space=&#8221;remove_padding_top&#8221;][vc_column][vc_custom_heading text=&#8221;\u00ab La buena simiente que vosotras sembr\u00e9is en el coraz\u00f3n de las alumnas,<br \/>\ndar\u00e1 su fruto a su tiempo, es mi experiencia \u00bb.&#8221; font_container=&#8221;tag:h2|font_size:38|text_align:center|color:%230f6dbf&#8221; google_fonts=&#8221;font_family:Allura%3Aregular|font_style:400%20regular%3A400%3Anormal&#8221;][vc_custom_heading text=&#8221;Carta 1072 de 1833<br \/>\nMar\u00eda Rivier&#8221; font_container=&#8221;tag:h2|font_size:24|text_align:center|color:%231e73be&#8221; google_fonts=&#8221;font_family:Alice%3Aregular|font_style:400%20regular%3A400%3Anormal&#8221;][\/vc_column][\/vc_row][vc_row][vc_column][\/vc_column][\/vc_row]<\/p>\n<\/div>","protected":false},"excerpt":{"rendered":"<p>[vc_row row_space=&#8221;remove_padding_top&#8221;][vc_column][vc_custom_heading text=&#8221;\u00ab Junt\u00e9monos y abramos una escuela \u00bb&#8221; font_container=&#8221;tag:h2|font_size:50|text_align:center|color:%230066bf&#8221; google_fonts=&#8221;font_family:Italianno%3Aregular|font_style:400%20regular%3A400%3Anormal&#8221;][vc_custom_heading text=&#8221;- Beata Maria Rivier -&#8221; font_container=&#8221;tag:h2|font_size:44|text_align:center|color:%230066bf&#8221; google_fonts=&#8221;font_family:Allura%3Aregular|font_style:400%20regular%3A400%3Anormal&#8221;][\/vc_column][\/vc_row][vc_row row_space=&#8221;remove_padding_top&#8221;][vc_column][vc_custom_heading text=&#8221;LA MISI\u00d3N DE EDUCACI\u00d3N&#8221; font_container=&#8221;tag:h2|font_size:28|text_align:left|color:%23005ac1&#8243; google_fonts=&#8221;font_family:Alice%3Aregular|font_style:400%20regular%3A400%3Anormal&#8221;][vc_column_text]Jesucristo, nos asocia \u00edntimamente, mediante nuestra vida, a su obra redentora y nos llama a participar en la misi\u00f3n de ense\u00f1anza de la Iglesia por la educaci\u00f3n cristiana de la juventud. [&hellip;]<\/p>\n","protected":false},"author":3,"featured_media":0,"parent":6204,"menu_order":1,"comment_status":"closed","ping_status":"closed","template":"","meta":{"ngg_post_thumbnail":0,"footnotes":""},"lang":"es","translations":{"es":6210,"en":6206,"fr":4117,"pt":6208},"pll_sync_post":[],"_links":{"self":[{"href":"https:\/\/soeurs-de-la-presentation-de-marie.org\/pom\/wp-json\/wp\/v2\/pages\/6210"}],"collection":[{"href":"https:\/\/soeurs-de-la-presentation-de-marie.org\/pom\/wp-json\/wp\/v2\/pages"}],"about":[{"href":"https:\/\/soeurs-de-la-presentation-de-marie.org\/pom\/wp-json\/wp\/v2\/types\/page"}],"author":[{"embeddable":true,"href":"https:\/\/soeurs-de-la-presentation-de-marie.org\/pom\/wp-json\/wp\/v2\/users\/3"}],"replies":[{"embeddable":true,"href":"https:\/\/soeurs-de-la-presentation-de-marie.org\/pom\/wp-json\/wp\/v2\/comments?post=6210"}],"version-history":[{"count":6,"href":"https:\/\/soeurs-de-la-presentation-de-marie.org\/pom\/wp-json\/wp\/v2\/pages\/6210\/revisions"}],"predecessor-version":[{"id":14003,"href":"https:\/\/soeurs-de-la-presentation-de-marie.org\/pom\/wp-json\/wp\/v2\/pages\/6210\/revisions\/14003"}],"up":[{"embeddable":true,"href":"https:\/\/soeurs-de-la-presentation-de-marie.org\/pom\/wp-json\/wp\/v2\/pages\/6204"}],"wp:attachment":[{"href":"https:\/\/soeurs-de-la-presentation-de-marie.org\/pom\/wp-json\/wp\/v2\/media?parent=6210"}],"curies":[{"name":"wp","href":"https:\/\/api.w.org\/{rel}","templated":true}]}}

Educación

<div class="wpb-content-wrapper"><p>[vc_row row_space=&#8221;remove_padding_top&#8221;][vc_column][vc_custom_heading text=&#8221;« Juntémonos y abramos una escuela »&#8221; font_container=&#8221;tag:h2|font_size:50|text_align:center|color:%230066bf&#8221; google_fonts=&#8221;font_family:Italianno%3Aregular|font_style:400%20regular%3A400%3Anormal&#8221;][vc_custom_heading text=&#8221;- Beata Maria Rivier -&#8221; font_container=&#8221;tag:h2|font_size:44|text_align:center|color:%230066bf&#8221; google_fonts=&#8221;font_family:Allura%3Aregular|font_style:400%20regular%3A400%3Anormal&#8221;][/vc_column][/vc_row][vc_row row_space=&#8221;remove_padding_top&#8221;][vc_column][vc_custom_heading text=&#8221;LA MISIÓN DE EDUCACIÓN&#8221; font_container=&#8221;tag:h2|font_size:28|text_align:left|color:%23005ac1&#8243; google_fonts=&#8221;font_family:Alice%3Aregular|font_style:400%20regular%3A400%3Anormal&#8221;][vc_column_text]<em>Jesucristo, nos asocia íntimamente, mediante nuestra vida, a su obra redentora y nos llama a participar en la misión de enseñanza de la Iglesia por la educación cristiana de la juventud.</em><br />
<em>La educación cristiana de la juventud, tarea exigente y hermosa, ha sido inspirada por Dios a nuestra Fundadora y reconocida por la Iglesia como nuestra misión específica.</em>&nbsp;</p>
<p>En ello encontramos nuestra alegría.[/vc_column_text][vc_custom_heading text=&#8221;LA EDUCACIÓN Y MARÍA RIVIER&#8221; font_container=&#8221;tag:h2|font_size:26|text_align:left|color:%230048c6&#8243; google_fonts=&#8221;font_family:Alice%3Aregular|font_style:400%20regular%3A400%3Anormal&#8221;][vc_column_text]Ante la Pietá, la pequeña Marinette pedía insistentemente a Nuestra Señora, su curación : «Virgen Santa, cúrame y te recogeré niñas. Les daré clase y les enseñaré a amarte mucho».<br />
<img loading="lazy" decoding="async" class="alignleft wp-image-6604 " src="https://soeurs-de-la-presentation-de-marie.org/pom/wp-content/uploads/2018/11/MRL8.png" alt="" width="434" height="163">En 1794, sale de Montpezat para Thueyts. En el momento en que los conventos eran disueltos, los religiosos dispersados y las iglesias cerradas al culto, llama a otras jóvenes : « Juntémonos y abramos una escuela ». Así nació, el 21 de noviembre de 1796, una nueva familia religiosa :<strong>&nbsp;la Presentación de María</strong>.&nbsp;</p>
<p>La escuela será el medio privilegiado para anunciar a Jesucristo a los niños y a los jóvenes. Los más abandonados son para ella una preocupación continua.</p>
<p>En su muerte el <strong>3 de febrero de 1838 a los 69 años</strong>, ya había abierto 141 escuelas extendidas por 14 diócesis en Francia y había recibido más de 350 hermanas para continuar su obra. Hoy, en 20 países del mundo, ¡la Mujer Apóstol continúa dándo a conocer a Jesucristo y haciéndolo amar ![/vc_column_text][/vc_column][/vc_row][vc_row row_space=&#8221;remove_padding_top&#8221;][vc_column][vc_custom_heading text=&#8221;« La buena simiente que vosotras sembréis en el corazón de las alumnas,<br />
dará su fruto a su tiempo, es mi experiencia ».&#8221; font_container=&#8221;tag:h2|font_size:38|text_align:center|color:%230f6dbf&#8221; google_fonts=&#8221;font_family:Allura%3Aregular|font_style:400%20regular%3A400%3Anormal&#8221;][vc_custom_heading text=&#8221;Carta 1072 de 1833<br />
María Rivier&#8221; font_container=&#8221;tag:h2|font_size:24|text_align:center|color:%231e73be&#8221; google_fonts=&#8221;font_family:Alice%3Aregular|font_style:400%20regular%3A400%3Anormal&#8221;][/vc_column][/vc_row][vc_row][vc_column][/vc_column][/vc_row]</p>
</div>

<p>[vc_row row_space=&#8221;remove_padding_top&#8221;][vc_column][vc_custom_heading text=&#8221;« Juntémonos y abramos una escuela »&#8221; font_container=&#8221;tag:h2|font_size:50|text_align:center|color:%230066bf&#8221; google_fonts=&#8221;font_family:Italianno%3Aregular|font_style:400%20regular%3A400%3Anormal&#8221;][vc_custom_heading text=&#8221;- Beata Maria Rivier -&#8221; font_container=&#8221;tag:h2|font_size:44|text_align:center|color:%230066bf&#8221; google_fonts=&#8221;font_family:Allura%3Aregular|font_style:400%20regular%3A400%3Anormal&#8221;][/vc_column][/vc_row][vc_row row_space=&#8221;remove_padding_top&#8221;][vc_column][vc_custom_heading text=&#8221;LA MISIÓN DE EDUCACIÓN&#8221; font_container=&#8221;tag:h2|font_size:28|text_align:left|color:%23005ac1&#8243; google_fonts=&#8221;font_family:Alice%3Aregular|font_style:400%20regular%3A400%3Anormal&#8221;][vc_column_text]Jesucristo, nos asocia íntimamente, mediante nuestra vida, a su obra redentora y nos llama a participar en la misión de enseñanza de la Iglesia por la educación cristiana de la juventud. [&hellip;]</p>
