{"id":6260,"date":"2019-03-05T11:07:26","date_gmt":"2019-03-05T10:07:26","guid":{"rendered":"http:\/\/soeurs-de-la-presentation-de-marie.org\/pom\/?page_id=6260"},"modified":"2020-06-03T13:48:13","modified_gmt":"2020-06-03T11:48:13","slug":"pastoral-juvenil","status":"publish","type":"page","link":"https:\/\/soeurs-de-la-presentation-de-marie.org\/pom\/missao\/pastoral-juvenil\/","title":{"rendered":"Pastoral juvenil"},"content":{"rendered":"<div class=\"wpb-content-wrapper\"><p>[vc_row row_space=&#8221;remove_padding_bottom&#8221;][vc_column][vc_custom_heading text=&#8221;\u00abCuidar\u00bb dos jovens n\u00e3o \u00e9 uma tarefa facultativa para a Igreja;<br \/>\n\u00e9 uma parte substancial da sua voca\u00e7\u00e3o e da sua miss\u00e3o na hist\u00f3ria.<br \/>\nTal como Jesus caminhou com os disc\u00edpulos de Ema\u00fas.<br \/>\na Igreja \u00e9 convidada a acompanhar todos os jovens,<br \/>\nsem excep\u00e7\u00e3o, rumo \u00e0 alegria do amor.&#8221; font_container=&#8221;tag:h2|font_size:42|text_align:center|color:%23006af4&#8243; google_fonts=&#8221;font_family:Alex%20Brush%3Aregular|font_style:400%20regular%3A400%3Anormal&#8221;][vc_custom_heading text=&#8221;OS JOVENS, A F\u00c9 E O DISCERNIMENTO VOCACIONAL&#8221; font_container=&#8221;tag:h2|font_size:18|text_align:right|color:%230066bf&#8221; google_fonts=&#8221;font_family:Alice%3Aregular|font_style:400%20regular%3A400%3Anormal&#8221;][\/vc_column][\/vc_row][vc_row row_space=&#8221;remove_padding_bottom&#8221;][vc_column][vc_custom_heading text=&#8221;MARIA RIVIER E OS JOVENS&#8221; font_container=&#8221;tag:h2|font_size:34|text_align:center|color:%23004af9&#8243; google_fonts=&#8221;font_family:Acme%3Aregular|font_style:400%20regular%3A400%3Anormal&#8221;][vc_row_inner][vc_column_inner width=&#8221;1\/2&#8243;][vc_column_text]<img loading=\"lazy\" decoding=\"async\" class=\"wp-image-7303 size-full\" src=\"https:\/\/soeurs-de-la-presentation-de-marie.org\/pom\/wp-content\/uploads\/2018\/11\/MR14.1.1.png\" alt=\"\" width=\"500\" height=\"341\"><\/p>\n<p>O seu ardor apost\u00f3lico est\u00e1 enraizado na sua longa ora\u00e7\u00e3o junto de Nossa Senhora da Piedade: se me curares, vou reunir e trazer-te crian\u00e7as e ensin\u00e1-las a amarem-Te muito.&nbsp;[\/vc_column_text][\/vc_column_inner][vc_column_inner width=&#8221;1\/2&#8243;][vc_custom_heading text=&#8221;Maria Rivier \u00e9 uma fundadora com cora\u00e7\u00e3o de fogo&#8221; font_container=&#8221;tag:h2|font_size:24|text_align:left|color:%230064fc&#8221; google_fonts=&#8221;font_family:Acme%3Aregular|font_style:400%20regular%3A400%3Anormal&#8221;][vc_custom_heading text=&#8221;Ela tem a paix\u00e3o da educa\u00e7\u00e3o dos jovens, em todas as suas vertentes. Faz-se pr\u00f3xima, acompanha-os com dinamismo, esperan\u00e7a e alegria na prepara\u00e7\u00e3o do seu futuro. Cada um \u00e9 \u00fanico e ela conta com cada um: os pobres, os doentes, os abandonados s\u00e3o envolvidos pela sua bondade e ternura.<\/p>\n<p>Por isso queria ter mil vidas para levar a todos a Boa Nova do Evangelho e fazer delas testemunhas. Enquanto houver um canto de terra onde Jesus Cristo n\u00e3o \u00e9 conhecido e amado, n\u00e3o poderei descansar.<br \/>\nM\u00e3e de cora\u00e7\u00e3o grande, deseja ter irm\u00e3s cheias de zelo e de amor, aptas para educar, para evangelizar. Miss\u00e3o exigente.<\/p>\n<p>Como viv\u00ea-la face a tantas necessidades? O seu segredo: Ponhamo-nos juntas e daremos escola. Ser\u00e1 esta a sua palavra fundadora. Juntas, s\u00e3o abertas e acolhedoras para com todos, entregando a sua vida para forma\u00e7\u00e3o da f\u00e9 da juventude, nos quatro continentes para onde o Esp\u00edrito as convocou.&#8221; font_container=&#8221;tag:h2|font_size:21|text_align:justify|color:%23467bf4&#8243; google_fonts=&#8221;font_family:Alike%20Angular%3Aregular|font_style:400%20regular%3A400%3Anormal&#8221;][\/vc_column_inner][\/vc_row_inner][vc_row_inner][vc_column_inner][vc_custom_heading text=&#8221;A Sua santidade&#8221; font_container=&#8221;tag:h2|font_size:28|text_align:justify|color:%231360f9&#8243; google_fonts=&#8221;font_family:Acme%3Aregular|font_style:400%20regular%3A400%3Anormal&#8221;][vc_custom_heading text=&#8221;O rosto de santidade da nossa Fundadora \u00e9 para n\u00f3s uma esp\u00e9cie de farol. Fascina-nos cada vez mais, na medida em que conhecemos melhor o seu perfil espiritual e que descobrimos toda a riqueza da sua personalidade e do seu carisma. O esp\u00edrito de Maria Rivier inspira as atitudes interiores que devem caracterizar-nos e que nos aplicamos a cultivar em todas as etapas da nossa forma\u00e7\u00e3o.&#8221; font_container=&#8221;tag:h2|font_size:22|text_align:justify|color:%233181f9&#8243; google_fonts=&#8221;font_family:Alike%20Angular%3Aregular|font_style:400%20regular%3A400%3Anormal&#8221;][\/vc_column_inner][\/vc_row_inner][vc_row_inner][vc_column_inner][vc_custom_heading text=&#8221;A PASTORAL DAS VOCA\u00c7\u00d5ES&#8221; font_container=&#8221;tag:h2|font_size:38|text_align:left|color:%231068ed&#8221; google_fonts=&#8221;font_family:Acme%3Aregular|font_style:400%20regular%3A400%3Anormal&#8221;][vc_custom_heading text=&#8221;Jesus disse-lhes: \u00abVinde comigo,<br \/>\ne farei de v\u00f3s pescadores de homens.\u00bb<br \/>\nImediatamente, deixando as redes, eles seguiram-no.<br \/>\nMt 4, 18-19&#8243; font_container=&#8221;tag:h2|font_size:23|text_align:center|color:%233b86f7&#8243; google_fonts=&#8221;font_family:Acme%3Aregular|font_style:400%20regular%3A400%3Anormal&#8221;][vc_custom_heading text=&#8221;No meio da Igreja<br \/>\nem acto de f\u00e9, de adora\u00e7\u00e3o e de oferta,<br \/>\na Palavra de Deus ressoou em n\u00f3s Com um especial vigor<br \/>\nexigente e misericordiosa.&#8221; font_container=&#8221;tag:h2|font_size:23|text_align:center|color:%234b7ef4&#8243; google_fonts=&#8221;font_family:Acme%3Aregular|font_style:400%20regular%3A400%3Anormal&#8221;][\/vc_column_inner][\/vc_row_inner][vc_row_inner][vc_column_inner][\/vc_column_inner][\/vc_row_inner][\/vc_column][\/vc_row][vc_row][vc_column][\/vc_column][\/vc_row][vc_row][vc_column][\/vc_column][\/vc_row][vc_row][vc_column][\/vc_column][\/vc_row]<\/p>\n<\/div>","protected":false},"excerpt":{"rendered":"<p>[vc_row row_space=&#8221;remove_padding_bottom&#8221;][vc_column][vc_custom_heading text=&#8221;\u00abCuidar\u00bb dos jovens n\u00e3o \u00e9 uma tarefa facultativa para a Igreja; \u00e9 uma parte substancial da sua voca\u00e7\u00e3o e da sua miss\u00e3o na hist\u00f3ria. Tal como Jesus caminhou com os disc\u00edpulos de Ema\u00fas. a Igreja \u00e9 convidada a acompanhar todos os jovens, sem excep\u00e7\u00e3o, rumo \u00e0 alegria do amor.&#8221; font_container=&#8221;tag:h2|font_size:42|text_align:center|color:%23006af4&#8243; google_fonts=&#8221;font_family:Alex%20Brush%3Aregular|font_style:400%20regular%3A400%3Anormal&#8221;][vc_custom_heading text=&#8221;OS JOVENS, [&hellip;]<\/p>\n","protected":false},"author":3,"featured_media":0,"parent":6202,"menu_order":4,"comment_status":"closed","ping_status":"closed","template":"","meta":{"ngg_post_thumbnail":0,"footnotes":""},"lang":"pt","translations":{"pt":6260,"en":6253,"fr":4582,"es":6258},"pll_sync_post":[],"_links":{"self":[{"href":"https:\/\/soeurs-de-la-presentation-de-marie.org\/pom\/wp-json\/wp\/v2\/pages\/6260"}],"collection":[{"href":"https:\/\/soeurs-de-la-presentation-de-marie.org\/pom\/wp-json\/wp\/v2\/pages"}],"about":[{"href":"https:\/\/soeurs-de-la-presentation-de-marie.org\/pom\/wp-json\/wp\/v2\/types\/page"}],"author":[{"embeddable":true,"href":"https:\/\/soeurs-de-la-presentation-de-marie.org\/pom\/wp-json\/wp\/v2\/users\/3"}],"replies":[{"embeddable":true,"href":"https:\/\/soeurs-de-la-presentation-de-marie.org\/pom\/wp-json\/wp\/v2\/comments?post=6260"}],"version-history":[{"count":10,"href":"https:\/\/soeurs-de-la-presentation-de-marie.org\/pom\/wp-json\/wp\/v2\/pages\/6260\/revisions"}],"predecessor-version":[{"id":14067,"href":"https:\/\/soeurs-de-la-presentation-de-marie.org\/pom\/wp-json\/wp\/v2\/pages\/6260\/revisions\/14067"}],"up":[{"embeddable":true,"href":"https:\/\/soeurs-de-la-presentation-de-marie.org\/pom\/wp-json\/wp\/v2\/pages\/6202"}],"wp:attachment":[{"href":"https:\/\/soeurs-de-la-presentation-de-marie.org\/pom\/wp-json\/wp\/v2\/media?parent=6260"}],"curies":[{"name":"wp","href":"https:\/\/api.w.org\/{rel}","templated":true}]}}