{"id":8268,"date":"2021-03-21T17:24:49","date_gmt":"2021-03-21T16:24:49","guid":{"rendered":"http:\/\/soeurs-de-la-presentation-de-marie.org\/pom\/?page_id=6030"},"modified":"2021-03-22T20:11:23","modified_gmt":"2021-03-22T19:11:23","slug":"apresentacao-de-maria","status":"publish","type":"page","link":"https:\/\/soeurs-de-la-presentation-de-marie.org\/pom\/apresentacao-de-maria\/","title":{"rendered":"Apresenta\u00e7\u00e3o de Maria"},"content":{"rendered":"<div class=\"wpb-content-wrapper\"><p>[vc_row row_space=&#8221;remove_padding_bottom&#8221;][vc_column][vc_custom_heading text=&#8221;APRESENTA\u00c7\u00c3O DE MARIA NO TEMPLO&#8221; font_container=&#8221;tag:h2|font_size:36|text_align:center|color:%230066bf&#8221; google_fonts=&#8221;font_family:Amarante%3Aregular|font_style:400%20regular%3A400%3Anormal&#8221;][vc_column_text]<span style=\"color: #003366;\">Neste dia, a Igreja celebra o mist\u00e9rio do primeiro encontro de Maria com o seu Deus. Com o seu SIM, ela sobe os degraus do Templo &#8220;sem olhar para tr\u00e1s&#8221;. Deixa tudo e oferece-se como uma h\u00f3stia santa, agrad\u00e1vel a Deus, dando-se inteiramente e para sempre. Ela \u00e9 seduzida pelo seu Deus e deixa-se seduzir.&nbsp; Maria torna-se o templo mais puro de Deus. Permanece no templo na sua presen\u00e7a.<\/span><\/p>\n<p><span style=\"color: #003366;\">Maria coloca-se \u00e0 disposi\u00e7\u00e3o do seu Deus, simplesmente, totalmente, humildemente. O seu dom \u00e9 gratuito, absoluto. Deseja apenas uma coisa: ser a pequena serva do Senhor que se oferece ao seu Mestre. Deus a quem ela se oferece \u00e9 a sua vida, a sua alegria, a sua felicidade. \u00c9 por isso que a <strong>festa de 21 de novembro \u00e9 a festa do<\/strong> <strong>primeiro sim,<\/strong> a festa do &#8220;tomai Senhor e recebei&#8221;.<\/span>[\/vc_column_text][vc_empty_space height=&#8221;45px&#8221;][vc_custom_heading text=&#8221;SANTISSIMA VIRGEM MARIA e MARIA RIVIER&#8221; font_container=&#8221;tag:h2|font_size:36|text_align:center|color:%230066bf&#8221; google_fonts=&#8221;font_family:Amarante%3Aregular|font_style:400%20regular%3A400%3Anormal&#8221;][vc_custom_heading text=&#8221;&#8220;A hist\u00f3ria da vida de Maria Rivier \u00e9 a hist\u00f3ria da sua devo\u00e7\u00e3o \u00e0 Sant\u00edssima Virgem, de uma reciprocidade ininterrupta de confian\u00e7a e favores, de ora\u00e7\u00f5es e gra\u00e7as obtidas atrav\u00e9s da intercess\u00e3o da Virgem Maria. &#8220;&#8221; font_container=&#8221;tag:h2|font_size:36|text_align:center|color:%232878bf&#8221; google_fonts=&#8221;font_family:Alex%20Brush%3Aregular|font_style:400%20regular%3A400%3Anormal&#8221;][vc_custom_heading text=&#8221;- Monsieur Hamon &#8211;<br \/>\nPrimer bi\u00f3grafo de la Beata Mar\u00eda Rivier&#8221; font_container=&#8221;tag:h2|font_size:24|text_align:right|color:%231e73be&#8221; google_fonts=&#8221;font_family:Amaranth%3Aregular%2Citalic%2C700%2C700italic|font_style:400%20regular%3A400%3Anormal&#8221;][\/vc_column][\/vc_row][vc_row row_space=&#8221;remove_padding_top&#8221;][vc_column width=&#8221;1\/2&#8243;][vc_column_text]&nbsp;<\/p>\n<p><img loading=\"lazy\" decoding=\"async\" class=\"alignleft wp-image-12262 size-large\" src=\"https:\/\/soeurs-de-la-presentation-de-marie.org\/pom\/wp-content\/uploads\/2020\/03\/Virgin-Mary_Castel_rs-803x1024.jpg\" alt=\"\" width=\"803\" height=\"1024\">[\/vc_column_text][\/vc_column][vc_column width=&#8221;1\/2&#8243;][vc_column_text]&nbsp;<\/p>\n<p><span style=\"color: #003366;\">\u00c9 em Montpezat, junto de Nossa Senhora da Piedade, que a pequenina Rivier se deixa agarrar por um mist\u00e9rio que a ultrapassa. Desta longa contempla\u00e7\u00e3o do Filho oferecido e da M\u00e3e de cora\u00e7\u00e3o trespassado, aprender\u00e1 at\u00e9 onde vai a oferenda do amor. O seu cora\u00e7\u00e3o vai tornar-se cada vez mais compassivo \u00e0 maneira de Jesus e de Maria.<\/span><br \/>\n<span style=\"color: #003366;\">Podemos afirmar que, desde a sua mais tenra inf\u00e2ncia at\u00e9 \u00e0s \u00faltimas horas da sua vida, Maria Rivier se p\u00f4s totalmente entre as m\u00e3os da Virgem Maria. Ao longo dos seus encontros, criou-se entre ela e Nossa Senhora uma esp\u00e9cie de coniv\u00eancia, que se aprofundou com os anos.<\/span><br \/>\n<span style=\"color: #003366;\">A Virgem Maria \u00e9 a grande formadora da Madre Rivier. Ensina-lhe Jesus Cristo, mostra-lhe o sentido da adora\u00e7\u00e3o e da oferenda. O mist\u00e9rio da Apresenta\u00e7\u00e3o de Maria no Templo corresponde perfeitamente \u00e0s aspira\u00e7\u00f5es do seu cora\u00e7\u00e3o.<\/span><br \/>\n<span style=\"color: #003366;\">\u00abDesde sempre, ela quer que a sua vida seja como que uma cont\u00ednua Apresenta\u00e7\u00e3o: Eis-me aqui!\u00bb A festa do 21 de novembro vai bem ao encontro da oferenda de Jesus, o perfeito Servo que se entregou pela salva\u00e7\u00e3o do mundo : N\u00e3o vos agradaram sacrif\u00edcios nem obla\u00e7\u00f5es\u2026 n\u00e3o pedistes holocaustos nem expia\u00e7\u00f5es, ent\u00e3o clamei: Aqui estou\u2026que fa\u00e7a a vossa vontade (Sl 39). Nada de admirar que Maria Rivier seja t\u00e3o impressionada pelo mist\u00e9rio da Apresenta\u00e7\u00e3o de Jesus no Templo: \u00abEsta festa sufoca-me pelos ardentes desejos que suscita em mim de me sacrificar com Jesus Cristo\u00bb.<\/span>[\/vc_column_text][\/vc_column][\/vc_row][vc_row row_space=&#8221;remove_padding_top&#8221;][vc_column][vc_custom_heading text=&#8221;SANTISSIMA VIRGEM MARIA e MARIA RIVIER<br \/>\nA HIST\u00d3RIA DA FUNDA\u00c7\u00c3O&nbsp;&#8221; font_container=&#8221;tag:h2|font_size:36|text_align:center|color:%230b5eed&#8221; google_fonts=&#8221;font_family:Amarante%3Aregular|font_style:400%20regular%3A400%3Anormal&#8221;][\/vc_column][\/vc_row][vc_row row_space=&#8221;remove_padding_top&#8221;][vc_column width=&#8221;1\/2&#8243;][vc_column_text]&nbsp;<\/p>\n<p>&nbsp;<\/p>\n<p><img loading=\"lazy\" decoding=\"async\" class=\"aligncenter wp-image-6609 \" src=\"https:\/\/soeurs-de-la-presentation-de-marie.org\/pom\/wp-content\/uploads\/2018\/11\/MRL8.png\" alt=\"\" width=\"532\" height=\"200\"><\/p>\n<p>&nbsp;<\/p>\n<p>&nbsp;[\/vc_column_text][vc_column_text]&nbsp;<\/p>\n<p>&nbsp;<\/p>\n<p>&nbsp;<\/p>\n<p>&nbsp;<\/p>\n<p>&nbsp;<\/p>\n<p>&nbsp;<\/p>\n<p>&nbsp; &nbsp; &nbsp; &nbsp; &nbsp; &nbsp; &nbsp; &nbsp; &nbsp; &nbsp; &nbsp; <img loading=\"lazy\" decoding=\"async\" class=\"aligncenter wp-image-12270 size-medium\" src=\"https:\/\/soeurs-de-la-presentation-de-marie.org\/pom\/wp-content\/uploads\/2020\/03\/FPieta-750x510.jpg\" alt=\"\" width=\"750\" height=\"510\"><\/p>\n<p>&nbsp;[\/vc_column_text][vc_column_text]<img loading=\"lazy\" decoding=\"async\" class=\"aligncenter wp-image-12274 size-medium\" src=\"https:\/\/soeurs-de-la-presentation-de-marie.org\/pom\/wp-content\/uploads\/2020\/03\/foundation-750x510.jpg\" alt=\"\" width=\"750\" height=\"510\">[\/vc_column_text][vc_row_inner][vc_column_inner][vc_column_text]&nbsp;<\/p>\n<p>&nbsp;<\/p>\n<p>&nbsp;<\/p>\n<p><img loading=\"lazy\" decoding=\"async\" class=\"aligncenter wp-image-12278 size-medium\" src=\"https:\/\/soeurs-de-la-presentation-de-marie.org\/pom\/wp-content\/uploads\/2020\/03\/DSC09091-2018_03_24-10_24_52-UTC-750x510.jpg\" alt=\"\" width=\"750\" height=\"510\">[\/vc_column_text][\/vc_column_inner][\/vc_row_inner][\/vc_column][vc_column width=&#8221;1\/2&#8243;][vc_custom_heading text=&#8221;O Nascimento de uma Fundadora&#8221; font_container=&#8221;tag:h2|font_size:38|text_align:left|color:%230066bf&#8221; google_fonts=&#8221;font_family:Alex%20Brush%3Aregular|font_style:400%20regular%3A400%3Anormal&#8221;][vc_column_text]<span style=\"color: #003366;\">A Congrega\u00e7\u00e3o das Irm\u00e3s da Apresenta\u00e7\u00e3o de Maria foi fundada em Thueyts (Ard\u00e8che), na diocese de Viviers, (Fran\u00e7a) em finais do s\u00e9culo XVIII.<\/span><br \/>\n<span style=\"color: #003366;\">A Fundadora, Maria Rivier, nasceu em Montpezat (Fran\u00e7a), a 19 de dezembro de 1768. Ainda n\u00e3o tinha cinco anos quando se sentiu fortemente impelida a consagrar a sua vida a Deus, para dar catequese \u00e0s crian\u00e7as. Privada do uso das pernas na sequ\u00eancia de uma queda dada aos 16 meses, suplicava incansavelmente a Nossa Senhora: \u00abSant\u00edssima Virgem, cura-me! Hei-de juntar-te meninas. Dou-lhes escola e ensino-as a amarem-Te muito\u00bb. Foi l\u00e1, junto da Piet\u00e1 que nasceu a nossa Congrega\u00e7\u00e3o.<\/span><br \/>\n<span style=\"color: #003366;\">Nesta escola da Cruz e do cora\u00e7\u00e3o, Maria Rivier assimila cada vez mais os sentimentos de Jesus e de Sua M\u00e3e. O seu cora\u00e7\u00e3o j\u00e1 n\u00e3o sabe sen\u00e3o amar, amar ternamente, intensamente, at\u00e9 ao fim.<\/span><br \/>\n<span style=\"color: #003366;\">Com Nossa Senhora da Piedade, a sua compaix\u00e3o abre-se a todas as mis\u00e9rias.<\/span>[\/vc_column_text][vc_empty_space height=&#8221;55px&#8221;][vc_custom_heading text=&#8221;A Cura&#8221; font_container=&#8221;tag:h2|font_size:38|text_align:left|color:%23136ebf&#8221; google_fonts=&#8221;font_family:Alex%20Brush%3Aregular|font_style:400%20regular%3A400%3Anormal&#8221;][vc_column_text]&nbsp;<\/p>\n<p><span style=\"color: #003366;\">Curada parcialmente a 8 de setembro de 1774, obt\u00e9m a cura completa tr\u00eas anos mais tarde numa outra festa de Maria, a da Assun\u00e7\u00e3o. Desde ent\u00e3o, apenas vive para cumprir a sua promessa, certa de que tudo pode esperar da Sant\u00edssima Virgem, certeza que conservar\u00e1 a vida inteira.<\/span><\/p>\n<p>&nbsp;<\/p>\n<p>&nbsp;[\/vc_column_text][vc_empty_space height=&#8221;100px&#8221;][vc_custom_heading text=&#8221;A Promessa&#8221; font_container=&#8221;tag:h2|font_size:38|text_align:left|color:%231e73be&#8221; google_fonts=&#8221;font_family:Alex%20Brush%3Aregular|font_style:400%20regular%3A400%3Anormal&#8221;][vc_column_text]<span style=\"color: #003366;\">A 21 de novembro de 1796, em plena tormenta revolucion\u00e1ria e contra todas as normas da prud\u00eancia humana, fiel \u00e0 sua promessa, funda o Instituto, munida de uma aprova\u00e7\u00e3o do Vig\u00e1rio geral da Diocese, o Senhor R\u00e9gis Vernet, sacerdote de S\u00e3o Sulp\u00edcio, que se tornar\u00e1 o Conselheiro e o Pai da nova funda\u00e7\u00e3o. Com quatro companheiras, consagra-se a Deus e dedica-se \u00e0 instru\u00e7\u00e3o crist\u00e3 da juventude.<\/span>[\/vc_column_text][vc_empty_space height=&#8221;160px&#8221;][vc_custom_heading text=&#8221;A Profecia&#8221; font_container=&#8221;tag:h2|font_size:38|text_align:left|color:%231c73bf&#8221; google_fonts=&#8221;font_family:Alex%20Brush%3Aregular|font_style:400%20regular%3A400%3Anormal&#8221;][vc_column_text]<span style=\"color: #003366;\">O seu amor ardente por Deus, o seu zelo intr\u00e9pido, a sua paix\u00e3o por fazer conhecer e amar Jesus Cristo at\u00e9 aos confins do mundo, a sua terna e inesgot\u00e1vel caridade pelos infelizes, os pobres, as crian\u00e7as abandonadas fazem com que Pio IX a apelide de Mulher-ap\u00f3stolo.<\/span><\/p>\n<p><span style=\"color: #003366;\">Morre na fome do seu zelo, a 3 de fevereiro de 1838. S\u00e3o Jo\u00e3o Paulo II beatifica-a 23 de maio de 1982.<\/span><\/p>\n<p><span style=\"color: #003366;\">Maria Rivier fundou 141 escolas, em vida. Ela tinha predito: \u00abAs minhas filhas atravessar\u00e3o os mares\u00bb. Menos de vinte anos ap\u00f3s a sua morte, as Irm\u00e3s da Apresenta\u00e7\u00e3o de Maria, que j\u00e1 se tinham come\u00e7ado a espalhar por outros pa\u00edses da Europa, iam implantar-se na Am\u00e9rica. As filhas da Mulher-ap\u00f3stolo atravessaram os mares. As funda\u00e7\u00f5es multiplicaram-se nos quatro continentes: Am\u00e9rica, Europa, \u00c1sia e \u00c1frica.<\/span>[\/vc_column_text][\/vc_column][\/vc_row][vc_row row_space=&#8221;remove_padding_top&#8221;][vc_column width=&#8221;1\/2&#8243;][vc_column_text]<img loading=\"lazy\" decoding=\"async\" class=\"wp-image-12286 alignright\" src=\"https:\/\/soeurs-de-la-presentation-de-marie.org\/pom\/wp-content\/uploads\/2020\/03\/Marie-Rivier_icon_postulator-2-1.jpg\" alt=\"\" width=\"380\" height=\"314\">[\/vc_column_text][\/vc_column][vc_column width=&#8221;1\/2&#8243;][vc_custom_heading text=&#8221;A For\u00e7a Interior&#8221; font_container=&#8221;tag:h2|font_size:38|text_align:left|color:%230066bf&#8221; google_fonts=&#8221;font_family:Alex%20Brush%3Aregular|font_style:400%20regular%3A400%3Anormal&#8221;][vc_column_text]Maria Rivier era penetrada pela urg\u00eancia da ora\u00e7\u00e3o na vida apost\u00f3lica. Insistia particularmente sobre o esp\u00edrito de ora\u00e7\u00e3o, o \u00abretiro interior\u00bb, a presen\u00e7a de Deus, o estado de adora\u00e7\u00e3o e de oferenda em que \u00abera preciso manter-se\u00bb. Estava convencida de que <strong>\u00abnada se faria sem a ora\u00e7\u00e3o\u00bb.<\/strong>[\/vc_column_text][\/vc_column][\/vc_row][vc_row][vc_column][vc_custom_heading text=&#8221;O NOME DA CONGREGA\u00c7\u00c3O&#8221; font_container=&#8221;tag:h2|font_size:36|text_align:center|color:%230066bf&#8221; google_fonts=&#8221;font_family:Amarante%3Aregular|font_style:400%20regular%3A400%3Anormal&#8221;][vc_column_text]<span style=\"color: #003366;\">Este nome da Apresenta\u00e7\u00e3o da Virgem Maria, nas breves explica\u00e7\u00f5es que o seu piedoso diretor lhe d\u00e1 sobre o significado desta festa, a futura fundadora sente-se subitamente penetrada por uma grande alegria. Estava intimamente convencida de que os seus mais profundos desejos seriam realizados, que a t\u00e3o desejada comunidade iria finalmente nascer, e que a pr\u00f3pria Virgem Maria queria presidir ao seu nascimento, sob o patroc\u00ednio de um dos seus mais comoventes mist\u00e9rios.<\/span><\/p>\n<p><span style=\"color: #003366;\">O dia seguinte, 21 de novembro de 1796, foi um dia de fervor extraordin\u00e1rio. A alegria sobrenatural de Maria Rivier espalhou-se por toda a casa.&nbsp; Todas receberam a sagrada comunh\u00e3o da m\u00e3o do padre Pontanier, e todas se consagraram a Maria, com aquele \u00e9lan un\u00e2nime de piedoso entusiasmo que foi o sinal da inspira\u00e7\u00e3o celestial e o pren\u00fancio de grandes coisas.<\/span><\/p>\n<p><span style=\"color: #003366;\">A emo\u00e7\u00e3o de Maria Rivier estava no seu auge quando, ap\u00f3s a cerim\u00f3nia de que acab\u00e1mos de falar, o padre Pontanier deu-lhe um selo com as iniciais da AVE MARIA, dizendo: &#8220;Tome isto, ser\u00e1 o selo da sua casa&#8221;. Era o selo da Companhia de Saint-Sulpice. A piedosa Fundadora levou-o com respeito, beijou-o v\u00e1rias vezes, e n\u00e3o quis separar-se dele durante todo o dia.<\/span><\/p>\n<p><span style=\"color: #003366;\">Assim foi fundado, a 21 de novembro de 1796, o Instituto das Irm\u00e3s da Apresenta\u00e7\u00e3o de Maria.<\/span><\/p>\n<p><span style=\"color: #003366;\">Maria Rivier nunca esquecer\u00e1 que foi sob os ausp\u00edcios de Maria que nasceu a sua Congrega\u00e7\u00e3o.<\/span><\/p>\n<p><span style=\"color: #003366;\">\u201cMinhas filhas, escrever\u00e1 ela mais tarde, confiai-vos sempre sem reservas \u00e0 Sant\u00edssima Virgem. No in\u00edcio da nossa Congrega\u00e7\u00e3o, foi ela quem fez tudo &#8230;\u201d<\/span>[\/vc_column_text][\/vc_column][\/vc_row][vc_row][vc_column][\/vc_column][\/vc_row]<\/p>\n<\/div>","protected":false},"excerpt":{"rendered":"<p>[vc_row row_space=&#8221;remove_padding_bottom&#8221;][vc_column][vc_custom_heading text=&#8221;APRESENTA\u00c7\u00c3O DE MARIA NO TEMPLO&#8221; font_container=&#8221;tag:h2|font_size:36|text_align:center|color:%230066bf&#8221; google_fonts=&#8221;font_family:Amarante%3Aregular|font_style:400%20regular%3A400%3Anormal&#8221;][vc_column_text]Neste dia, a Igreja celebra o mist\u00e9rio do primeiro encontro de Maria com o seu Deus. Com o seu SIM, ela sobe os degraus do Templo &#8220;sem olhar para tr\u00e1s&#8221;. Deixa tudo e oferece-se como uma h\u00f3stia santa, agrad\u00e1vel a Deus, dando-se inteiramente e para sempre. Ela [&hellip;]<\/p>\n","protected":false},"author":3,"featured_media":0,"parent":0,"menu_order":21,"comment_status":"closed","ping_status":"closed","template":"","meta":{"ngg_post_thumbnail":0,"footnotes":""},"lang":"pt","translations":{"pt":8268,"en":6030,"fr":4068},"pll_sync_post":[],"_links":{"self":[{"href":"https:\/\/soeurs-de-la-presentation-de-marie.org\/pom\/wp-json\/wp\/v2\/pages\/8268"}],"collection":[{"href":"https:\/\/soeurs-de-la-presentation-de-marie.org\/pom\/wp-json\/wp\/v2\/pages"}],"about":[{"href":"https:\/\/soeurs-de-la-presentation-de-marie.org\/pom\/wp-json\/wp\/v2\/types\/page"}],"author":[{"embeddable":true,"href":"https:\/\/soeurs-de-la-presentation-de-marie.org\/pom\/wp-json\/wp\/v2\/users\/3"}],"replies":[{"embeddable":true,"href":"https:\/\/soeurs-de-la-presentation-de-marie.org\/pom\/wp-json\/wp\/v2\/comments?post=8268"}],"version-history":[{"count":11,"href":"https:\/\/soeurs-de-la-presentation-de-marie.org\/pom\/wp-json\/wp\/v2\/pages\/8268\/revisions"}],"predecessor-version":[{"id":20050,"href":"https:\/\/soeurs-de-la-presentation-de-marie.org\/pom\/wp-json\/wp\/v2\/pages\/8268\/revisions\/20050"}],"wp:attachment":[{"href":"https:\/\/soeurs-de-la-presentation-de-marie.org\/pom\/wp-json\/wp\/v2\/media?parent=8268"}],"curies":[{"name":"wp","href":"https:\/\/api.w.org\/{rel}","templated":true}]}}