{"id":8597,"date":"2019-07-18T17:14:55","date_gmt":"2019-07-18T15:14:55","guid":{"rendered":"http:\/\/soeurs-de-la-presentation-de-marie.org\/pom\/?page_id=8597"},"modified":"2021-11-10T18:11:29","modified_gmt":"2021-11-10T17:11:29","slug":"novitiate","status":"publish","type":"page","link":"https:\/\/soeurs-de-la-presentation-de-marie.org\/pom\/presentacao-de-maria\/formation\/novitiate\/","title":{"rendered":"Novitiate"},"content":{"rendered":"<div class=\"wpb-content-wrapper\"><p>[vc_row row_space=&#8221;remove_padding_top&#8221;][vc_column][vc_custom_heading text=&#8221;No one can lay any foundation<br \/>\nother than the one that has been laid,<br \/>\nwhich is Jesus Christ.<\/p>\n<p>1 Corinthians 3:11&#8243; font_container=&#8221;tag:h2|font_size:30|text_align:center|color:%23348906&#8243; google_fonts=&#8221;font_family:Almendra%3Aregular%2Citalic%2C700%2C700italic|font_style:400%20regular%3A400%3Anormal&#8221;][\/vc_column][\/vc_row][vc_row row_space=&#8221;remove_padding_top&#8221;][vc_column][vc_custom_heading text=&#8221;Marie Rivier presents the novitiate as a school of faith and of happiness.<br \/>\nThere the novice learns in Jesus Christ to walk in the presence of God<br \/>\nand to nourish herself with the bread of his divine will. C 123&#8243; font_container=&#8221;tag:h2|font_size:45|text_align:center|color:%2379aa0d&#8221; google_fonts=&#8221;font_family:Italianno%3Aregular|font_style:400%20regular%3A400%3Anormal&#8221;][vc_custom_heading text=&#8221;The Novice consecrates herself entirely to God.<br \/>\nShe enters into a new life\u2026&#8221; font_container=&#8221;tag:h2|font_size:23|text_align:center|color:%2360a814&#8243; google_fonts=&#8221;font_family:Amethysta%3Aregular|font_style:400%20regular%3A400%3Anormal&#8221;][vc_custom_heading text=&#8221;to be with him,<br \/>\nto know him,<br \/>\nto bind herself strongly to him,<br \/>\nto put on his spirit,<br \/>\nto enter into the way of the beatitudes,<br \/>\nto let grow in her a burning desire to work<br \/>\nat making him known and loved.&#8221; font_container=&#8221;tag:h2|font_size:22|text_align:center|color:%2364991a&#8221; google_fonts=&#8221;font_family:Amethysta%3Aregular|font_style:400%20regular%3A400%3Anormal&#8221;][vc_custom_heading text=&#8221;In the Novitiate, life unfolds to grow in the most profound meaning of humanity and of being a beloved child of God. In silence and solitude, a novice listens to the voice of the Lord in the depths of her heart. He attracts her to him and wills to betroth her to himself forever in love and faithfulness. C 124&#8243; font_container=&#8221;tag:h2|font_size:20|text_align:left|color:%2354a508&#8243; google_fonts=&#8221;font_family:Amethysta%3Aregular|font_style:400%20regular%3A400%3Anormal&#8221;][vc_empty_space height=&#8221;30px&#8221;][vc_custom_heading text=&#8221;HAPPY FEAST DAY ST. STANISLAUS KOSTKA<br \/>\nPATRON OF NOVICES&#8221; font_container=&#8221;tag:h2|font_size:40|text_align:center|color:%23874800|line_height:1.8&#8243; google_fonts=&#8221;font_family:Bilbo%3Aregular|font_style:400%20regular%3A400%3Anormal&#8221;][\/vc_column][\/vc_row][vc_row row_space=&#8221;remove_padding_top&#8221;][vc_column][\/vc_column][\/vc_row][vc_row row_space=&#8221;remove_padding_bottom&#8221;][vc_column][vc_hoverbox image=&#8221;24516&#8243; primary_title=&#8221;&#8221; primary_title_font_container=&#8221;font_size:Novices%202021|color:%230066bf|line_height:2.5&#8243; primary_title_google_fonts=&#8221;font_family:Bilbo%3Aregular|font_style:400%20regular%3A400%3Anormal&#8221; hover_title=&#8221;Novices 2021&#8243; hover_title_font_container=&#8221;font_size:48|color:%23a35c00&#8243; hover_title_google_fonts=&#8221;font_family:Bilbo%3Aregular|font_style:400%20regular%3A400%3Anormal&#8221; hover_title_css_animation=&#8221;flipInY&#8221; hover_background_color=&#8221;custom&#8221; use_custom_fonts_primary_title=&#8221;true&#8221; use_custom_fonts_hover_title=&#8221;true&#8221; hover_custom_background=&#8221;rgba(142,173,39,0.57)&#8221;]<\/p>\n<h2 style=\"text-align: center;\"><strong><span style=\"color: #003366;\">United States Province<\/span><\/strong><\/h2>\n<p style=\"text-align: center;\"><span style=\"color: #800000;\"><strong>First year<\/strong><\/span><strong style=\"color: #800000; font-size: 16px;\">:&nbsp; &nbsp; &nbsp; &nbsp; &nbsp; &nbsp; &nbsp; Mary Monk&nbsp; &nbsp; &nbsp; &nbsp; &nbsp; &nbsp;<\/strong><\/p>\n<h2 style=\"text-align: center;\"><span style=\"color: #003366;\"><strong>Province of Mozambique<\/strong><\/span><\/h2>\n<p style=\"text-align: center;\"><span style=\"color: #800000;\"><strong>Second year:&nbsp; &nbsp; &nbsp; &nbsp; &nbsp; Mariana Oliveira Muhuculo&nbsp; &nbsp; &nbsp; &nbsp; &nbsp; &nbsp; &nbsp; &nbsp; &nbsp;Serafina Flor\u00eancio Bonga<\/strong><\/span><\/p>\n<h2 style=\"text-align: center;\"><span style=\"color: #003366;\"><strong>Province of Senegal&nbsp;<\/strong><\/span><\/h2>\n<p style=\"text-align: left;\"><span style=\"color: #003366;\"><span style=\"color: #800000;\"><strong>First year:&nbsp; &nbsp; &nbsp; &nbsp; &nbsp; &nbsp; &nbsp; &nbsp; &nbsp;Anne Rita Ndiaye&nbsp; &nbsp; &nbsp;S\u00e8nad\u00e9 Modestine Dossou&nbsp; &nbsp;Adeline Nikiema&nbsp; &nbsp; &nbsp; &nbsp;Th\u00e9r\u00e8se Correa&nbsp; &nbsp; &nbsp; &nbsp; &nbsp; &nbsp; &nbsp; &nbsp; &nbsp; &nbsp; &nbsp; &nbsp; &nbsp; &nbsp; &nbsp; &nbsp; &nbsp; &nbsp; &nbsp; &nbsp; &nbsp; &nbsp; &nbsp; &nbsp; &nbsp; &nbsp; &nbsp; &nbsp; &nbsp; &nbsp; &nbsp; &nbsp; &nbsp; &nbsp; &nbsp; &nbsp; &nbsp; &nbsp; &nbsp; &nbsp; &nbsp; &nbsp; &nbsp; &nbsp; &nbsp; &nbsp; &nbsp; &nbsp; &nbsp; &nbsp; &nbsp; &nbsp; &nbsp; &nbsp; &nbsp; &nbsp; &nbsp; &nbsp; &nbsp; &nbsp; &nbsp; &nbsp; &nbsp; &nbsp; &nbsp; &nbsp; &nbsp; &nbsp; &nbsp; &nbsp; &nbsp; &nbsp; &nbsp; &nbsp; &nbsp;<\/strong><\/span><\/span><span style=\"color: #800000;\"><strong>Ang\u00e8le Adr\u00e9e&nbsp; Bandiaky&nbsp; &nbsp;<\/strong><\/span><span style=\"color: #003366;\">&nbsp; &nbsp; &nbsp; &nbsp; &nbsp; &nbsp; &nbsp; &nbsp;&nbsp;<\/span><\/p>\n<p><span style=\"color: #800000;\"><strong>Second year:&nbsp; &nbsp; &nbsp; &nbsp; &nbsp; &nbsp; &nbsp; &nbsp;Jacqueline Diouf&nbsp; &nbsp; &nbsp; &nbsp; Marthe Sylva&nbsp; &nbsp; &nbsp; &nbsp; &nbsp; &nbsp; Nicole T. Compaor\u00e9<\/strong><\/span><\/p>\n<h2 style=\"text-align: center;\"><span style=\"color: #003366;\"><strong>Mission of Cameroon<\/strong><\/span><\/h2>\n<p><span style=\"color: #800000;\"><strong>Second year:&nbsp; &nbsp; &nbsp; &nbsp; &nbsp; &nbsp; &nbsp; &nbsp; &nbsp; &nbsp;Clarence Gakou&nbsp; &nbsp; &nbsp; &nbsp; &nbsp; &nbsp;Diane Dadjeu Penka&nbsp; &nbsp; &nbsp; &nbsp; &nbsp; &nbsp;Robertine Tchogho&nbsp; &nbsp; &nbsp;<\/strong> <\/span>&nbsp;<\/p>\n<h2 style=\"text-align: center;\">&nbsp; &nbsp; &nbsp;<span style=\"color: #003366;\">Mission of Japan&nbsp; &nbsp; &nbsp;<\/span><\/h2>\n<p style=\"text-align: center;\"><span style=\"color: #003366;\">&nbsp; &nbsp; &nbsp; &nbsp; &nbsp; &nbsp; &nbsp; &nbsp; &nbsp; &nbsp; &nbsp; &nbsp; &nbsp; <span style=\"color: #800000;\"><strong>Second year:&nbsp; &nbsp;<\/strong><\/span><\/span><span style=\"color: #800000;\"><strong>&nbsp; &nbsp; &nbsp; &nbsp; &nbsp; &nbsp; &nbsp; &nbsp; &nbsp; Maria Tran Bach Thao Ly&nbsp; &nbsp; &nbsp; &nbsp;<\/strong> <\/span>&nbsp; &nbsp; &nbsp; &nbsp; &nbsp; &nbsp; &nbsp; &nbsp; &nbsp;<\/p>\n<p>[\/vc_hoverbox][\/vc_column][\/vc_row][vc_row row_space=&#8221;remove_padding_top&#8221;][vc_column][vc_column_text]&nbsp;<\/p>\n<p>&nbsp;<\/p>\n<h1 style=\"text-align: center;\"><span style=\"color: #003366;\"><strong>Dear Novices,<\/strong><\/span><\/h1>\n<h1 style=\"text-align: center;\"><span style=\"color: #003366;\"><strong>Happy Feast Day!<\/strong><\/span><\/h1>\n<p><span style=\"color: #003366;\">On this day, the Church presents us St. Stanislaus Kostka as a model for youth, and our Foundress Marie Rivier chose him as the Patron of our Novitiates. \u201cI was born for heavenly things!\u201d said Stanislaus! I am wholeheartedly with you on this your Feast Day and I invite you to marvel at the beauty of St. Stanislaus\u2019 life, which was entirely given over to God.<\/span><\/p>\n<p><span style=\"color: #003366;\">May Stanislaus teach you to seek friendship with Jesus above all else, to read and meditate on his Word and to welcome his merciful and powerful presence in the Eucharist. May he teach you not to be afraid to risk the dreams of true happiness, of which Jesus Christ is the source and the guarantee. &#8220;Jesus is the Lord of risks, the Lord who always invites us to go beyond.\u201d<\/span><\/p>\n<p><span style=\"color: #003366;\">May this time of Novitiate be for each one of you a true experience of an encounter with Jesus Christ. A time when, accompanied by your formators and the members of your community, you can <em>learn in Jesus Christ to walk in the presence of God and to nourish yourselves with the bread of his divine will.<\/em><\/span><\/p>\n<p><span style=\"color: #003366;\">May Mary, our Mother and Guardian, obtain for you the ardent love with which she inflamed the heart of Saint Stanislaus Kostka. Fervent Feast Day to each one!<\/span><\/p>\n<p style=\"text-align: center;\"><span style=\"color: #003366;\">Your Mother in Marie Rivier,<\/span><\/p>\n<p style=\"text-align: center;\"><strong><em><span style=\"color: #003366;\">Mother Maria dos Anjos Alves, pm<\/span><\/em><\/strong><\/p>\n<p>[\/vc_column_text][\/vc_column][\/vc_row][vc_row row_space=&#8221;remove_padding_top&#8221;][vc_column][\/vc_column][\/vc_row][vc_row row_space=&#8221;remove_padding_top&#8221;][vc_column][\/vc_column][\/vc_row][vc_row row_space=&#8221;remove_padding_top&#8221;][vc_column][vc_custom_heading text=&#8221;Happy Feast Day to Our Novices 2020&#8243; font_container=&#8221;tag:h2|font_size:40|text_align:center|color:%23a85719&#8243; google_fonts=&#8221;font_family:Rosario%3Aregular%2Citalic%2C700%2C700italic|font_style:400%20regular%3A400%3Anormal&#8221;][\/vc_column][\/vc_row][vc_row row_space=&#8221;remove_padding_top&#8221;][vc_column][vc_hoverbox image=&#8221;16673&#8243; primary_title=&#8221;&#8221; hover_title=&#8221;THE NOVICES OF 2020&#8243; hover_title_font_container=&#8221;font_size:28|color:%23a84800&#8243; hover_title_google_fonts=&#8221;font_family:Courgette%3Aregular|font_style:400%20regular%3A400%3Anormal&#8221; shape=&#8221;square&#8221; hover_background_color=&#8221;chino&#8221; css_animation=&#8221;fadeInRight&#8221; use_custom_fonts_hover_title=&#8221;true&#8221;]<span style=\"color: #800000;\"><strong>CAMEROON <\/strong><\/span><\/p>\n<p><strong>&nbsp; <span style=\"color: #993300;\"><u>2<sup>nd <\/sup>year : <\/u><\/span><\/strong><span style=\"color: #993300;\">&nbsp;Clarance Gakou, Diane Penka Dadjeu, Robertine Tchogho<\/span><\/p>\n<p><span style=\"color: #800000;\"><strong>MOZAMBIQUE <\/strong><\/span><\/p>\n<p><strong>&nbsp; <span style=\"color: #993300;\"><u>1<sup>st <\/sup><\/u><\/span><\/strong><span style=\"color: #993300;\"><strong><u>year: <\/u><\/strong>&nbsp; Mariana Oliveira Muhuculo,&nbsp; Serafina Flor\u00eancio Bonga<\/span><\/p>\n<p>&nbsp;<\/p>\n<p><span style=\"color: #800000;\"><strong>SENEGAL-BURKINA FASO<\/strong><\/span><\/p>\n<p><strong>&nbsp; <span style=\"color: #993300;\"><u>1<sup>st <\/sup>year:&nbsp; <\/u><\/span><\/strong><span style=\"color: #993300;\">&nbsp; Jacqueline Diouf, Marthe Sylva, Nicole T. Compaor\u00e9<\/span><\/p>\n<p><span style=\"color: #993300;\"> <strong>&nbsp;2<sup>nd <\/sup>year<\/strong> :&nbsp; Nad\u00e8ge Sondo, Brigitte Awa Badji, Dominga J. S. Mendes<\/span><\/p>\n<p><span style=\"color: #993300;\">&nbsp;&nbsp;&nbsp;&nbsp;&nbsp;&nbsp;&nbsp;&nbsp;&nbsp;&nbsp;&nbsp;&nbsp;&nbsp; Denise V\u00e9ronique X.Diouf, Sarah Badiette<\/span><\/p>\n<p><span style=\"color: #993300;\"><strong>&nbsp;&nbsp;&nbsp;&nbsp;&nbsp;&nbsp;&nbsp;&nbsp;&nbsp;&nbsp;&nbsp;&nbsp;&nbsp;&nbsp;&nbsp;&nbsp;&nbsp;&nbsp;&nbsp;&nbsp;&nbsp;&nbsp;&nbsp; <\/strong><\/span><\/p>\n<p><span style=\"color: #800000;\"><strong>JAPAN<\/strong><\/span><\/p>\n<p><span style=\"color: #993300;\"><strong>&nbsp;2<sup>nd<\/sup> year: <\/strong>&nbsp;Maria Tran Bach Thao Ly<\/span><\/p>\n<p>&nbsp;[\/vc_hoverbox][\/vc_column][\/vc_row]<\/p>\n<\/div>","protected":false},"excerpt":{"rendered":"<p>[vc_row row_space=&#8221;remove_padding_top&#8221;][vc_column][vc_custom_heading text=&#8221;No one can lay any foundation other than the one that has been laid, which is Jesus Christ. 1 Corinthians 3:11&#8243; font_container=&#8221;tag:h2|font_size:30|text_align:center|color:%23348906&#8243; google_fonts=&#8221;font_family:Almendra%3Aregular%2Citalic%2C700%2C700italic|font_style:400%20regular%3A400%3Anormal&#8221;][\/vc_column][\/vc_row][vc_row row_space=&#8221;remove_padding_top&#8221;][vc_column][vc_custom_heading text=&#8221;Marie Rivier presents the novitiate as a school of faith and of happiness. There the novice learns in Jesus Christ to walk in the presence of God and to [&hellip;]<\/p>\n","protected":false},"author":2,"featured_media":0,"parent":6094,"menu_order":1,"comment_status":"closed","ping_status":"closed","template":"","meta":{"ngg_post_thumbnail":0,"footnotes":""},"lang":"en","translations":{"en":8597,"fr":8798,"es":8799},"pll_sync_post":[],"_links":{"self":[{"href":"https:\/\/soeurs-de-la-presentation-de-marie.org\/pom\/wp-json\/wp\/v2\/pages\/8597"}],"collection":[{"href":"https:\/\/soeurs-de-la-presentation-de-marie.org\/pom\/wp-json\/wp\/v2\/pages"}],"about":[{"href":"https:\/\/soeurs-de-la-presentation-de-marie.org\/pom\/wp-json\/wp\/v2\/types\/page"}],"author":[{"embeddable":true,"href":"https:\/\/soeurs-de-la-presentation-de-marie.org\/pom\/wp-json\/wp\/v2\/users\/2"}],"replies":[{"embeddable":true,"href":"https:\/\/soeurs-de-la-presentation-de-marie.org\/pom\/wp-json\/wp\/v2\/comments?post=8597"}],"version-history":[{"count":13,"href":"https:\/\/soeurs-de-la-presentation-de-marie.org\/pom\/wp-json\/wp\/v2\/pages\/8597\/revisions"}],"predecessor-version":[{"id":24528,"href":"https:\/\/soeurs-de-la-presentation-de-marie.org\/pom\/wp-json\/wp\/v2\/pages\/8597\/revisions\/24528"}],"up":[{"embeddable":true,"href":"https:\/\/soeurs-de-la-presentation-de-marie.org\/pom\/wp-json\/wp\/v2\/pages\/6094"}],"wp:attachment":[{"href":"https:\/\/soeurs-de-la-presentation-de-marie.org\/pom\/wp-json\/wp\/v2\/media?parent=8597"}],"curies":[{"name":"wp","href":"https:\/\/api.w.org\/{rel}","templated":true}]}}