{"id":8821,"date":"2019-07-28T01:11:24","date_gmt":"2019-07-27T23:11:24","guid":{"rendered":"http:\/\/soeurs-de-la-presentation-de-marie.org\/pom\/?page_id=8819"},"modified":"2020-05-24T15:09:54","modified_gmt":"2020-05-24T13:09:54","slug":"vocation","status":"publish","type":"page","link":"https:\/\/soeurs-de-la-presentation-de-marie.org\/pom\/mission\/pastorale-des-jeunes\/vocation\/","title":{"rendered":"Pastorale des vocations"},"content":{"rendered":"<div class=\"wpb-content-wrapper\"><p>[vc_row][vc_column][vc_custom_heading text=&#8221;Vocation signifie un appel&#8221; font_container=&#8221;tag:h2|font_size:46|text_align:center|color:%230031ba&#8221; google_fonts=&#8221;font_family:Alex%20Brush%3Aregular|font_style:400%20regular%3A400%3Anormal&#8221;][vc_custom_heading text=&#8221;UN APPEL&#8221; font_container=&#8221;tag:h2|font_size:38|text_align:left|color:%230066bf&#8221; google_fonts=&#8221;font_family:Acme%3Aregular|font_style:400%20regular%3A400%3Anormal&#8221;][vc_row_inner][vc_column_inner width=&#8221;1\/2&#8243;][vc_column_text]<img loading=\"lazy\" decoding=\"async\" class=\"alignleft wp-image-10053 size-medium\" src=\"https:\/\/soeurs-de-la-presentation-de-marie.org\/pom\/wp-content\/uploads\/2015\/12\/slider_lake_youth-750x510.jpg\" alt=\"\" width=\"750\" height=\"510\">[\/vc_column_text][\/vc_column_inner][vc_column_inner width=&#8221;1\/2&#8243;][vc_custom_heading text=&#8221;Appeler est un geste humain ordinaire. Appeler quelqu\u2019un par son nom rend sp\u00e9cial ce geste humain ordinaire. Chaque jour dans notre vie, des milliers d\u2019appels sont faits, envoy\u00e9s et re\u00e7us. Parfois, un appel peut ne pas \u00eatre entendu \u00e0 cause du bruit, de l\u2019inattention, de l\u2019\u00e9coute s\u00e9lective ou simplement de la surdit\u00e9. Ce dernier point n\u2019a pas d\u2019importance, car entendre vraiment un appel va au-del\u00e0 de ce pourquoi nos oreilles sont faites. La vraie \u00e9coute se fait dans le c\u0153ur. C\u2019est la capacit\u00e9 de l\u2019oreille int\u00e9rieure du c\u0153ur.<br \/>\nLe mot \u00ab appel \u00bb vient du mot latin VOCARE qui signifie appeler le nom de quelqu\u2019un. Dans la tradition chr\u00e9tienne, nous associons ce mot au synonyme anglais VOCATION. Il faut comprendre que quand quelqu\u2019un appelle, j\u2019\u00e9coute. C\u2019est parce que je veux entendre que quelqu\u2019un m\u2019appelle. Mon oreille interne l\u2019entend. L\u2019\u00e9coute de cet appel exige le silence, un temps de calme loin du bruit d\u2019un monde pr\u00e9occup\u00e9.<br \/>\nVous pouvez poser la question suivante: Qui appelle? Quelle voix puis-je \u00e9couter avec l\u2019oreille int\u00e9rieure de mon c\u0153ur? Qui est capable de me parler dans mon c\u0153ur?&#8221; font_container=&#8221;tag:h2|font_size:20|text_align:justify|color:%231e73be&#8221; google_fonts=&#8221;font_family:Alice%3Aregular|font_style:400%20regular%3A400%3Anormal&#8221;][\/vc_column_inner][\/vc_row_inner][vc_row_inner][vc_column_inner][vc_custom_heading text=&#8221;Dieu seul le peut! Quand Il appelle, c\u2019est toujours d\u2019une voix douce, comme le murmure d\u2019une brise l\u00e9g\u00e8re. (1 Rois 19, 11-12). L\u2019appel est doux, exigeant et pourtant mis\u00e9ricordieux. Quand Dieu appelle, Il nous invite \u00e0 r\u00e9pondre.<br \/>\nDieu utilise les \u00e9v\u00e9nements de notre vie pour nous appeler. Il peut utiliser une personne ou une situation qui peut \u00eatre favorable ou pas. Il peut \u00e9crire droit avec des lignes courbes. Dieu peut nous parler dans notre c\u0153ur ou \u00e0 travers les diff\u00e9rentes voix et personnes du monde qui nous entoure.<\/p>\n<p>Pour \u00e9couter, ouvrez l\u2019oreille de votre c\u0153ur\u2026&#8221; font_container=&#8221;tag:h2|font_size:20|text_align:justify|color:%231e73be&#8221; google_fonts=&#8221;font_family:Alice%3Aregular|font_style:400%20regular%3A400%3Anormal&#8221;][\/vc_column_inner][\/vc_row_inner][\/vc_column][\/vc_row][vc_row][vc_column][vc_custom_heading text=&#8221;L\u2019APPEL UNIVERSEL&#8221; font_container=&#8221;tag:h2|font_size:38|text_align:left|color:%230072bf&#8221; google_fonts=&#8221;font_family:Acme%3Aregular|font_style:400%20regular%3A400%3Anormal&#8221;][vc_custom_heading text=&#8221;\u00ab Avant m\u00eame de te fa\u00e7onner dans le sein de ta m\u00e8re, je te connaissais; avant que tu viennes au jour,<br \/>\nje t\u2019ai consacr\u00e9 \u00bb.<br \/>\nJ\u00e9r\u00e9mie 1, 5&#8243; font_container=&#8221;tag:h2|font_size:26|text_align:center|color:%230066bf&#8221; google_fonts=&#8221;font_family:Acme%3Aregular|font_style:400%20regular%3A400%3Anormal&#8221;][vc_custom_heading text=&#8221;Savez-vous que nous avons tous un grand appel et qu\u2019il s\u2019adresse \u00e0 tous ?<br \/>\nNous l\u2019appelons l\u2019appel universel \u00e0 la SAINTET\u00c9. Notre bapt\u00eame nous appelle tous \u00e0 marcher sur le chemin du bonheur qui est la saintet\u00e9. La saintet\u00e9 s\u2019adresse \u00e0 tous les hommes en toutes saisons de la vie\u2026. jeunes et moins jeunes, hommes et femmes, enfants et jeunes, malades et en bonne sant\u00e9, dans les moments difficiles, en abondance et dans la pauvret\u00e9. \u00ab Pourvus de moyens salutaires d\u2019une telle abondance et d\u2019une telle grandeur, tous ceux qui croient au Christ, quels que soient leur condition et leur \u00e9tat de vie, sont appel\u00e9s par Dieu, chacun dans sa route, \u00e0 une saintet\u00e9 dont la perfection est celle m\u00eame du P\u00e8re \u00bb. (Gaudete et Exsultate No. 10)<br \/>\n\u00ab Chacun dans sa route \u00bb signifie que nous ne devons pas nous d\u00e9courager quand on contemple des mod\u00e8les de saintet\u00e9 qui semblent inaccessibles. Il y a des t\u00e9moins qui sont utiles pour nous encourager et pour nous motiver, mais non pour que nous les copiions, car cela pourrait m\u00eame nous \u00e9loigner de la route unique et sp\u00e9cifique que le Seigneur veut pour nous. Ce qui importe, c\u2019est que chaque croyant discerne son propre chemin et mette en lumi\u00e8re le meilleur de lui-m\u00eame, ce que le Seigneur a d\u00e9pos\u00e9 de vraiment personnel en lui (cf. 1 Co 12, 7), car la vie divine se communique aux uns \u00ab d\u2019une mani\u00e8re et aux autres d\u2019une autre \u00bb (Gaudete et Exsultate, No. 11)<\/p>\n<p>La SAINTET\u00c9 n\u2019est pas la perfection de la fa\u00e7on dont nous faisons les choses ou la mani\u00e8re dont nous respectons les lois qui nous ont \u00e9t\u00e9 pr\u00e9sent\u00e9es \u00e0 l\u2019\u00e9cole, sur nos lieux de travail, dans nos maisons, etc. Le jeune homme riche de l\u2019\u00c9vangile a parfaitement ob\u00e9i aux dix commandements et pourtant le d\u00e9fi que J\u00e9sus lui a lanc\u00e9 de laisser ses biens pour l\u2019aimer et le suivre de plus pr\u00e8s, est apparemment impossible. (Matthieu 19, 16-22). Saint Paul, dans sa lettre aux Philippiens, se consid\u00e9rait irr\u00e9prochable en ce qui concerne son ob\u00e9issance \u00e0 la loi. \u00ab \u00c0 cause de lui, je consid\u00e8re tout comme des ordures, afin de gagner un seul avantage, le Christ \u00bb. (Ph 3, 8)<\/p>\n<p>Pour \u00e9couter, ouvrez l\u2019oreille de votre c\u0153ur\u2026&#8221; font_container=&#8221;tag:h2|font_size:20|text_align:justify|color:%230066bf&#8221; google_fonts=&#8221;font_family:Alice%3Aregular|font_style:400%20regular%3A400%3Anormal&#8221;][\/vc_column][\/vc_row][vc_row][vc_column][\/vc_column][\/vc_row]<\/p>\n<\/div>","protected":false},"excerpt":{"rendered":"<p>[vc_row][vc_column][vc_custom_heading text=&#8221;Vocation signifie un appel&#8221; font_container=&#8221;tag:h2|font_size:46|text_align:center|color:%230031ba&#8221; google_fonts=&#8221;font_family:Alex%20Brush%3Aregular|font_style:400%20regular%3A400%3Anormal&#8221;][vc_custom_heading text=&#8221;UN APPEL&#8221; font_container=&#8221;tag:h2|font_size:38|text_align:left|color:%230066bf&#8221; google_fonts=&#8221;font_family:Acme%3Aregular|font_style:400%20regular%3A400%3Anormal&#8221;][vc_row_inner][vc_column_inner width=&#8221;1\/2&#8243;][vc_column_text][\/vc_column_text][\/vc_column_inner][vc_column_inner width=&#8221;1\/2&#8243;][vc_custom_heading text=&#8221;Appeler est un geste humain ordinaire. Appeler quelqu\u2019un par son nom rend sp\u00e9cial ce geste humain ordinaire. Chaque jour dans notre vie, des milliers d\u2019appels sont faits, envoy\u00e9s et re\u00e7us. Parfois, un appel peut ne pas \u00eatre entendu \u00e0 cause du bruit, [&hellip;]<\/p>\n","protected":false},"author":2,"featured_media":0,"parent":4582,"menu_order":1,"comment_status":"closed","ping_status":"closed","template":"","meta":{"ngg_post_thumbnail":0,"footnotes":""},"lang":"fr","translations":{"fr":8821,"en":8819,"es":8822},"pll_sync_post":[],"_links":{"self":[{"href":"https:\/\/soeurs-de-la-presentation-de-marie.org\/pom\/wp-json\/wp\/v2\/pages\/8821"}],"collection":[{"href":"https:\/\/soeurs-de-la-presentation-de-marie.org\/pom\/wp-json\/wp\/v2\/pages"}],"about":[{"href":"https:\/\/soeurs-de-la-presentation-de-marie.org\/pom\/wp-json\/wp\/v2\/types\/page"}],"author":[{"embeddable":true,"href":"https:\/\/soeurs-de-la-presentation-de-marie.org\/pom\/wp-json\/wp\/v2\/users\/2"}],"replies":[{"embeddable":true,"href":"https:\/\/soeurs-de-la-presentation-de-marie.org\/pom\/wp-json\/wp\/v2\/comments?post=8821"}],"version-history":[{"count":6,"href":"https:\/\/soeurs-de-la-presentation-de-marie.org\/pom\/wp-json\/wp\/v2\/pages\/8821\/revisions"}],"predecessor-version":[{"id":13903,"href":"https:\/\/soeurs-de-la-presentation-de-marie.org\/pom\/wp-json\/wp\/v2\/pages\/8821\/revisions\/13903"}],"up":[{"embeddable":true,"href":"https:\/\/soeurs-de-la-presentation-de-marie.org\/pom\/wp-json\/wp\/v2\/pages\/4582"}],"wp:attachment":[{"href":"https:\/\/soeurs-de-la-presentation-de-marie.org\/pom\/wp-json\/wp\/v2\/media?parent=8821"}],"curies":[{"name":"wp","href":"https:\/\/api.w.org\/{rel}","templated":true}]}}