{"id":9017,"date":"2019-08-03T21:21:49","date_gmt":"2019-08-03T19:21:49","guid":{"rendered":"http:\/\/soeurs-de-la-presentation-de-marie.org\/pom\/?page_id=9017"},"modified":"2023-01-29T00:48:43","modified_gmt":"2023-01-28T23:48:43","slug":"consejo-general-superiora-general","status":"publish","type":"page","link":"https:\/\/soeurs-de-la-presentation-de-marie.org\/pom\/consejo-general-superiora-general\/","title":{"rendered":"Superiora General"},"content":{"rendered":"<div class=\"wpb-content-wrapper\"><p>[vc_row row_space=&#8221;remove_padding_bottom&#8221;][vc_column][vc_custom_heading text=&#8221;La Superiora General es el lazo visible<br \/>\nde las partes tan diversas del instituto,<br \/>\nel signo de reuni\u00f3n de sus miembros en una sola y gran familia, la de Maria Rivier.&#8221; font_container=&#8221;tag:h2|font_size:50|text_align:center|color:%230098bf&#8221; google_fonts=&#8221;font_family:Italianno%3Aregular|font_style:400%20regular%3A400%3Anormal&#8221;][vc_separator color=&#8221;sky&#8221; style=&#8221;double&#8221; el_width=&#8221;90&#8243;][\/vc_column][\/vc_row][vc_row row_space=&#8221;remove_padding_top&#8221;][vc_column width=&#8221;1\/2&#8243;][vc_column_text]&nbsp;<\/p>\n<p>&nbsp;<\/p>\n<p><img loading=\"lazy\" decoding=\"async\" class=\"aligncenter wp-image-4890 \" src=\"https:\/\/soeurs-de-la-presentation-de-marie.org\/pom\/wp-content\/uploads\/2015\/12\/M.MdA-Christmas.jpeg\" alt=\"\" width=\"612\" height=\"546\">[\/vc_column_text][\/vc_column][vc_column width=&#8221;1\/2&#8243;][vc_empty_space height=&#8221;50px&#8221;][vc_custom_heading text=&#8221;Madre Maria dos Anjos Alves, pm&#8221; font_container=&#8221;tag:h2|font_size:43|text_align:center|color:%230066bf&#8221; google_fonts=&#8221;font_family:Alex%20Brush%3Aregular|font_style:400%20regular%3A400%3Anormal&#8221;][vc_custom_heading text=&#8221;Naci\u00f3 en 1950, en Portugal. Hizo su profesi\u00f3n religiosa en 29 de septiembre 1970. Despu\u00e9s de estudiar Ciencias religiosas, ense\u00f1\u00f3 \u00ab Educaci\u00f3n moral y religiosa cat\u00f3lica \u00bb durante 20 a\u00f1os en dos colegios p\u00fablicos. En 1984 la nombraron consejera provincial, en 1995 Asistente provincial y en 2000 Superiora provincial de la Provincia de Portugal. Durante el Cap\u00edtulo de 2011, ha sido electa Consejera General por seis a\u00f1os y el Cap\u00edtulo de 2017 como Superiora General.<\/p>\n<p>Le gusta la lectura y el silencio. Un vers\u00edculo de la Biblia que le dice mucho es: \u00ab Si alguno me ama, guardar\u00e1 mi palabra y mi Padre le amar\u00e1, y vendremos a \u00e9l y haremos morada en \u00e9l. \u00bb Jn 14, 23&#8243; font_container=&#8221;tag:h2|font_size:23|text_align:left|color:%231e73be|line_height:1.5&#8243; google_fonts=&#8221;font_family:Almendra%3Aregular%2Citalic%2C700%2C700italic|font_style:400%20regular%3A400%3Anormal&#8221;][\/vc_column][\/vc_row][vc_row row_space=&#8221;remove_padding_bottom&#8221; custom_background=&#8221;bg-theme&#8221;][vc_column][vc_custom_heading text=&#8221;Mensajes&#8221; font_container=&#8221;tag:h2|font_size:88|text_align:center|color:%230066bf&#8221; google_fonts=&#8221;font_family:Almendra%3Aregular%2Citalic%2C700%2C700italic|font_style:400%20regular%3A400%3Anormal&#8221;][vc_empty_space height=&#8221;36px&#8221;][\/vc_column][\/vc_row][vc_row row_space=&#8221;remove_padding_bottom&#8221;][vc_column width=&#8221;1\/6&#8243;][\/vc_column][vc_column width=&#8221;2\/3&#8243;][vc_column_text]<img loading=\"lazy\" decoding=\"async\" class=\"aligncenter wp-image-29651 size-large\" src=\"https:\/\/soeurs-de-la-presentation-de-marie.org\/pom\/wp-content\/uploads\/2023\/01\/Feastday_esp-1024x557.jpg\" alt=\"\" width=\"900\" height=\"490\">[\/vc_column_text][\/vc_column][vc_column width=&#8221;1\/6&#8243;][\/vc_column][\/vc_row][vc_row row_space=&#8221;remove_padding_bottom&#8221;][vc_column width=&#8221;1\/2&#8243;][vc_column_text]<img loading=\"lazy\" decoding=\"async\" class=\"aligncenter wp-image-29508 size-large\" src=\"https:\/\/soeurs-de-la-presentation-de-marie.org\/pom\/wp-content\/uploads\/2023\/01\/feast_pic-1024x847.jpg\" alt=\"\" width=\"900\" height=\"744\">[\/vc_column_text][\/vc_column][vc_column width=&#8221;1\/2&#8243;][vc_empty_space height=&#8221;80px&#8221;][vc_custom_heading text=&#8221;Mientras meditamos con asombro<\/p>\n<p>el Misterio de la Presentaci\u00f3n de Jes\u00fas en el Templo,<br \/>\nnos unimos a Santa Mar\u00eda Rivier para<br \/>\ncelebrar esta fiesta que \u00abla ahogaba&nbsp;\u00bb&#8221; font_container=&#8221;tag:h2|font_size:30|text_align:center|color:%23278900|line_height:1.2&#8243; google_fonts=&#8221;font_family:Balthazar%3Aregular|font_style:400%20regular%3A400%3Anormal&#8221;][\/vc_column][\/vc_row][vc_row row_space=&#8221;remove_padding_bottom&#8221;][vc_column width=&#8221;1\/4&#8243;][\/vc_column][vc_column width=&#8221;3\/4&#8243;][vc_custom_heading text=&#8221;Ojal\u00e1 podamos seguir su ejemplo y convertirnos en personas de<br \/>\nDESEO- como Sime\u00f3n, esperando la revelaci\u00f3n de la presencia<br \/>\nde Cristo en cada momento;&#8221; font_container=&#8221;tag:h2|font_size:25|text_align:left|color:%23278900|line_height:1.1&#8243; google_fonts=&#8221;font_family:Balthazar%3Aregular|font_style:400%20regular%3A400%3Anormal&#8221;][vc_custom_heading text=&#8221;OFRENDA &#8211; como el Ni\u00f1o Jes\u00fas, dedic\u00e1ndonos totalmente<br \/>\nal servicio del Reino de Dios;&#8221; font_container=&#8221;tag:h2|font_size:25|text_align:left|color:%23278900|line_height:1.1&#8243; google_fonts=&#8221;font_family:Balthazar%3Aregular|font_style:400%20regular%3A400%3Anormal&#8221;][vc_custom_heading text=&#8221;FE &#8211; como Mar\u00eda y Jos\u00e9, confiando en Dios en medio del<br \/>\nmisterio de su viaje;&#8221; font_container=&#8221;tag:h2|font_size:25|text_align:left|color:%23278900|line_height:1.1&#8243; google_fonts=&#8221;font_family:Balthazar%3Aregular|font_style:400%20regular%3A400%3Anormal&#8221;][vc_custom_heading text=&#8221;PROFECIA &#8211; como Ana, proclamando la Buena Nueva siempre y en todas<br \/>\npartes.&#8221; font_container=&#8221;tag:h2|font_size:25|text_align:left|color:%23278900|line_height:1.1&#8243; google_fonts=&#8221;font_family:Balthazar%3Aregular|font_style:400%20regular%3A400%3Anormal&#8221;][\/vc_column][\/vc_row][vc_row row_space=&#8221;remove_padding_top&#8221;][vc_column width=&#8221;1\/6&#8243;][\/vc_column][vc_column width=&#8221;2\/3&#8243;][vc_custom_heading text=&#8221;As\u00ed caminaremos en compa\u00f1\u00eda de<br \/>\nla Mujer Ap\u00f3stol, Santa Mar\u00eda Rivier, hoy y siempre.<br \/>\n\u00a1Seamos Santos, Ap\u00f3stoles, verdaderos Disc\u00edpulos de Jesucristo!&#8221; font_container=&#8221;tag:h2|font_size:25|text_align:center|color:%23278900|line_height:1.1&#8243; google_fonts=&#8221;font_family:Balthazar%3Aregular|font_style:400%20regular%3A400%3Anormal&#8221;][vc_empty_space height=&#8221;20px&#8221;][vc_custom_heading text=&#8221;M\u00e8re Maria dos Anjos Alves, pm<br \/>\nBonne F\u00eate 2023&#8243; font_container=&#8221;tag:h2|font_size:32|text_align:center|color:%23278900|line_height:2&#8243; google_fonts=&#8221;font_family:Alex%20Brush%3Aregular|font_style:400%20regular%3A400%3Anormal&#8221;][vc_separator style=&#8221;shadow&#8221; el_width=&#8221;60&#8243;][\/vc_column][vc_column width=&#8221;1\/6&#8243;][\/vc_column][\/vc_row][vc_row][vc_column][vc_custom_heading text=&#8221;\u00a1Feliz Fiesta! 2022&#8243; font_container=&#8221;tag:h2|font_size:56|text_align:center|color:%23007ab7&#8243; google_fonts=&#8221;font_family:Allura%3Aregular|font_style:400%20regular%3A400%3Anormal&#8221;][vc_custom_heading text=&#8221;Presentaci\u00f3n de Mar\u00eda en el Templo&#8221; font_container=&#8221;tag:h2|font_size:38|text_align:center|color:%231d84b7&#8243; google_fonts=&#8221;font_family:Andada%3Aregular|font_style:400%20regular%3A400%3Anormal&#8221;][\/vc_column][\/vc_row][vc_row][vc_column width=&#8221;1\/2&#8243;][vc_column_text]<img loading=\"lazy\" decoding=\"async\" class=\"aligncenter wp-image-28819\" src=\"https:\/\/soeurs-de-la-presentation-de-marie.org\/pom\/wp-content\/uploads\/2022\/11\/PM_Mary.jpg\" alt=\"\" width=\"525\" height=\"884\">[\/vc_column_text][\/vc_column][vc_column width=&#8221;1\/2&#8243;][vc_custom_heading text=&#8221;M\u00e1s all\u00e1 del acontecimiento que puede servir de soporte a esta fiesta, Mar\u00eda aparece hoy como la Toda Pura,<br \/>\n\u00ab la fuente perpetua que brota de la caridad \u00bb<br \/>\nel \u00ab templo espiritual de la santa gloria de Cristo,<br \/>\nnuestro Dios \u00bb<\/p>\n<p>(Liturgia bicentina).&#8221; font_container=&#8221;tag:h2|font_size:32|text_align:center|color:%23156fbf&#8221; google_fonts=&#8221;font_family:Italianno%3Aregular|font_style:400%20regular%3A400%3Anormal&#8221;][vc_column_text]&nbsp;<\/p>\n<p style=\"text-align: center;\"><span style=\"color: #003366;\"><strong>Queridas hermanas de todas partes,<\/strong><\/span><\/p>\n<p style=\"text-align: center;\"><span style=\"color: #003366;\"><strong>Queridos miembros de la Familia espiritual&nbsp;:<\/strong><\/span><\/p>\n<p><span style=\"color: #003366;\">En este d\u00eda de FIESTA, nuestra alegr\u00eda brota en honor de la VIRGEN MAR\u00cdA que nos es dada como MADRRE Y GUARDIANA.<\/span><\/p>\n<p><span style=\"color: #003366;\">Dejamos inclinarse nuestro coraz\u00f3n maternal confi\u00e1ndole nuestras alegr\u00edas, penas y las de nuestros hermanos y hermanas.<\/span><\/p>\n<p><span style=\"color: #003366;\">Con&nbsp; MAR\u00cdA, vivamos en el TEMPLO interior para sacar la fuerza y la gracia &nbsp;de Dios que continua multiplicando sus maravillas.<\/span><\/p>\n<p><span style=\"color: #003366;\">Con SANTA MAR\u00cdA RIVIER, cantemos a MAR\u00cdA nuestro agradecimiento, &nbsp;pues ella vela sobre nuestra historia personal y comunitaria.<\/span><\/p>\n<p><span style=\"color: #003366;\">&nbsp;&nbsp;&nbsp;&nbsp;&nbsp;&nbsp; &nbsp;&nbsp;&nbsp;<\/span><\/p>\n<p><span style=\"color: #003366;\">&nbsp; &nbsp; &nbsp; &nbsp; &nbsp; &nbsp; &nbsp; &nbsp; &nbsp; &nbsp; &nbsp; &nbsp; &nbsp; &nbsp; &nbsp; &nbsp; &nbsp; &nbsp; &nbsp; &nbsp; &nbsp; &nbsp; &nbsp; Madre Maria dos Anjos Alves, pm<\/span><\/p>\n<p style=\"text-align: center;\"><span style=\"color: #003366;\">&nbsp; &nbsp; &nbsp; &nbsp; &nbsp; &nbsp; &nbsp; &nbsp; &nbsp; &nbsp; Las Consejeras y la Comunidad de Castel<\/span><\/p>\n<p>&nbsp;<\/p>\n<p><span style=\"color: #003366;\">21 de noviembre de 2022<\/span>[\/vc_column_text][\/vc_column][\/vc_row][vc_row][vc_column][vc_separator color=&#8221;blue&#8221; style=&#8221;shadow&#8221; el_width=&#8221;20&#8243;][vc_empty_space height=&#8221;46px&#8221;][vc_custom_heading text=&#8221;FELIZ FIESTA DE MAR\u00cdA RIVIER&#8221; font_container=&#8221;tag:h2|font_size:36|text_align:center|color:%23e06d16&#8243; google_fonts=&#8221;font_family:Enriqueta%3Aregular%2C700|font_style:400%20regular%3A400%3Anormal&#8221;][vc_row_inner][vc_column_inner width=&#8221;1\/6&#8243;][\/vc_column_inner][vc_column_inner width=&#8221;2\/3&#8243;][vc_column_text]<img loading=\"lazy\" decoding=\"async\" class=\"aligncenter wp-image-26551 size-full\" src=\"https:\/\/soeurs-de-la-presentation-de-marie.org\/pom\/wp-content\/uploads\/2022\/02\/ESP_FEB-3-GREETINGS.png\" alt=\"\" width=\"1144\" height=\"1506\">[\/vc_column_text][\/vc_column_inner][vc_column_inner width=&#8221;1\/6&#8243;][\/vc_column_inner][\/vc_row_inner][\/vc_column][\/vc_row][vc_row row_space=&#8221;remove_padding_top&#8221;][vc_column][vc_separator color=&#8221;sandy_brown&#8221; style=&#8221;shadow&#8221; el_width=&#8221;20&#8243;][vc_row_inner][vc_column_inner][vc_column_text]<\/p>\n<h1 style=\"text-align: center;\"><span style=\"color: #993300;\"><strong>\u00a1Felices Pascuas 2021 !<\/strong><\/span><\/h1>\n<p>&nbsp;<\/p>\n<p style=\"text-align: center;\"><img loading=\"lazy\" decoding=\"async\" class=\"aligncenter wp-image-20299 size-full\" src=\"https:\/\/soeurs-de-la-presentation-de-marie.org\/pom\/wp-content\/uploads\/2021\/04\/Dinos-Maria-Magdalena.jpg\" alt=\"\" width=\"800\" height=\"370\"><\/p>\n<p>[\/vc_column_text][vc_custom_heading text=&#8221;Queridas Hermanas y toda la Familia Rivier,<\/p>\n<p>\u00a1Una vez m\u00e1s celebramos la alegr\u00eda de la Pascua! La tumba vac\u00eda de Cristo se convierte en el centro de nuestra alegr\u00eda y la raz\u00f3n de nuestra vida. Cristo resucitado es Cristo crucificado, que triunf\u00f3 sobre el poder de la muerte y concedi\u00f3 la vida en abundancia a toda persona humana en todo el mundo y en todos los tiempos.<br \/>\nMientras nuestro mundo contin\u00faa sumergido en el flagelo de la pandemia, y d\u00eda tras d\u00eda vemos multiplicarse las tumbas de las v\u00edctimas, la FE nos hace mirar con el coraz\u00f3n para contemplar la VIDA que surge de la tumba vac\u00eda de Cristo. S\u00ed, con Mar\u00eda Magdalena gozosas en el Se\u00f1or podemos testimoniar a nuestro mundo: \u00a1Cristo Jes\u00fas, nuestra esperanza, ha resucitado! \u00a1Aleluya!<\/p>\n<p>A cada una y a toda la Familia Rivier, \u00a1os deseo una Santa Fiesta de Pascua!&#8221; font_container=&#8221;tag:h2|font_size:27|text_align:justify|color:%23a34803&#8243; google_fonts=&#8221;font_family:Aubrey%3Aregular|font_style:400%20regular%3A400%3Anormal&#8221;][vc_custom_heading text=&#8221;Madre Maria dos Anjos Alves, pm<br \/>\nCon las Consejeras<br \/>\ny la Comunidad de Castel&#8221; font_container=&#8221;tag:h2|font_size:27|text_align:left|color:%23ad4f06&#8243; google_fonts=&#8221;font_family:Aubrey%3Aregular|font_style:400%20regular%3A400%3Anormal&#8221;][\/vc_column_inner][\/vc_row_inner][vc_empty_space height=&#8221;140px&#8221;][vc_separator color=&#8221;pink&#8221; style=&#8221;shadow&#8221; el_width=&#8221;20&#8243;][\/vc_column][\/vc_row][vc_row row_space=&#8221;remove_padding_top&#8221;][vc_column width=&#8221;1\/2&#8243;][vc_column_text]<img loading=\"lazy\" decoding=\"async\" class=\"alignleft wp-image-18639 size-full\" src=\"https:\/\/soeurs-de-la-presentation-de-marie.org\/pom\/wp-content\/uploads\/2021\/02\/MR_red.jpg\" alt=\"\" width=\"1166\" height=\"771\">[\/vc_column_text][vc_empty_space height=&#8221;45px&#8221;][\/vc_column][vc_column width=&#8221;1\/2&#8243;][vc_empty_space height=&#8221;85px&#8221;][vc_custom_heading text=&#8221;MAR\u00cdA RIVIER,<br \/>\nUNA MUJER PARA NUESTRO TIEMPO&#8221; font_container=&#8221;tag:h2|font_size:32|text_align:left|color:%23e85c00&#8243; google_fonts=&#8221;font_family:Amarante%3Aregular|font_style:400%20regular%3A400%3Anormal&#8221;][\/vc_column][\/vc_row][vc_row row_space=&#8221;remove_padding_top&#8221;][vc_column][vc_custom_heading text=&#8221;Queridas Hermanas<br \/>\ny miembros de la Familia espiritual de Mar\u00eda Rivier,&#8221; font_container=&#8221;tag:h2|font_size:28|text_align:center|color:%23e86006&#8243; google_fonts=&#8221;font_family:Amarante%3Aregular|font_style:400%20regular%3A400%3Anormal&#8221;][vc_custom_heading text=&#8221;\u00a1Feliz Fiesta de Mar\u00eda Rivier!&#8221; font_container=&#8221;tag:h2|font_size:40|text_align:center|color:%23e86209&#8243; google_fonts=&#8221;font_family:Amarante%3Aregular|font_style:400%20regular%3A400%3Anormal&#8221;][vc_column_text]<\/p>\n<p style=\"text-align: center;\">&nbsp;<\/p>\n<p style=\"text-align: center;\"><span style=\"color: #993300;\"><strong><em>Juntos<\/em><\/strong> celebremos,<\/span><\/p>\n<p style=\"text-align: center;\"><span style=\"color: #993300;\">na a\u00e7\u00e3o de gra\u00e7as e no louvor,<\/span><\/p>\n<p style=\"text-align: center;\"><span style=\"color: #993300;\"><strong><em>ESTA MULHER<\/em><\/strong> de cora\u00e7\u00e3o de fogo,<\/span><\/p>\n<p style=\"text-align: center;\"><span style=\"color: #993300;\"><strong><em>ESTA MULHER<\/em><\/strong> que nos convida a viver, como ela,<\/span><\/p>\n<p style=\"text-align: center;\"><span style=\"color: #993300;\"><em>um amor ardente por Jesus Cristo,<\/em><\/span><\/p>\n<p style=\"text-align: center;\"><span style=\"color: #993300;\"><em>a f\u00e9 no poder da ora\u00e7\u00e3o,<\/em><\/span><\/p>\n<p style=\"text-align: center;\"><span style=\"color: #993300;\"><em>a aud\u00e1cia apost\u00f3lica<\/em><\/span><\/p>\n<p style=\"text-align: center;\"><span style=\"color: #993300;\"><em>e a compaix\u00e3o em toda a ang\u00fastia.<\/em><\/span><\/p>\n<p style=\"text-align: center;\"><span style=\"color: #993300;\"><strong><em>&nbsp;&nbsp;&nbsp;&nbsp; ESTA MULHER <\/em><\/strong><em>que<\/em> nos convida a ser, no seu seguimento,<\/span><\/p>\n<p style=\"text-align: center;\"><span style=\"color: #993300;\">um \u00abEvangelho<em> aberto<\/em>\u00bb<\/span><\/p>\n<p style=\"text-align: center;\"><span style=\"color: #993300;\">no nosso mundo de hoje!<\/span><\/p>\n<p style=\"text-align: center;\">&nbsp;<\/p>\n<p style=\"text-align: center;\"><span style=\"color: #993300;\"><strong><em>Juntos,<\/em><\/strong> continuamos a pedir com f\u00e9<\/span><\/p>\n<p style=\"text-align: center;\"><span style=\"color: #993300;\">&nbsp;pela intercess\u00e3o da Virgem Maria,<\/span><\/p>\n<p style=\"text-align: center;\"><span style=\"color: #993300;\">a gra\u00e7a da sua canoniza\u00e7\u00e3o<\/span><\/p>\n<p style=\"text-align: center;\"><span style=\"color: #993300;\">para a maior gl\u00f3ria de Deus.<\/span><\/p>\n<p style=\"text-align: center;\"><span style=\"color: #993300;\">\u00a1Juntos, vivamos este d\u00eda <\/span><br \/>\n<span style=\"color: #993300;\">con ALEGR\u00cdA y ESPERANZA !<\/span><\/p>\n<p>&nbsp;<\/p>\n<p style=\"text-align: left;\">&nbsp;<span style=\"color: #993300;\">Madre Maria dos Anjos Alves, pm<\/span><\/p>\n<p style=\"text-align: left;\"><span style=\"color: #993300;\">Superiora general,&nbsp;<\/span><\/p>\n<p style=\"text-align: left;\"><span style=\"color: #993300;\">los miembros del Consejo general <\/span><span style=\"color: #993300;\">y la comunidad de Castel. &nbsp;&nbsp;&nbsp;&nbsp;&nbsp;&nbsp;&nbsp;&nbsp;&nbsp;&nbsp;&nbsp;&nbsp;&nbsp;&nbsp;&nbsp;&nbsp;&nbsp;&nbsp;&nbsp;&nbsp;&nbsp;&nbsp;&nbsp;&nbsp;&nbsp;&nbsp;&nbsp;&nbsp;&nbsp;&nbsp;&nbsp;&nbsp;&nbsp;&nbsp;&nbsp;&nbsp;&nbsp;&nbsp;&nbsp;&nbsp;&nbsp;&nbsp;&nbsp;&nbsp;&nbsp;&nbsp;&nbsp;&nbsp;&nbsp;&nbsp;&nbsp;&nbsp;&nbsp;&nbsp;&nbsp;&nbsp;&nbsp;&nbsp;&nbsp;&nbsp;&nbsp;&nbsp;&nbsp;&nbsp;&nbsp;&nbsp;&nbsp;&nbsp;&nbsp;&nbsp;&nbsp;&nbsp;&nbsp;&nbsp;&nbsp;&nbsp;&nbsp;&nbsp;&nbsp;&nbsp;&nbsp;&nbsp;&nbsp;<\/span><\/p>\n<p style=\"text-align: center;\">&nbsp;<\/p>\n<p>[\/vc_column_text][\/vc_column][\/vc_row][vc_row][vc_column][vc_hoverbox image=&#8221;17266&#8243; primary_title=&#8221;\u00a1 Feliz fiesta de la Presentaci\u00f3n de Mar\u00eda, en este A\u00f1o de Acci\u00f3n de Gracias!&#8221; primary_title_font_container=&#8221;font_size:70|color:%23ffffff&#8221; primary_title_google_fonts=&#8221;font_family:Italianno%3Aregular|font_style:400%20regular%3A400%3Anormal&#8221; hover_title=&#8221;Mensaje&#8221; hover_title_font_container=&#8221;font_size:65|color:%23ffffff&#8221; hover_title_google_fonts=&#8221;font_family:Alex%20Brush%3Aregular|font_style:400%20regular%3A400%3Anormal&#8221; shape=&#8221;round&#8221; hover_background_color=&#8221;sky&#8221; use_custom_fonts_primary_title=&#8221;true&#8221; use_custom_fonts_hover_title=&#8221;true&#8221;][\/vc_hoverbox][vc_column_text]<\/p>\n<h3>Muy queridas hermanas&nbsp;:<\/h3>\n<p>Un tiempo nuevo comienza para nosotras, un tiempo de gratitud, que acogemos con una mirada de amor y de benevolencia. \u00a1Queremos vivirlo con dinamismo y creatividad, con sabidur\u00eda y apertura de coraz\u00f3n, rebosante de confianza y de compromiso!&nbsp;<\/p>\n<p>\u00a1Vivamos la belleza de nuestra vida consagrada, el Se\u00f1or es bello y bueno!<\/p>\n<ul>\n<li>&nbsp; &nbsp;\u00a1Alabado sea nuestro Dios, Tres veces Santo, lleno de ternura y de misericordia!o&nbsp;&nbsp;<\/li>\n<li>&nbsp;\u00a1Digamos a Jes\u00fas y a la Virgen Mar\u00eda cu\u00e1nto amamos a nuestra Fundadora, Mar\u00eda &nbsp;Rivier!o&nbsp;&nbsp;<\/li>\n<li>\u00a1Preparemos con amor, confianza y creatividad el 225 Aniversario de nuestra Fundaci\u00f3n!<\/li>\n<\/ul>\n<p><img loading=\"lazy\" decoding=\"async\" class=\"alignleft wp-image-17262 \" src=\"https:\/\/soeurs-de-la-presentation-de-marie.org\/pom\/wp-content\/uploads\/2020\/11\/iconos_PJ_Latam_virgen_maria-1.png\" alt=\"\" width=\"334\" height=\"334\">\u00a1De nuestras vidas entregadas &nbsp;brota un canto de alabanza, de gratitud, de acci\u00f3n de gracias! Alabado sea nuestro Dios por la Virgen Mar\u00eda, la Iglesia, nuestro mundo, Mar\u00eda &nbsp;Rivier, nuestra Congregaci\u00f3n, nuestras familias\u2026<\/p>\n<p>Atrev\u00e1monos a mirar nuestra vida, nuestra realidad diaria, con una mirada positiva, llena de esperanza y misericordia. Veremos a Dios actuando, a pesar de las apariencias y ambig\u00fcedades de la vida.<\/p>\n<p>\u00a1La acci\u00f3n de gracias, la alabanza es nuestro canto de esperanza y de &nbsp;belleza! &nbsp;A pesar de todo lo que est\u00e1 sucediendo en nuestro mundo, os &nbsp;invito a pasar este a\u00f1o en gratitud y bendici\u00f3n. \u00a1Que nadie termine el d\u00eda sin dar gracias por algo o alguien!<\/p>\n<p><strong>Jes\u00fas<\/strong> admiraba las aves del cielo, los lirios del campo; se maravillaba de la fe de las personas. Cultivemos un coraz\u00f3n puro y abierto, un coraz\u00f3n sencillo de mirada limpia &nbsp;y buena.<\/p>\n<p><strong>Mar\u00eda Rivier<\/strong> nos dice hoy: <em>Cada momento es un tesoro donde Dios ha depositado una infinidad de riquezas y delicias eternas.<\/em> Seamos personas de acci\u00f3n de gracias, seamos alabanza.&nbsp;<\/p>\n<p>\u00a1Que este <strong>A\u00f1o de Acci\u00f3n de Gracias<\/strong> d\u00e9 frutos de alegr\u00eda, misericordia y paz para mayor gloria de Dios y felicidad de todas y de todos! \u00a1Demos gracias al Se\u00f1or!<\/p>\n<p>Vivamos este a\u00f1o con la <strong>Virgen Mar\u00eda<\/strong>; <em>es para nosotras un lugar de oraci\u00f3n, &nbsp;nos vuelve hacia Dios, &nbsp;atrae en nosotras al Esp\u00edritu\u2026<\/em> C 76. <em>Es el modelo de nuestra consagraci\u00f3n. Somos hijas de Mar\u00eda, llamadas como ella a vivir en actitud de adoraci\u00f3n y de ofrenda ante Dios &nbsp;<\/em>C 11.<\/p>\n<p>&nbsp; &nbsp;<\/p>\n<p style=\"text-align: center;\">Madre Maria dos Anjos Alves, pm<\/p>\n<p style=\"text-align: center;\">Superiora general y las Consejeras generales<\/p>\n<p>&nbsp;<\/p>\n<p>Castel Gandolfo, 21 de noviembre de 2020[\/vc_column_text][vc_separator color=&#8221;sky&#8221; style=&#8221;shadow&#8221; el_width=&#8221;70&#8243;][\/vc_column][\/vc_row][vc_row][vc_column][\/vc_column][\/vc_row][vc_row][vc_column][vc_column_text]<\/p>\n<p style=\"text-align: center;\"><a href=\"https:\/\/soeurs-de-la-presentation-de-marie.org\/pom\/wp-content\/uploads\/2020\/05\/Message-final-Session-de-Formation-2019-ESPAGNOL-1.pdf\">Message final Session de Formation 2019 ESPAGNOL <\/a><\/p>\n<p style=\"text-align: center;\"><a href=\"https:\/\/soeurs-de-la-presentation-de-marie.org\/pom\/wp-content\/uploads\/2020\/03\/Noel-2019-voeux-A4-Es.pdf\">Noel 2019, voeux, A4 Es<\/a><\/p>\n<p>[\/vc_column_text][\/vc_column][\/vc_row]<\/p>\n<\/div>","protected":false},"excerpt":{"rendered":"<p>[vc_row row_space=&#8221;remove_padding_bottom&#8221;][vc_column][vc_custom_heading text=&#8221;La Superiora General es el lazo visible de las partes tan diversas del instituto, el signo de reuni\u00f3n de sus miembros en una sola y gran familia, la de Maria Rivier.&#8221; font_container=&#8221;tag:h2|font_size:50|text_align:center|color:%230098bf&#8221; google_fonts=&#8221;font_family:Italianno%3Aregular|font_style:400%20regular%3A400%3Anormal&#8221;][vc_separator color=&#8221;sky&#8221; style=&#8221;double&#8221; el_width=&#8221;90&#8243;][\/vc_column][\/vc_row][vc_row row_space=&#8221;remove_padding_top&#8221;][vc_column width=&#8221;1\/2&#8243;][vc_column_text]&nbsp; &nbsp; [\/vc_column_text][\/vc_column][vc_column width=&#8221;1\/2&#8243;][vc_empty_space height=&#8221;50px&#8221;][vc_custom_heading text=&#8221;Madre Maria dos Anjos Alves, pm&#8221; font_container=&#8221;tag:h2|font_size:43|text_align:center|color:%230066bf&#8221; google_fonts=&#8221;font_family:Alex%20Brush%3Aregular|font_style:400%20regular%3A400%3Anormal&#8221;][vc_custom_heading text=&#8221;Naci\u00f3 en 1950, [&hellip;]<\/p>\n","protected":false},"author":6,"featured_media":0,"parent":0,"menu_order":0,"comment_status":"closed","ping_status":"closed","template":"","meta":{"ngg_post_thumbnail":0,"footnotes":""},"lang":"es","translations":{"es":9017},"pll_sync_post":[],"_links":{"self":[{"href":"https:\/\/soeurs-de-la-presentation-de-marie.org\/pom\/wp-json\/wp\/v2\/pages\/9017"}],"collection":[{"href":"https:\/\/soeurs-de-la-presentation-de-marie.org\/pom\/wp-json\/wp\/v2\/pages"}],"about":[{"href":"https:\/\/soeurs-de-la-presentation-de-marie.org\/pom\/wp-json\/wp\/v2\/types\/page"}],"author":[{"embeddable":true,"href":"https:\/\/soeurs-de-la-presentation-de-marie.org\/pom\/wp-json\/wp\/v2\/users\/6"}],"replies":[{"embeddable":true,"href":"https:\/\/soeurs-de-la-presentation-de-marie.org\/pom\/wp-json\/wp\/v2\/comments?post=9017"}],"version-history":[{"count":35,"href":"https:\/\/soeurs-de-la-presentation-de-marie.org\/pom\/wp-json\/wp\/v2\/pages\/9017\/revisions"}],"predecessor-version":[{"id":29655,"href":"https:\/\/soeurs-de-la-presentation-de-marie.org\/pom\/wp-json\/wp\/v2\/pages\/9017\/revisions\/29655"}],"wp:attachment":[{"href":"https:\/\/soeurs-de-la-presentation-de-marie.org\/pom\/wp-json\/wp\/v2\/media?parent=9017"}],"curies":[{"name":"wp","href":"https:\/\/api.w.org\/{rel}","templated":true}]}}