{"id":9041,"date":"2019-08-04T16:06:05","date_gmt":"2019-08-04T14:06:05","guid":{"rendered":"http:\/\/soeurs-de-la-presentation-de-marie.org\/pom\/?page_id=9041"},"modified":"2020-05-24T21:50:44","modified_gmt":"2020-05-24T19:50:44","slug":"os-associados-maria-rivier","status":"publish","type":"page","link":"https:\/\/soeurs-de-la-presentation-de-marie.org\/pom\/os-associados-maria-rivier\/","title":{"rendered":"Os Associados Maria Rivier"},"content":{"rendered":"<div class=\"wpb-content-wrapper\"><p>[vc_row gap=&#8221;4&#8243; row_space=&#8221;remove_padding_top&#8221;][vc_column][vc_custom_heading text=&#8221;Associados Maria Rivier ( AMR )&#8221; font_container=&#8221;tag:h2|font_size:48|text_align:left|color:%230066bf&#8221; google_fonts=&#8221;font_family:Almendra%3Aregular%2Citalic%2C700%2C700italic|font_style:400%20regular%3A400%3Anormal&#8221;][vc_custom_heading text=&#8221;A presen\u00e7a e o compromisso dos Associados s\u00e3o uma realidade viva em toda a parte, e trazem muita alegria e esperan\u00e7a a todos. Os Associados fazem parte da nossa fam\u00edlia espiritual.<\/p>\n<p>Eles comprometem-se a viver uma vida de ora\u00e7\u00e3o mais profunda, a dar mais tempo \u00e0 adora\u00e7\u00e3o eucar\u00edstica, a escutar e partilhar a Palavra de Deus.<\/p>\n<p>S\u00e3o chamados a comprometerem-se sempre mais na miss\u00e3o apost\u00f3lica que \u00e9 a nossa, ao servi\u00e7o da Igreja no mundo para fazer conhecer e amar Jesus Cristo, assim como a Bem-aventurada Virgem Maria e a nossa Bem-aventurada Fundadora.&#8221; font_container=&#8221;tag:h2|font_size:20|text_align:left|color:%231871bf&#8221; google_fonts=&#8221;font_family:Alike%20Angular%3Aregular|font_style:400%20regular%3A400%3Anormal&#8221;][\/vc_column][\/vc_row][vc_row gap=&#8221;4&#8243; row_space=&#8221;remove_padding_top&#8221;][vc_column width=&#8221;1\/4&#8243;][vc_column_text]<img loading=\"lazy\" decoding=\"async\" class=\"alignleft wp-image-12324\" src=\"https:\/\/soeurs-de-la-presentation-de-marie.org\/pom\/wp-content\/uploads\/2020\/03\/AssociationLogo.jpg\" alt=\"\" width=\"240\" height=\"281\">[\/vc_column_text][\/vc_column][vc_column width=&#8221;3\/4&#8243;][vc_custom_heading text=&#8221;S\u00e3o estas experi\u00eancias que nos permitem crescer na heran\u00e7a espiritual de Maria Rivier:&#8221; font_container=&#8221;tag:h2|font_size:26|text_align:left|color:%230066bf&#8221; google_fonts=&#8221;font_family:Alice%3Aregular|font_style:400%20regular%3A400%3Anormal&#8221;][vc_column_text]<\/p>\n<ul>\n<li>Leitura das biografias de Maria Rivier: quanto mais aprendo a conhecer Maria Rivier, mais me prendo a Jesus Cristo&nbsp;: os textos sobre Maria Rivier que lemos nos nossos encontros, os coment\u00e1rios e a partilha com a irm\u00e3 que anima os nossos encontros, a abertura e o sentido da partilha crescem gra\u00e7as aos nossos encontros de Associados.<\/li>\n<li>&nbsp;\u201cfazer conhecer e amar Jesus-Cristo.\u201d<\/li>\n<li>&nbsp;Os nossos encontros e a partilha em pequeno grupo, das nossas&nbsp; experi\u00eancias, d\u00e1-me a for\u00e7a de partilhar as minhas alegrias e tristezas e de voltar para casa com mais confian\u00e7a.<\/li>\n<li>&nbsp;Participa\u00e7\u00e3o na reuni\u00e3o internacional dos Associados.<\/li>\n<li>&nbsp;As novenas e a participa\u00e7\u00e3o na ora\u00e7\u00e3o comunit\u00e1ria das irm\u00e3s. Os tempos de adora\u00e7\u00e3o, o ter\u00e7o, as recole\u00e7\u00f5es e os retiros de grupo.<\/li>\n<li>&nbsp;Os encontros e a partilha a n\u00edvel provincial, a participa\u00e7\u00e3o nas festas de fam\u00edlia&nbsp;: festa de Maria Rivier, Apresenta\u00e7\u00e3o de Maria, as peregrina\u00e7\u00f5es aos santu\u00e1rios de Nossa Senhora, a celebra\u00e7\u00e3o dos votos perp\u00e9tuos das nossas jovens irm\u00e3s.<\/li>\n<\/ul>\n<p>[\/vc_column_text][\/vc_column][\/vc_row][vc_row row_space=&#8221;remove_padding_top&#8221;][vc_column][vc_custom_heading text=&#8221;Como Maria Rivier: ser um evangelho aberto, onde todos possam ler Jesus Cristo!<br \/>\n&#8211; Beata Maria Rivier -&#8221; font_container=&#8221;tag:h2|font_size:36|text_align:center|color:%230066bf&#8221; google_fonts=&#8221;font_family:Alex%20Brush%3Aregular|font_style:400%20regular%3A400%3Anormal&#8221;][\/vc_column][\/vc_row]<\/p>\n<\/div>","protected":false},"excerpt":{"rendered":"<p>[vc_row gap=&#8221;4&#8243; row_space=&#8221;remove_padding_top&#8221;][vc_column][vc_custom_heading text=&#8221;Associados Maria Rivier ( AMR )&#8221; font_container=&#8221;tag:h2|font_size:48|text_align:left|color:%230066bf&#8221; google_fonts=&#8221;font_family:Almendra%3Aregular%2Citalic%2C700%2C700italic|font_style:400%20regular%3A400%3Anormal&#8221;][vc_custom_heading text=&#8221;A presen\u00e7a e o compromisso dos Associados s\u00e3o uma realidade viva em toda a parte, e trazem muita alegria e esperan\u00e7a a todos. Os Associados fazem parte da nossa fam\u00edlia espiritual. Eles comprometem-se a viver uma vida de ora\u00e7\u00e3o mais profunda, a dar mais [&hellip;]<\/p>\n","protected":false},"author":6,"featured_media":0,"parent":0,"menu_order":0,"comment_status":"closed","ping_status":"closed","template":"","meta":{"ngg_post_thumbnail":0,"footnotes":""},"lang":"pt","translations":{"pt":9041},"pll_sync_post":[],"_links":{"self":[{"href":"https:\/\/soeurs-de-la-presentation-de-marie.org\/pom\/wp-json\/wp\/v2\/pages\/9041"}],"collection":[{"href":"https:\/\/soeurs-de-la-presentation-de-marie.org\/pom\/wp-json\/wp\/v2\/pages"}],"about":[{"href":"https:\/\/soeurs-de-la-presentation-de-marie.org\/pom\/wp-json\/wp\/v2\/types\/page"}],"author":[{"embeddable":true,"href":"https:\/\/soeurs-de-la-presentation-de-marie.org\/pom\/wp-json\/wp\/v2\/users\/6"}],"replies":[{"embeddable":true,"href":"https:\/\/soeurs-de-la-presentation-de-marie.org\/pom\/wp-json\/wp\/v2\/comments?post=9041"}],"version-history":[{"count":4,"href":"https:\/\/soeurs-de-la-presentation-de-marie.org\/pom\/wp-json\/wp\/v2\/pages\/9041\/revisions"}],"predecessor-version":[{"id":13910,"href":"https:\/\/soeurs-de-la-presentation-de-marie.org\/pom\/wp-json\/wp\/v2\/pages\/9041\/revisions\/13910"}],"wp:attachment":[{"href":"https:\/\/soeurs-de-la-presentation-de-marie.org\/pom\/wp-json\/wp\/v2\/media?parent=9041"}],"curies":[{"name":"wp","href":"https:\/\/api.w.org\/{rel}","templated":true}]}}