{"id":9053,"date":"2019-08-04T17:25:42","date_gmt":"2019-08-04T15:25:42","guid":{"rendered":"http:\/\/soeurs-de-la-presentation-de-marie.org\/pom\/?page_id=9053"},"modified":"2020-04-21T22:29:47","modified_gmt":"2020-04-21T20:29:47","slug":"os-leigos-consagrados","status":"publish","type":"page","link":"https:\/\/soeurs-de-la-presentation-de-marie.org\/pom\/os-leigos-consagrados\/","title":{"rendered":"Os Leigos Consagrados"},"content":{"rendered":"<div class=\"wpb-content-wrapper\"><p>[vc_row row_space=&#8221;remove_padding_bottom&#8221;][vc_column][vc_custom_heading text=&#8221;A caridade impele-nos a revelar \u00e0queles que nos interrogam1<br \/>\na esperan\u00e7a que nos habita.&#8221; font_container=&#8221;tag:h1|font_size:50|text_align:center|color:%230073d8&#8243; google_fonts=&#8221;font_family:Italianno%3Aregular|font_style:400%20regular%3A400%3Anormal&#8221;][\/vc_column][\/vc_row][vc_row row_space=&#8221;remove_padding_top&#8221;][vc_column][vc_column_text]&nbsp;<\/p>\n<p>&nbsp;<\/p>\n<p><strong><img loading=\"lazy\" decoding=\"async\" class=\"alignleft wp-image-9137 \" src=\"https:\/\/soeurs-de-la-presentation-de-marie.org\/pom\/wp-content\/uploads\/2019\/08\/HEADER_LAY-CONSECRATED_ED01-1-750x510.jpg\" alt=\"\" width=\"441\" height=\"300\">&nbsp;<\/strong><strong>Na Fam\u00edlia espiritual da Apresenta\u00e7\u00e3o de Maria<\/strong><\/p>\n<p>Depois de um tempo de forma\u00e7\u00e3o, aqueles e aquelas que desejam comprometer-se como leigos consagrados podem assumir um compromisso por um voto privado de castidade vivido no celibato.<\/p>\n<p>&nbsp;<\/p>\n<p><strong>Discernimento do chamamento <\/strong><\/p>\n<p>Num di\u00e1logo aberto, a formadora ajuda a pessoa a discernir os caminhos do Esp\u00edrito Santo na sua vida e na sua caminhada e a responder aos seus apelos.[\/vc_column_text][\/vc_column][\/vc_row]<\/p>\n<\/div>","protected":false},"excerpt":{"rendered":"<p>[vc_row row_space=&#8221;remove_padding_bottom&#8221;][vc_column][vc_custom_heading text=&#8221;A caridade impele-nos a revelar \u00e0queles que nos interrogam1 a esperan\u00e7a que nos habita.&#8221; font_container=&#8221;tag:h1|font_size:50|text_align:center|color:%230073d8&#8243; google_fonts=&#8221;font_family:Italianno%3Aregular|font_style:400%20regular%3A400%3Anormal&#8221;][\/vc_column][\/vc_row][vc_row row_space=&#8221;remove_padding_top&#8221;][vc_column][vc_column_text]&nbsp; &nbsp; &nbsp;Na Fam\u00edlia espiritual da Apresenta\u00e7\u00e3o de Maria Depois de um tempo de forma\u00e7\u00e3o, aqueles e aquelas que desejam comprometer-se como leigos consagrados podem assumir um compromisso por um voto privado de castidade vivido no celibato. [&hellip;]<\/p>\n","protected":false},"author":6,"featured_media":0,"parent":0,"menu_order":0,"comment_status":"closed","ping_status":"closed","template":"","meta":{"ngg_post_thumbnail":0,"footnotes":""},"lang":"pt","translations":{"pt":9053},"pll_sync_post":[],"_links":{"self":[{"href":"https:\/\/soeurs-de-la-presentation-de-marie.org\/pom\/wp-json\/wp\/v2\/pages\/9053"}],"collection":[{"href":"https:\/\/soeurs-de-la-presentation-de-marie.org\/pom\/wp-json\/wp\/v2\/pages"}],"about":[{"href":"https:\/\/soeurs-de-la-presentation-de-marie.org\/pom\/wp-json\/wp\/v2\/types\/page"}],"author":[{"embeddable":true,"href":"https:\/\/soeurs-de-la-presentation-de-marie.org\/pom\/wp-json\/wp\/v2\/users\/6"}],"replies":[{"embeddable":true,"href":"https:\/\/soeurs-de-la-presentation-de-marie.org\/pom\/wp-json\/wp\/v2\/comments?post=9053"}],"version-history":[{"count":4,"href":"https:\/\/soeurs-de-la-presentation-de-marie.org\/pom\/wp-json\/wp\/v2\/pages\/9053\/revisions"}],"predecessor-version":[{"id":13057,"href":"https:\/\/soeurs-de-la-presentation-de-marie.org\/pom\/wp-json\/wp\/v2\/pages\/9053\/revisions\/13057"}],"wp:attachment":[{"href":"https:\/\/soeurs-de-la-presentation-de-marie.org\/pom\/wp-json\/wp\/v2\/media?parent=9053"}],"curies":[{"name":"wp","href":"https:\/\/api.w.org\/{rel}","templated":true}]}}